{"id":80759,"date":"2023-12-15T11:25:23","date_gmt":"2023-12-15T10:25:23","guid":{"rendered":"https:\/\/www.bilbaodendak.eus\/listado-rutas-y-planes\/mercado-de-la-ribera\/"},"modified":"2025-02-20T10:00:15","modified_gmt":"2025-02-20T09:00:15","slug":"marche-de-la-ribera","status":"publish","type":"rutas-y-planes","link":"https:\/\/www.bilbaodendak.eus\/fr\/filtrado-rutas-y-planes\/marche-de-la-ribera\/","title":{"rendered":"Les courses au March\u00e9 de la Ribera"},"content":{"rendered":"\n<h2 class=\"wp-block-heading\" style=\"font-size:25px;font-style:normal;font-weight:700\">Le Mercado de la Ribera se r\u00e9invente<\/h2>\n\n\n\n<h3 class=\"wp-block-heading has-medium-font-size\"><p style=\"font-weight: 400;\">Vous pouvez y faire vos achats, par type de produit ou par stand, et recevoir vos courses directement chez vous <a href=\"http:\/\/www.lariberaonline.com\/\" rel=\"nofollow noopener\" target=\"_blank\">www.lariberaonline.com<\/a><\/p><\/h3>\n\n\n\n<p class=\"has-normal-font-size\">Du march\u00e9 \u00e0 votre cuisine.<\/p>\n\n\n\n<p>Le\u00a0<a href=\"https:\/\/www.bilbaodendak.eus\/comercios\/mercado-de-la-ribera\/\">Mercado de La Ribera<\/a>\u00a0a su conserver son essence et sa personnalit\u00e9 au cours d\u2019une histoire longue de plusieurs si\u00e8cles.<\/p>\n\n\n\n<p>Il est particuli\u00e8rement appr\u00e9ci\u00e9 pour la\u00a0<strong>qualit\u00e9, la vari\u00e9t\u00e9, et la fra\u00eecheur<\/strong>\u00a0des produits qui y sont vendus.\u00a0Si vous aimez la cuisine traditionnelle et riche en saveurs, vous y trouverez tous les ingr\u00e9dients de notre terroir et de notre littoral pour r\u00e9ussir\u00a0<strong>les recettes traditionnelles de la cuisine basque<\/strong>\u00a0: l\u00e9gumes des mara\u00eechers de Biscaye, poissons arriv\u00e9s directement du port, viande d\u2019animaux bichonn\u00e9s par nos \u00e9leveurs&#8230; le summum de la qualit\u00e9\u2009!<\/p>\n\n\n\n<p>Vous y trouverez \u00e9galement du pain artisanal, de superbes fruits, des champignons, des condiments, des conserves&#8230; le choix est pl\u00e9thorique\u2009!<\/p>\n\n\n\n<div class=\"wp-block-columns is-layout-flex wp-container-core-columns-is-layout-28f84493 wp-block-columns-is-layout-flex\">\n<div class=\"wp-block-column is-layout-flow wp-block-column-is-layout-flow\" style=\"flex-basis:100%\">\n<div class=\"wp-block-group is-layout-flow wp-block-group-is-layout-flow\">\n<div class=\"wp-block-columns is-layout-flex wp-container-core-columns-is-layout-28f84493 wp-block-columns-is-layout-flex\">\n<div class=\"wp-block-column is-layout-flow wp-block-column-is-layout-flow\" style=\"flex-basis:100%\">\n<figure class=\"wp-block-embed aligncenter is-type-video is-provider-youtube wp-block-embed-youtube wp-embed-aspect-16-9 wp-has-aspect-ratio\"><div class=\"wp-block-embed__wrapper\">\n<iframe title=\"El Mercado de La Ribera estrena tienda online\" width=\"800\" height=\"450\" src=\"https:\/\/www.youtube.com\/embed\/sZCFjGRZzbI?feature=oembed\" frameborder=\"0\" allow=\"accelerometer; autoplay; clipboard-write; encrypted-media; gyroscope; picture-in-picture; web-share\" allowfullscreen><\/iframe>\n<\/div><\/figure>\n<\/div>\n<\/div>\n<\/div>\n<\/div>\n<\/div>\n\n\n\n<figure class=\"wp-block-embed is-type-video is-provider-youtube wp-block-embed-youtube wp-embed-aspect-16-9 wp-has-aspect-ratio\"><div class=\"wp-block-embed__wrapper\">\n<iframe title=\"De compras al Mercado de la Ribera\" width=\"800\" height=\"450\" src=\"https:\/\/www.youtube.com\/embed\/LHMlmrrq9jQ?feature=oembed\" frameborder=\"0\" allow=\"accelerometer; autoplay; clipboard-write; encrypted-media; gyroscope; picture-in-picture; web-share\" allowfullscreen><\/iframe>\n<\/div><\/figure>\n","protected":false},"excerpt":{"rendered":"<p>Le Mercado de la Ribera se r\u00e9invente. Il s\u2019est dot\u00e9 d\u2019un site Web de vente en ligne sur lequel vous pouvez maintenant faire vos achats.<\/p>\n","protected":false},"featured_media":61077,"template":"","meta":[],"destacado":[],"tipo":[810],"tematica":[798],"class_list":["post-80759","rutas-y-planes","type-rutas-y-planes","status-publish","has-post-thumbnail","hentry","tipo-plans","tematica-achats"],"_links":{"self":[{"href":"https:\/\/www.bilbaodendak.eus\/fr\/wp-json\/wp\/v2\/rutas-y-planes\/80759","targetHints":{"allow":["GET"]}}],"collection":[{"href":"https:\/\/www.bilbaodendak.eus\/fr\/wp-json\/wp\/v2\/rutas-y-planes"}],"about":[{"href":"https:\/\/www.bilbaodendak.eus\/fr\/wp-json\/wp\/v2\/types\/rutas-y-planes"}],"wp:featuredmedia":[{"embeddable":true,"href":"https:\/\/www.bilbaodendak.eus\/fr\/wp-json\/wp\/v2\/media\/61077"}],"wp:attachment":[{"href":"https:\/\/www.bilbaodendak.eus\/fr\/wp-json\/wp\/v2\/media?parent=80759"}],"wp:term":[{"taxonomy":"destacado","embeddable":true,"href":"https:\/\/www.bilbaodendak.eus\/fr\/wp-json\/wp\/v2\/destacado?post=80759"},{"taxonomy":"tipo","embeddable":true,"href":"https:\/\/www.bilbaodendak.eus\/fr\/wp-json\/wp\/v2\/tipo?post=80759"},{"taxonomy":"tematica","embeddable":true,"href":"https:\/\/www.bilbaodendak.eus\/fr\/wp-json\/wp\/v2\/tematica?post=80759"}],"curies":[{"name":"wp","href":"https:\/\/api.w.org\/{rel}","templated":true}]}}

Les courses au Marché de la Ribera

<h2 class="wp-block-heading" style="font-size:25px;font-style:normal;font-weight:700">Le Mercado de la Ribera se réinvente</h2>



<h3 class="wp-block-heading has-medium-font-size"><p style="font-weight: 400;">Vous pouvez y faire vos achats, par type de produit ou par stand, et recevoir vos courses directement chez vous <a href="http://www.lariberaonline.com/" rel="nofollow noopener" target="_blank">www.lariberaonline.com</a></p></h3>



<p class="has-normal-font-size">Du marché à votre cuisine.</p>



<p>Le <a href="https://www.bilbaodendak.eus/comercios/mercado-de-la-ribera/">Mercado de La Ribera</a> a su conserver son essence et sa personnalité au cours d’une histoire longue de plusieurs siècles.</p>



<p>Il est particulièrement apprécié pour la <strong>qualité, la variété, et la fraîcheur</strong> des produits qui y sont vendus. Si vous aimez la cuisine traditionnelle et riche en saveurs, vous y trouverez tous les ingrédients de notre terroir et de notre littoral pour réussir <strong>les recettes traditionnelles de la cuisine basque</strong> : légumes des maraîchers de Biscaye, poissons arrivés directement du port, viande d’animaux bichonnés par nos éleveurs&#8230; le summum de la qualité !</p>



<p>Vous y trouverez également du pain artisanal, de superbes fruits, des champignons, des condiments, des conserves&#8230; le choix est pléthorique !</p>



<div class="wp-block-columns is-layout-flex wp-container-core-columns-is-layout-28f84493 wp-block-columns-is-layout-flex">
<div class="wp-block-column is-layout-flow wp-block-column-is-layout-flow" style="flex-basis:100%">
<div class="wp-block-group is-layout-flow wp-block-group-is-layout-flow">
<div class="wp-block-columns is-layout-flex wp-container-core-columns-is-layout-28f84493 wp-block-columns-is-layout-flex">
<div class="wp-block-column is-layout-flow wp-block-column-is-layout-flow" style="flex-basis:100%">
<figure class="wp-block-embed aligncenter is-type-video is-provider-youtube wp-block-embed-youtube wp-embed-aspect-16-9 wp-has-aspect-ratio"><div class="wp-block-embed__wrapper">
<iframe title="El Mercado de La Ribera estrena tienda online" width="800" height="450" src="https://www.youtube.com/embed/sZCFjGRZzbI?feature=oembed" frameborder="0" allow="accelerometer; autoplay; clipboard-write; encrypted-media; gyroscope; picture-in-picture; web-share" allowfullscreen></iframe>
</div></figure>
</div>
</div>
</div>
</div>
</div>



<figure class="wp-block-embed is-type-video is-provider-youtube wp-block-embed-youtube wp-embed-aspect-16-9 wp-has-aspect-ratio"><div class="wp-block-embed__wrapper">
<iframe title="De compras al Mercado de la Ribera" width="800" height="450" src="https://www.youtube.com/embed/LHMlmrrq9jQ?feature=oembed" frameborder="0" allow="accelerometer; autoplay; clipboard-write; encrypted-media; gyroscope; picture-in-picture; web-share" allowfullscreen></iframe>
</div></figure>

<p>Le Mercado de la Ribera se réinvente. Il s’est doté d’un site Web de vente en ligne sur lequel vous pouvez maintenant faire vos achats.</p>
