{"id":80721,"date":"2023-12-07T10:51:26","date_gmt":"2023-12-07T09:51:26","guid":{"rendered":"https:\/\/www.bilbaodendak.eus\/listado-rutas-y-planes\/healthy\/"},"modified":"2025-03-20T12:22:17","modified_gmt":"2025-03-20T11:22:17","slug":"healthy","status":"publish","type":"rutas-y-planes","link":"https:\/\/www.bilbaodendak.eus\/fr\/filtrado-rutas-y-planes\/healthy\/","title":{"rendered":"Une vie saine"},"content":{"rendered":"\n<h2 class=\"wp-block-heading\" style=\"font-size:25px;font-style:normal;font-weight:700\"><strong>Prendre soin de soi et mener une vie saine, c\u2019est tellement important\u2009!\u00a0<\/strong><img decoding=\"async\" height=\"16\" width=\"16\" src=\"https:\/\/static.xx.fbcdn.net\/images\/emoji.php\/v9\/ted\/2\/16\/2764.png\" alt=\"\u2764\ufe0f\"><\/h2>\n\n\n\n<h3 class=\"wp-block-heading has-medium-font-size\">Parfaitement conscients de cela, nos commer\u00e7ants nous aident \u00e0 trouver \u00e0 tout moment ce qu\u2019il y a de mieux pour nous et ce dont nous avons vraiment besoin.<\/h3>\n\n\n\n<p>Nous vous proposons cet itin\u00e9raire sant\u00e9 pour prendre soin de vous et vous chouchouter, int\u00e9rieurement et ext\u00e9rieurement. Des \u00e9quipements sportifs, des techniques d\u2019\u00e9tirement exclusives, une mode durable, et des lits et des matelas pour vous reposer et r\u00e9cup\u00e9rer apr\u00e8s toutes ces activit\u00e9s. Rien n\u2019est plus important que la sant\u00e9.<\/p>\n\n\n\n<div class=\"wp-block-media-text alignwide is-stacked-on-mobile\"><figure class=\"wp-block-media-text__media\"><a href=\"https:\/\/www.bilbaodendak.eus\/fr\/comercios\/forum-sport\/\"><img fetchpriority=\"high\" decoding=\"async\" width=\"567\" height=\"438\" src=\"https:\/\/www.bilbaodendak.eus\/wp-content\/uploads\/2020\/12\/Forum-Sport-Moyua.png\" alt=\"Forum Sport en Bilbao\" class=\"wp-image-48189 size-full\" srcset=\"https:\/\/www.bilbaodendak.eus\/wp-content\/uploads\/2020\/12\/Forum-Sport-Moyua.png 567w, https:\/\/www.bilbaodendak.eus\/wp-content\/uploads\/2020\/12\/Forum-Sport-Moyua-300x232.png 300w\" sizes=\"(max-width: 567px) 100vw, 567px\" \/><\/a><\/figure><div class=\"wp-block-media-text__content\">\n<h4 class=\"wp-block-heading has-vivid-red-color has-text-color has-medium-font-size\"><strong><strong>Forum Sport\u00a0: Unis par le sport<\/strong><\/strong><\/h4>\n\n\n\n<p>Le point de d\u00e9part de notre itin\u00e9raire se situe dans un de magasin\u00a0<a href=\"https:\/\/www.forumsport.com\/es-es\/\" target=\"_blank\" rel=\"noreferrer noopener nofollow\">Forum Sport<\/a>,\u00a0l\u2019une des principales entreprises sp\u00e9cialis\u00e9es dans la vente\u00a0<strong>d\u2019accessoires de sport<\/strong>. Tous leurs magasins sont divis\u00e9s en rayons sp\u00e9cialis\u00e9s o\u00f9 l\u2019on trouve une vaste gamme de produits aux meilleurs prix.\u00a0Ici, on sait que\u00a0<strong>derri\u00e8re chaque sportif, il y a une histoire<\/strong>\u00a0de vie li\u00e9e au sport. Et ces diff\u00e9rentes histoires sont autant de sources d\u2019inspiration pour offrir aux clients les articles des plus grandes marques aux meilleurs prix.\u00a0\u00a0<\/p>\n<\/div><\/div>\n\n\n\n<div style=\"height:28px\" aria-hidden=\"true\" class=\"wp-block-spacer\"><\/div>\n\n\n\n<div class=\"wp-block-media-text alignwide is-stacked-on-mobile\"><figure class=\"wp-block-media-text__media\"><a href=\"https:\/\/www.bilbaodendak.eus\/comercios\/gyrotonic-studio-jado\/\"><img decoding=\"async\" width=\"1024\" height=\"683\" src=\"https:\/\/www.bilbaodendak.eus\/wp-content\/uploads\/2020\/12\/3374-Mugendo-Indautxu-1-1024x683.jpg\" alt=\"Mugendo Indautxu\" class=\"wp-image-35897 size-full\" srcset=\"https:\/\/www.bilbaodendak.eus\/wp-content\/uploads\/2020\/12\/3374-Mugendo-Indautxu-1-1024x683.jpg 1024w, https:\/\/www.bilbaodendak.eus\/wp-content\/uploads\/2020\/12\/3374-Mugendo-Indautxu-1-300x200.jpg 300w, https:\/\/www.bilbaodendak.eus\/wp-content\/uploads\/2020\/12\/3374-Mugendo-Indautxu-1-768x512.jpg 768w, https:\/\/www.bilbaodendak.eus\/wp-content\/uploads\/2020\/12\/3374-Mugendo-Indautxu-1.jpg 1500w\" sizes=\"(max-width: 1024px) 100vw, 1024px\" \/><\/a><\/figure><div class=\"wp-block-media-text__content\">\n<h4 class=\"wp-block-heading has-vivid-red-color has-text-color has-medium-font-size\"><strong><strong>Mugendo\u00a0: Un lieu pour vous d\u00e9stresser<\/strong><\/strong><\/h4>\n\n\n\n<p>Le\u00a0<a href=\"https:\/\/www.mugendoeuskadi.com\/\" target=\"_blank\" rel=\"noreferrer noopener nofollow\">Mugendo<\/a>\u00a0est un art martial qui fait intervenir des techniques de jambes, de boxe, et d\u2019autod\u00e9fense.\u00a0Dans l\u2019\u00e9cole d\u2019Indautxu, vous d\u00e9couvrirez une fa\u00e7on diff\u00e9rente de d\u00e9velopper\u00a0<strong>vitesse, souplesse, puissance et coordination<\/strong>.\u00a0On vous y enseignera un v\u00e9ritable art martial dans un environnement s\u00e9curis\u00e9, ludique, et passionnant. Chez Mugendo, on souhaite avant tout offrir aux \u00e9l\u00e8ves un lieu o\u00f9 ils pourront se relaxer et \u00e9liminer le stress. Il existe \u00e9galement deux autres centres\u00a0<a href=\"https:\/\/www.bilbaodendak.eus\/?s=mugendo&amp;lang=es\" target=\"_blank\" rel=\"noreferrer noopener\">\u00e0 Bilbao<\/a>.<\/p>\n<\/div><\/div>\n\n\n\n<div style=\"height:25px\" aria-hidden=\"true\" class=\"wp-block-spacer\"><\/div>\n\n\n\n<div class=\"wp-block-media-text alignwide is-stacked-on-mobile\"><figure class=\"wp-block-media-text__media\"><img loading=\"lazy\" decoding=\"async\" width=\"1024\" height=\"760\" src=\"https:\/\/www.bilbaodendak.eus\/wp-content\/uploads\/2020\/12\/4944-Medical-Albia-2-1024x760.jpg\" alt=\"Medical Albia. Espacio healthy\" class=\"wp-image-36039 size-full\" srcset=\"https:\/\/www.bilbaodendak.eus\/wp-content\/uploads\/2020\/12\/4944-Medical-Albia-2-1024x760.jpg 1024w, https:\/\/www.bilbaodendak.eus\/wp-content\/uploads\/2020\/12\/4944-Medical-Albia-2-300x223.jpg 300w, https:\/\/www.bilbaodendak.eus\/wp-content\/uploads\/2020\/12\/4944-Medical-Albia-2-768x570.jpg 768w, https:\/\/www.bilbaodendak.eus\/wp-content\/uploads\/2020\/12\/4944-Medical-Albia-2.jpg 1347w\" sizes=\"(max-width: 1024px) 100vw, 1024px\" \/><\/figure><div class=\"wp-block-media-text__content\">\n<h4 class=\"wp-block-heading has-vivid-red-color has-text-color has-medium-font-size\"><strong>Medical Albia\u00a0: Pour am\u00e9liorer votre sant\u00e9 et vos performances<\/strong><\/h4>\n\n\n\n<p><a href=\"https:\/\/www.medicalalbia.com\/\" target=\"_blank\" rel=\"noreferrer noopener nofollow\">Medical Albia<\/a>\u00a0est un\u00a0<strong>centre m\u00e9dical sp\u00e9cialis\u00e9 dans la physioth\u00e9rapie, le traitement des blessures, le rajeunissement, les soins laser, la di\u00e9t\u00e9tique<\/strong>\u00a0et d\u2019autres techniques avanc\u00e9es. Encadr\u00e9 par le docteur Gonzalo Villadangos Alonso, le personnel m\u00e9dical utilise les m\u00e9thodes les plus modernes et les traitements les plus innovants.\u00a0Le centre\u00a0compte\u00a0deux m\u00e9decins sp\u00e9cialis\u00e9s dans l\u2019utilisation de l\u2019activit\u00e9 physique pour am\u00e9liorer la sant\u00e9 et accro\u00eetre les performances. Ils ont recours \u00e0 des techniques comme le gyrotonic, la gyrokinesis, les pilates, les techniques d\u2019\u00e9tirement complets et les exercices abdominaux hypopressifs, ainsi qu\u2019\u00e0 des appareils m\u00e9dicaux supervis\u00e9s par un personnel sp\u00e9cialement form\u00e9.<\/p>\n<\/div><\/div>\n\n\n\n<div class=\"wp-block-media-text alignwide is-stacked-on-mobile\"><figure class=\"wp-block-media-text__media\"><a href=\"https:\/\/www.bilbaodendak.eus\/fr\/comercios\/colchoneria-miluna-flex-santutxu\/\"><img loading=\"lazy\" decoding=\"async\" width=\"1024\" height=\"768\" src=\"https:\/\/www.bilbaodendak.eus\/wp-content\/uploads\/2020\/12\/FOTO-MILUNA-FLEX-SANTUTXU-1024x768.jpg\" alt=\"\" class=\"wp-image-28614 size-full\" srcset=\"https:\/\/www.bilbaodendak.eus\/wp-content\/uploads\/2020\/12\/FOTO-MILUNA-FLEX-SANTUTXU-1024x768.jpg 1024w, https:\/\/www.bilbaodendak.eus\/wp-content\/uploads\/2020\/12\/FOTO-MILUNA-FLEX-SANTUTXU-300x225.jpg 300w, https:\/\/www.bilbaodendak.eus\/wp-content\/uploads\/2020\/12\/FOTO-MILUNA-FLEX-SANTUTXU-768x576.jpg 768w, https:\/\/www.bilbaodendak.eus\/wp-content\/uploads\/2020\/12\/FOTO-MILUNA-FLEX-SANTUTXU-1536x1152.jpg 1536w, https:\/\/www.bilbaodendak.eus\/wp-content\/uploads\/2020\/12\/FOTO-MILUNA-FLEX-SANTUTXU.jpg 2016w\" sizes=\"(max-width: 1024px) 100vw, 1024px\" \/><\/a><\/figure><div class=\"wp-block-media-text__content\">\n<h4 class=\"wp-block-heading has-vivid-red-color has-text-color has-medium-font-size\"><strong>Colchoner\u00eda Miluna Flex\u00a0: Le repos absolu<\/strong><\/h4>\n\n\n\n<p>Bien choisir son matelas pour profiter d\u2019un repos parfaitement adapt\u00e9 \u00e0 nos besoins est essentiel pour notre bien-\u00eatre et notre sant\u00e9.\u00a0Depuis plus de 12\u00a0ans,\u00a0<a href=\"https:\/\/www.colchoneriasmiluna.com\/\" target=\"_blank\" rel=\"noreferrer noopener nofollow\">Colchoner\u00eda Miluna<\/a>\u00a0prend soin de nous. Avec 3\u00a0boutiques dans notre ville, c\u2019est l\u2019un des\u00a0<strong>sp\u00e9cialistes\u00a0<\/strong>qui offre le plus grand choix de literie.<\/p>\n<\/div><\/div>\n\n\n\n<div style=\"height:23px\" aria-hidden=\"true\" class=\"wp-block-spacer\"><\/div>\n\n\n\n<div class=\"wp-block-media-text alignwide is-stacked-on-mobile\"><figure class=\"wp-block-media-text__media\"><a href=\"https:\/\/www.bilbaodendak.eus\/fr\/comercios\/moiqut\/\"><img loading=\"lazy\" decoding=\"async\" width=\"1024\" height=\"683\" src=\"https:\/\/www.bilbaodendak.eus\/wp-content\/uploads\/2021\/01\/6734-moiqut-02-1024x683.jpg\" alt=\"\" class=\"wp-image-17697 size-full\" srcset=\"https:\/\/www.bilbaodendak.eus\/wp-content\/uploads\/2021\/01\/6734-moiqut-02-1024x683.jpg 1024w, https:\/\/www.bilbaodendak.eus\/wp-content\/uploads\/2021\/01\/6734-moiqut-02-300x200.jpg 300w, https:\/\/www.bilbaodendak.eus\/wp-content\/uploads\/2021\/01\/6734-moiqut-02-768x512.jpg 768w, https:\/\/www.bilbaodendak.eus\/wp-content\/uploads\/2021\/01\/6734-moiqut-02.jpg 1500w\" sizes=\"(max-width: 1024px) 100vw, 1024px\" \/><\/a><\/figure><div class=\"wp-block-media-text__content\">\n<h4 class=\"wp-block-heading has-vivid-red-color has-text-color has-medium-font-size\"><strong>Moiqut<\/strong><\/h4>\n\n\n\n<p>Nous vous invitons maintenant \u00e0 d\u00e9couvrir une enseigne de\u00a0<strong>mode \u00e9cologique<\/strong>, douce pour notre peau et respectueuse de l\u2019environnement.\u00a0Un lieu informel et d\u00e9contract\u00e9, o\u00f9 l\u2019on trouve les derni\u00e8res cr\u00e9ations des marques nationales et internationales. C\u2019est\u00a0<a href=\"https:\/\/moiqut.com\/\" target=\"_blank\" rel=\"noreferrer noopener nofollow\">Moiqut<\/a>. Et c\u2019est Ver\u00f3nica qui est \u00e0 la t\u00eate de cette aventure. Elle con\u00e7oit la mode comme une exp\u00e9rience compl\u00e8te dans laquelle elle fait intervenir l\u2019art et la musique.\u00a0Ici, vous trouverez des v\u00eatements pour les femmes et les hommes qui veulent s\u2019habiller dans un style d\u00e9contract\u00e9 et confortable, avec des marques que vous ne trouverez nulle part ailleurs \u00e0 Bilbao. 40\u00a0% de leurs v\u00eatements sont bio ou recycl\u00e9s.\u00a0Moiqut a ouvert\u00a0<a href=\"https:\/\/www.bilbaodendak.eus\/?s=moiqut&amp;lang=es\" target=\"_blank\" rel=\"noreferrer noopener\">deux boutiques \u00e0 Bilbao<\/a><\/p>\n<\/div><\/div>\n\n\n\n<div style=\"height:24px\" aria-hidden=\"true\" class=\"wp-block-spacer\"><\/div>\n\n\n\n<div class=\"wp-block-buttons is-content-justification-center is-layout-flex wp-container-core-buttons-is-layout-a89b3969 wp-block-buttons-is-layout-flex\">\n<div class=\"wp-block-button is-style-outline is-style-outline--1\"><a class=\"wp-block-button__link wp-element-button\" href=\"https:\/\/www.bilbaodendak.eus\/filtrado-rutas-y-planes\/\" target=\"_blank\" rel=\"noreferrer noopener\">M\u00e1s rutas <\/a><\/div>\n<\/div>\n","protected":false},"excerpt":{"rendered":"<p>Parfaitement conscients de cela, nos commer\u00e7ants nous aident \u00e0 trouver \u00e0 tout moment ce qu\u2019il y a de mieux pour nous et ce dont nous avons vraiment besoin.<\/p>\n","protected":false},"featured_media":70932,"template":"","meta":[],"destacado":[1101,1102],"tipo":[811],"tematica":[798],"class_list":["post-80721","rutas-y-planes","type-rutas-y-planes","status-publish","has-post-thumbnail","hentry","destacado-destacar-en-megamenu","destacado-destacar-en-megamenu-fr","tipo-itineraires","tematica-achats"],"_links":{"self":[{"href":"https:\/\/www.bilbaodendak.eus\/fr\/wp-json\/wp\/v2\/rutas-y-planes\/80721","targetHints":{"allow":["GET"]}}],"collection":[{"href":"https:\/\/www.bilbaodendak.eus\/fr\/wp-json\/wp\/v2\/rutas-y-planes"}],"about":[{"href":"https:\/\/www.bilbaodendak.eus\/fr\/wp-json\/wp\/v2\/types\/rutas-y-planes"}],"wp:featuredmedia":[{"embeddable":true,"href":"https:\/\/www.bilbaodendak.eus\/fr\/wp-json\/wp\/v2\/media\/70932"}],"wp:attachment":[{"href":"https:\/\/www.bilbaodendak.eus\/fr\/wp-json\/wp\/v2\/media?parent=80721"}],"wp:term":[{"taxonomy":"destacado","embeddable":true,"href":"https:\/\/www.bilbaodendak.eus\/fr\/wp-json\/wp\/v2\/destacado?post=80721"},{"taxonomy":"tipo","embeddable":true,"href":"https:\/\/www.bilbaodendak.eus\/fr\/wp-json\/wp\/v2\/tipo?post=80721"},{"taxonomy":"tematica","embeddable":true,"href":"https:\/\/www.bilbaodendak.eus\/fr\/wp-json\/wp\/v2\/tematica?post=80721"}],"curies":[{"name":"wp","href":"https:\/\/api.w.org\/{rel}","templated":true}]}}

<h2 class="wp-block-heading" style="font-size:25px;font-style:normal;font-weight:700"><strong>Prendre soin de soi et mener une vie saine, c’est tellement important ! </strong><img decoding="async" height="16" width="16" src="https://static.xx.fbcdn.net/images/emoji.php/v9/ted/2/16/2764.png" alt="❤️"></h2>



<h3 class="wp-block-heading has-medium-font-size">Parfaitement conscients de cela, nos commerçants nous aident à trouver à tout moment ce qu’il y a de mieux pour nous et ce dont nous avons vraiment besoin.</h3>



<p>Nous vous proposons cet itinéraire santé pour prendre soin de vous et vous chouchouter, intérieurement et extérieurement. Des équipements sportifs, des techniques d’étirement exclusives, une mode durable, et des lits et des matelas pour vous reposer et récupérer après toutes ces activités. Rien n’est plus important que la santé.</p>



<div class="wp-block-media-text alignwide is-stacked-on-mobile"><figure class="wp-block-media-text__media"><a href="https://www.bilbaodendak.eus/fr/comercios/forum-sport/"><img fetchpriority="high" decoding="async" width="567" height="438" src="https://www.bilbaodendak.eus/wp-content/uploads/2020/12/Forum-Sport-Moyua.png" alt="Forum Sport en Bilbao" class="wp-image-48189 size-full" srcset="https://www.bilbaodendak.eus/wp-content/uploads/2020/12/Forum-Sport-Moyua.png 567w, https://www.bilbaodendak.eus/wp-content/uploads/2020/12/Forum-Sport-Moyua-300x232.png 300w" sizes="(max-width: 567px) 100vw, 567px" /></a></figure><div class="wp-block-media-text__content">
<h4 class="wp-block-heading has-vivid-red-color has-text-color has-medium-font-size"><strong><strong>Forum Sport : Unis par le sport</strong></strong></h4>



<p>Le point de départ de notre itinéraire se situe dans un de magasin <a href="https://www.forumsport.com/es-es/" target="_blank" rel="noreferrer noopener nofollow">Forum Sport</a>, l’une des principales entreprises spécialisées dans la vente <strong>d’accessoires de sport</strong>. Tous leurs magasins sont divisés en rayons spécialisés où l’on trouve une vaste gamme de produits aux meilleurs prix. Ici, on sait que <strong>derrière chaque sportif, il y a une histoire</strong> de vie liée au sport. Et ces différentes histoires sont autant de sources d’inspiration pour offrir aux clients les articles des plus grandes marques aux meilleurs prix.  </p>
</div></div>



<div style="height:28px" aria-hidden="true" class="wp-block-spacer"></div>



<div class="wp-block-media-text alignwide is-stacked-on-mobile"><figure class="wp-block-media-text__media"><a href="https://www.bilbaodendak.eus/comercios/gyrotonic-studio-jado/"><img decoding="async" width="1024" height="683" src="https://www.bilbaodendak.eus/wp-content/uploads/2020/12/3374-Mugendo-Indautxu-1-1024x683.jpg" alt="Mugendo Indautxu" class="wp-image-35897 size-full" srcset="https://www.bilbaodendak.eus/wp-content/uploads/2020/12/3374-Mugendo-Indautxu-1-1024x683.jpg 1024w, https://www.bilbaodendak.eus/wp-content/uploads/2020/12/3374-Mugendo-Indautxu-1-300x200.jpg 300w, https://www.bilbaodendak.eus/wp-content/uploads/2020/12/3374-Mugendo-Indautxu-1-768x512.jpg 768w, https://www.bilbaodendak.eus/wp-content/uploads/2020/12/3374-Mugendo-Indautxu-1.jpg 1500w" sizes="(max-width: 1024px) 100vw, 1024px" /></a></figure><div class="wp-block-media-text__content">
<h4 class="wp-block-heading has-vivid-red-color has-text-color has-medium-font-size"><strong><strong>Mugendo : Un lieu pour vous déstresser</strong></strong></h4>



<p>Le <a href="https://www.mugendoeuskadi.com/" target="_blank" rel="noreferrer noopener nofollow">Mugendo</a> est un art martial qui fait intervenir des techniques de jambes, de boxe, et d’autodéfense. Dans l’école d’Indautxu, vous découvrirez une façon différente de développer <strong>vitesse, souplesse, puissance et coordination</strong>. On vous y enseignera un véritable art martial dans un environnement sécurisé, ludique, et passionnant. Chez Mugendo, on souhaite avant tout offrir aux élèves un lieu où ils pourront se relaxer et éliminer le stress. Il existe également deux autres centres <a href="https://www.bilbaodendak.eus/?s=mugendo&amp;lang=es" target="_blank" rel="noreferrer noopener">à Bilbao</a>.</p>
</div></div>



<div style="height:25px" aria-hidden="true" class="wp-block-spacer"></div>



<div class="wp-block-media-text alignwide is-stacked-on-mobile"><figure class="wp-block-media-text__media"><img loading="lazy" decoding="async" width="1024" height="760" src="https://www.bilbaodendak.eus/wp-content/uploads/2020/12/4944-Medical-Albia-2-1024x760.jpg" alt="Medical Albia. Espacio healthy" class="wp-image-36039 size-full" srcset="https://www.bilbaodendak.eus/wp-content/uploads/2020/12/4944-Medical-Albia-2-1024x760.jpg 1024w, https://www.bilbaodendak.eus/wp-content/uploads/2020/12/4944-Medical-Albia-2-300x223.jpg 300w, https://www.bilbaodendak.eus/wp-content/uploads/2020/12/4944-Medical-Albia-2-768x570.jpg 768w, https://www.bilbaodendak.eus/wp-content/uploads/2020/12/4944-Medical-Albia-2.jpg 1347w" sizes="(max-width: 1024px) 100vw, 1024px" /></figure><div class="wp-block-media-text__content">
<h4 class="wp-block-heading has-vivid-red-color has-text-color has-medium-font-size"><strong>Medical Albia : Pour améliorer votre santé et vos performances</strong></h4>



<p><a href="https://www.medicalalbia.com/" target="_blank" rel="noreferrer noopener nofollow">Medical Albia</a> est un <strong>centre médical spécialisé dans la physiothérapie, le traitement des blessures, le rajeunissement, les soins laser, la diététique</strong> et d’autres techniques avancées. Encadré par le docteur Gonzalo Villadangos Alonso, le personnel médical utilise les méthodes les plus modernes et les traitements les plus innovants. Le centre compte deux médecins spécialisés dans l’utilisation de l’activité physique pour améliorer la santé et accroître les performances. Ils ont recours à des techniques comme le gyrotonic, la gyrokinesis, les pilates, les techniques d’étirement complets et les exercices abdominaux hypopressifs, ainsi qu’à des appareils médicaux supervisés par un personnel spécialement formé.</p>
</div></div>



<div class="wp-block-media-text alignwide is-stacked-on-mobile"><figure class="wp-block-media-text__media"><a href="https://www.bilbaodendak.eus/fr/comercios/colchoneria-miluna-flex-santutxu/"><img loading="lazy" decoding="async" width="1024" height="768" src="https://www.bilbaodendak.eus/wp-content/uploads/2020/12/FOTO-MILUNA-FLEX-SANTUTXU-1024x768.jpg" alt="" class="wp-image-28614 size-full" srcset="https://www.bilbaodendak.eus/wp-content/uploads/2020/12/FOTO-MILUNA-FLEX-SANTUTXU-1024x768.jpg 1024w, https://www.bilbaodendak.eus/wp-content/uploads/2020/12/FOTO-MILUNA-FLEX-SANTUTXU-300x225.jpg 300w, https://www.bilbaodendak.eus/wp-content/uploads/2020/12/FOTO-MILUNA-FLEX-SANTUTXU-768x576.jpg 768w, https://www.bilbaodendak.eus/wp-content/uploads/2020/12/FOTO-MILUNA-FLEX-SANTUTXU-1536x1152.jpg 1536w, https://www.bilbaodendak.eus/wp-content/uploads/2020/12/FOTO-MILUNA-FLEX-SANTUTXU.jpg 2016w" sizes="(max-width: 1024px) 100vw, 1024px" /></a></figure><div class="wp-block-media-text__content">
<h4 class="wp-block-heading has-vivid-red-color has-text-color has-medium-font-size"><strong>Colchonería Miluna Flex : Le repos absolu</strong></h4>



<p>Bien choisir son matelas pour profiter d’un repos parfaitement adapté à nos besoins est essentiel pour notre bien-être et notre santé. Depuis plus de 12 ans, <a href="https://www.colchoneriasmiluna.com/" target="_blank" rel="noreferrer noopener nofollow">Colchonería Miluna</a> prend soin de nous. Avec 3 boutiques dans notre ville, c’est l’un des <strong>spécialistes </strong>qui offre le plus grand choix de literie.</p>
</div></div>



<div style="height:23px" aria-hidden="true" class="wp-block-spacer"></div>



<div class="wp-block-media-text alignwide is-stacked-on-mobile"><figure class="wp-block-media-text__media"><a href="https://www.bilbaodendak.eus/fr/comercios/moiqut/"><img loading="lazy" decoding="async" width="1024" height="683" src="https://www.bilbaodendak.eus/wp-content/uploads/2021/01/6734-moiqut-02-1024x683.jpg" alt="" class="wp-image-17697 size-full" srcset="https://www.bilbaodendak.eus/wp-content/uploads/2021/01/6734-moiqut-02-1024x683.jpg 1024w, https://www.bilbaodendak.eus/wp-content/uploads/2021/01/6734-moiqut-02-300x200.jpg 300w, https://www.bilbaodendak.eus/wp-content/uploads/2021/01/6734-moiqut-02-768x512.jpg 768w, https://www.bilbaodendak.eus/wp-content/uploads/2021/01/6734-moiqut-02.jpg 1500w" sizes="(max-width: 1024px) 100vw, 1024px" /></a></figure><div class="wp-block-media-text__content">
<h4 class="wp-block-heading has-vivid-red-color has-text-color has-medium-font-size"><strong>Moiqut</strong></h4>



<p>Nous vous invitons maintenant à découvrir une enseigne de <strong>mode écologique</strong>, douce pour notre peau et respectueuse de l’environnement. Un lieu informel et décontracté, où l’on trouve les dernières créations des marques nationales et internationales. C’est <a href="https://moiqut.com/" target="_blank" rel="noreferrer noopener nofollow">Moiqut</a>. Et c’est Verónica qui est à la tête de cette aventure. Elle conçoit la mode comme une expérience complète dans laquelle elle fait intervenir l’art et la musique. Ici, vous trouverez des vêtements pour les femmes et les hommes qui veulent s’habiller dans un style décontracté et confortable, avec des marques que vous ne trouverez nulle part ailleurs à Bilbao. 40 % de leurs vêtements sont bio ou recyclés. Moiqut a ouvert <a href="https://www.bilbaodendak.eus/?s=moiqut&amp;lang=es" target="_blank" rel="noreferrer noopener">deux boutiques à Bilbao</a></p>
</div></div>



<div style="height:24px" aria-hidden="true" class="wp-block-spacer"></div>



<div class="wp-block-buttons is-content-justification-center is-layout-flex wp-container-core-buttons-is-layout-a89b3969 wp-block-buttons-is-layout-flex">
<div class="wp-block-button is-style-outline is-style-outline--1"><a class="wp-block-button__link wp-element-button" href="https://www.bilbaodendak.eus/filtrado-rutas-y-planes/" target="_blank" rel="noreferrer noopener">Más rutas </a></div>
</div>

<p>Parfaitement conscients de cela, nos commerçants nous aident à trouver à tout moment ce qu’il y a de mieux pour nous et ce dont nous avons vraiment besoin.</p>
