{"id":80669,"date":"2026-04-29T10:23:59","date_gmt":"2026-04-29T08:23:59","guid":{"rendered":"https:\/\/www.bilbaodendak.eus\/?post_type=rutas-y-planes&#038;p=80669"},"modified":"2026-04-29T10:24:02","modified_gmt":"2026-04-29T08:24:02","slug":"fashion-week","status":"publish","type":"rutas-y-planes","link":"https:\/\/www.bilbaodendak.eus\/fr\/filtrado-rutas-y-planes\/fashion-week\/","title":{"rendered":"Vuelve Zazpikaleak Fashion Week 2026"},"content":{"rendered":"\n<h2 class=\"wp-block-heading\" style=\"font-size:25px;font-style:normal;font-weight:700\">El Casco Viejo, donde vive la moda<\/h2>\n\n\n\n<h3 class=\"wp-block-heading has-medium-font-size\"><strong>La V Zazpi Kaleak Fashion Week del Casco Viejo visibilizar\u00e1 las \u00faltimas tendencias en moda y el talento local entre el 4 y el 10 de mayo<\/strong><\/h3>\n\n\n\n<p>El Casco Viejo de Bilbao se convertir\u00e1, entre los pr\u00f3ximos d\u00edas\u00a0<strong>4 y 10 de mayo<\/strong>, en el centro neur\u00e1lgico de la\u00a0<strong>moda, la cultura y la gastronom\u00eda<\/strong>. La <a href=\"https:\/\/cascoviejobilbao.eus\" target=\"_blank\" rel=\"noreferrer noopener nofollow\">Asociaci\u00f3n de Comercios, Hosteler\u00eda y Empresas del Casco Viejo<\/a> celebrar\u00e1 la\u00a0<strong>quinta edici\u00f3n de la Zazpi Kaleak Fashion Week<\/strong>, la semana de la moda, la cultura y la gastronom\u00eda, que se ha erigido como uno de los eventos m\u00e1s importantes de Euskadi en el sector y que abre una oportunidad para\u00a0<strong>mostrar las \u00faltimas tendencias<\/strong>\u00a0y promover, adem\u00e1s, la\u00a0<strong>creatividad, el talento local y la identidad<\/strong>\u00a0propia del coraz\u00f3n de Bilbao.\u00a0<\/p>\n\n\n\n<p>En esta ocasi\u00f3n, de hecho, la Zazpi Kaleak Fashion Week del Casco Viejo girar\u00e1 en torno\u00a0<strong>al color del a\u00f1o 2026, el\u00a0<em>Cloud Dancer<\/em><\/strong>, seleccionado por el Pantone Color Institute y descrito como un blanco marfil suave, et\u00e9reo y ligeramente c\u00e1lido. \u201cSimboliza la calma, la claridad mental y el lujo silencioso; representa un\u00a0<strong>deseo de renovaci\u00f3n, paz y simplicidad<\/strong>\u00a0en un mundo saturado, e invita a la creatividad y a nuevos comienzos\u201d, describe Susana Alaguero, presidenta de la asociaci\u00f3n de comerciantes del Casco Viejo.\u00a0<\/p>\n\n\n\n<p>La semana de la moda del Casco Viejo, que forma parte del proyecto\u00a0<strong>Bilbao Moda<\/strong>\u00a0del Ayuntamiento de Bilbao, involucrar\u00e1 a m\u00e1s de un centenar de comercios del enclave hist\u00f3rico bilba\u00edno y, adem\u00e1s,\u00a0<strong>abrir\u00e1 sus puertas al p\u00fablico<\/strong>\u00a0gracias a la organizaci\u00f3n, durante toda la semana, de talleres pr\u00e1cticos, charlas, acciones comerciales o un gran desfile de moda, entre otras iniciativas, que dar\u00e1n la oportunidad de participar a quien lo desee.\u00a0<\/p>\n\n\n\n<p>En torno a la moda, el programa de esta V Zazpi Kaleak Fashion Week mostrar\u00e1 las corrientes actuales en\u00a0<strong>moda masculina y femenina, moda infantil, complementos, calzado, deporte<\/strong>,\u00a0<strong>joyer\u00eda u \u00f3ptica,\u00a0<\/strong>entre otras,<strong>\u00a0<\/strong>adem\u00e1s de dar voz a\u00a0<strong>j\u00f3venes dise\u00f1adores<\/strong>\u00a0para ver las tendencias m\u00e1s innovadoras de nuestro entorno.\u00a0<\/p>\n\n\n\n<p class=\"has-text-align-center\"><strong>PROGRAMA DE LA ZAZPI KALEAK FASHION WEEK<\/strong><\/p>\n\n\n\n<p><strong>Taller de artesan\u00eda, crea tus pendientes \u2013 4 de mayo de 18h a 21h, en el Edificio La Bolsa:\u00a0<\/strong>En este taller, se tendr\u00e1 la oportunidad de dise\u00f1ar y elaborar sus propios pendientes de manera artesanal guiadas por una persona experta en creaci\u00f3n de pendientes.\u00a0<\/p>\n\n\n\n<p><strong>Taller de reposter\u00eda vegana \u2013 4 de mayo de 18h a 20h, en la Escuela de Hosteler\u00eda del Mercado de la Ribera:\u00a0<\/strong>Un taller de reposter\u00eda donde profesionales del \u00e1mbito gastron\u00f3mico guiar\u00e1n a los y las participantes en la elaboraci\u00f3n de un dulce vegano.\u00a0<\/p>\n\n\n\n<p><strong>Taller de colorimetr\u00eda &#8211;\u00a0<\/strong><strong>5 de mayo de 14h a 16h y de 18h a 20h, en el Edificio La Bolsa:\u00a0<\/strong>Taller interactivo que proporcionar\u00e1 herramientas pr\u00e1cticas para elegir prendas y accesorios que potencien tu estilo personal. Se realizar\u00e1n dos sesiones:\u00a0<strong>la primera dirigida exclusivamente al comercio<\/strong>\u00a0en horario de mediod\u00eda; la segunda, abierta al p\u00fablico en general.<\/p>\n\n\n\n<p><strong>Tips para salir siempre bien en las fotos \u2013 6 de mayo de 18h a 20h, en el Edificio La Bolsa:\u00a0<\/strong>Una sesi\u00f3n pr\u00e1ctica y din\u00e1mica donde los y las participantes aprender\u00e1n a desenvolverse con seguridad, naturalidad y confianza ante la c\u00e1mara.<\/p>\n\n\n\n<p><strong>Desfile de moda \u2013 8 de mayo a las 20h:<\/strong>\u00a0\u00a0El Teatro Arriaga se llenar\u00e1 de estilo y creatividad con la presentaci\u00f3n de la temporada primavera-verano 2026 en un desfile de moda. Ser\u00e1 el primer evento de \u2018Bilbao Moda\u2019, un proyecto del Ayuntamiento de Bilbao para impulsar y reforzar el ecosistema del dise\u00f1o local, apoyando a creadores locales y al comercio de moda en la ciudad. El p\u00fablico podr\u00e1 disfrutar del desfile desde la\u00a0<strong>Plaza del Arriaga<\/strong>.<\/p>\n\n\n\n<figure class=\"wp-block-image aligncenter size-full\"><img fetchpriority=\"high\" decoding=\"async\" width=\"1080\" height=\"1350\" src=\"https:\/\/www.bilbaodendak.eus\/wp-content\/uploads\/2025\/05\/insta_Fashionweek-26.jpg\" alt=\"Zazpikaleak Fashion Week 2026\" class=\"wp-image-124371\" srcset=\"https:\/\/www.bilbaodendak.eus\/wp-content\/uploads\/2025\/05\/insta_Fashionweek-26.jpg 1080w, https:\/\/www.bilbaodendak.eus\/wp-content\/uploads\/2025\/05\/insta_Fashionweek-26-240x300.jpg 240w, https:\/\/www.bilbaodendak.eus\/wp-content\/uploads\/2025\/05\/insta_Fashionweek-26-819x1024.jpg 819w, https:\/\/www.bilbaodendak.eus\/wp-content\/uploads\/2025\/05\/insta_Fashionweek-26-768x960.jpg 768w\" sizes=\"(max-width: 1080px) 100vw, 1080px\" \/><\/figure>\n","protected":false},"excerpt":{"rendered":"<p>Vuelve la Zazpi Kaleak Fashion Week al Casco Viejo que visibilizar\u00e1 la moda, la gastronom\u00eda y la cultura m\u00e1s cercanas entre el 4 y el 10 de mayo<\/p>\n","protected":false},"featured_media":124370,"template":"","meta":[],"destacado":[1102],"tipo":[810],"tematica":[1093],"class_list":["post-80669","rutas-y-planes","type-rutas-y-planes","status-publish","has-post-thumbnail","hentry","destacado-destacar-en-megamenu-fr","tipo-plans","tematica-culture-fr"],"_links":{"self":[{"href":"https:\/\/www.bilbaodendak.eus\/fr\/wp-json\/wp\/v2\/rutas-y-planes\/80669","targetHints":{"allow":["GET"]}}],"collection":[{"href":"https:\/\/www.bilbaodendak.eus\/fr\/wp-json\/wp\/v2\/rutas-y-planes"}],"about":[{"href":"https:\/\/www.bilbaodendak.eus\/fr\/wp-json\/wp\/v2\/types\/rutas-y-planes"}],"wp:featuredmedia":[{"embeddable":true,"href":"https:\/\/www.bilbaodendak.eus\/fr\/wp-json\/wp\/v2\/media\/124370"}],"wp:attachment":[{"href":"https:\/\/www.bilbaodendak.eus\/fr\/wp-json\/wp\/v2\/media?parent=80669"}],"wp:term":[{"taxonomy":"destacado","embeddable":true,"href":"https:\/\/www.bilbaodendak.eus\/fr\/wp-json\/wp\/v2\/destacado?post=80669"},{"taxonomy":"tipo","embeddable":true,"href":"https:\/\/www.bilbaodendak.eus\/fr\/wp-json\/wp\/v2\/tipo?post=80669"},{"taxonomy":"tematica","embeddable":true,"href":"https:\/\/www.bilbaodendak.eus\/fr\/wp-json\/wp\/v2\/tematica?post=80669"}],"curies":[{"name":"wp","href":"https:\/\/api.w.org\/{rel}","templated":true}]}}

<h2 class="wp-block-heading" style="font-size:25px;font-style:normal;font-weight:700">El Casco Viejo, donde vive la moda</h2>



<h3 class="wp-block-heading has-medium-font-size"><strong>La V Zazpi Kaleak Fashion Week del Casco Viejo visibilizará las últimas tendencias en moda y el talento local entre el 4 y el 10 de mayo</strong></h3>



<p>El Casco Viejo de Bilbao se convertirá, entre los próximos días <strong>4 y 10 de mayo</strong>, en el centro neurálgico de la <strong>moda, la cultura y la gastronomía</strong>. La <a href="https://cascoviejobilbao.eus" target="_blank" rel="noreferrer noopener nofollow">Asociación de Comercios, Hostelería y Empresas del Casco Viejo</a> celebrará la <strong>quinta edición de la Zazpi Kaleak Fashion Week</strong>, la semana de la moda, la cultura y la gastronomía, que se ha erigido como uno de los eventos más importantes de Euskadi en el sector y que abre una oportunidad para <strong>mostrar las últimas tendencias</strong> y promover, además, la <strong>creatividad, el talento local y la identidad</strong> propia del corazón de Bilbao. </p>



<p>En esta ocasión, de hecho, la Zazpi Kaleak Fashion Week del Casco Viejo girará en torno <strong>al color del año 2026, el <em>Cloud Dancer</em></strong>, seleccionado por el Pantone Color Institute y descrito como un blanco marfil suave, etéreo y ligeramente cálido. “Simboliza la calma, la claridad mental y el lujo silencioso; representa un <strong>deseo de renovación, paz y simplicidad</strong> en un mundo saturado, e invita a la creatividad y a nuevos comienzos”, describe Susana Alaguero, presidenta de la asociación de comerciantes del Casco Viejo. </p>



<p>La semana de la moda del Casco Viejo, que forma parte del proyecto <strong>Bilbao Moda</strong> del Ayuntamiento de Bilbao, involucrará a más de un centenar de comercios del enclave histórico bilbaíno y, además, <strong>abrirá sus puertas al público</strong> gracias a la organización, durante toda la semana, de talleres prácticos, charlas, acciones comerciales o un gran desfile de moda, entre otras iniciativas, que darán la oportunidad de participar a quien lo desee. </p>



<p>En torno a la moda, el programa de esta V Zazpi Kaleak Fashion Week mostrará las corrientes actuales en <strong>moda masculina y femenina, moda infantil, complementos, calzado, deporte</strong>, <strong>joyería u óptica, </strong>entre otras,<strong> </strong>además de dar voz a <strong>jóvenes diseñadores</strong> para ver las tendencias más innovadoras de nuestro entorno. </p>



<p class="has-text-align-center"><strong>PROGRAMA DE LA ZAZPI KALEAK FASHION WEEK</strong></p>



<p><strong>Taller de artesanía, crea tus pendientes – 4 de mayo de 18h a 21h, en el Edificio La Bolsa: </strong>En este taller, se tendrá la oportunidad de diseñar y elaborar sus propios pendientes de manera artesanal guiadas por una persona experta en creación de pendientes. </p>



<p><strong>Taller de repostería vegana – 4 de mayo de 18h a 20h, en la Escuela de Hostelería del Mercado de la Ribera: </strong>Un taller de repostería donde profesionales del ámbito gastronómico guiarán a los y las participantes en la elaboración de un dulce vegano. </p>



<p><strong>Taller de colorimetría &#8211; </strong><strong>5 de mayo de 14h a 16h y de 18h a 20h, en el Edificio La Bolsa: </strong>Taller interactivo que proporcionará herramientas prácticas para elegir prendas y accesorios que potencien tu estilo personal. Se realizarán dos sesiones: <strong>la primera dirigida exclusivamente al comercio</strong> en horario de mediodía; la segunda, abierta al público en general.</p>



<p><strong>Tips para salir siempre bien en las fotos – 6 de mayo de 18h a 20h, en el Edificio La Bolsa: </strong>Una sesión práctica y dinámica donde los y las participantes aprenderán a desenvolverse con seguridad, naturalidad y confianza ante la cámara.</p>



<p><strong>Desfile de moda – 8 de mayo a las 20h:</strong>  El Teatro Arriaga se llenará de estilo y creatividad con la presentación de la temporada primavera-verano 2026 en un desfile de moda. Será el primer evento de ‘Bilbao Moda’, un proyecto del Ayuntamiento de Bilbao para impulsar y reforzar el ecosistema del diseño local, apoyando a creadores locales y al comercio de moda en la ciudad. El público podrá disfrutar del desfile desde la <strong>Plaza del Arriaga</strong>.</p>



<figure class="wp-block-image aligncenter size-full"><img fetchpriority="high" decoding="async" width="1080" height="1350" src="https://www.bilbaodendak.eus/wp-content/uploads/2025/05/insta_Fashionweek-26.jpg" alt="Zazpikaleak Fashion Week 2026" class="wp-image-124371" srcset="https://www.bilbaodendak.eus/wp-content/uploads/2025/05/insta_Fashionweek-26.jpg 1080w, https://www.bilbaodendak.eus/wp-content/uploads/2025/05/insta_Fashionweek-26-240x300.jpg 240w, https://www.bilbaodendak.eus/wp-content/uploads/2025/05/insta_Fashionweek-26-819x1024.jpg 819w, https://www.bilbaodendak.eus/wp-content/uploads/2025/05/insta_Fashionweek-26-768x960.jpg 768w" sizes="(max-width: 1080px) 100vw, 1080px" /></figure>

<p>Vuelve la Zazpi Kaleak Fashion Week al Casco Viejo que visibilizará la moda, la gastronomía y la cultura más cercanas entre el 4 y el 10 de mayo</p>
