{"id":79396,"date":"2020-12-23T13:03:37","date_gmt":"2020-12-23T12:03:37","guid":{"rendered":"https:\/\/www.bilbaodendak.eus\/comercios\/cafe-de-deusto\/"},"modified":"2025-11-10T12:05:39","modified_gmt":"2025-11-10T11:05:39","slug":"cafe-de-deusto","status":"publish","type":"comercios","link":"https:\/\/www.bilbaodendak.eus\/fr\/comercios\/cafe-de-deusto\/","title":{"rendered":"Caf\u00e9 De Deusto"},"content":{"rendered":"\n<h2 class=\"wp-block-heading\">En la variedad est\u00e1 el gusto<\/h2>\n\n\n\n<h4 class=\"wp-block-heading\">Combinaciones que siempre triunfan<\/h4>\n\n\n\n<p>Hay cosas en la vida que son sagradas. Como tomar un caf\u00e9 y un pintxo de tortilla a media ma\u00f1ana en el Caf\u00e9 de Deusto. O una gilda acompa\u00f1ada de una cerveza. O un cruas\u00e1n relleno de jam\u00f3n serrano y queso. O una de sus deliciosas mini hamburguesas. Y luego est\u00e1n los dilemas: \u00bfCon qu\u00e9 tarta me quedo? \u00bfLa de tres chocolates, la de queso horneada, la de arroz o la de queso con galleta y mermelada de fresa? \u00a1Bendito problema! Acertar\u00e1s s\u00ed o s\u00ed. Y por si fuera poco, son conocidos por servir \u201cel mejor caf\u00e9 de Deusto\u201d. Tambi\u00e9n lo puedes pedir para llevar. Y qu\u00e9 decir de sus cazuelitas, est\u00e1n riqu\u00edsimas. Si despu\u00e9s de todo esto todav\u00eda no te hemos convencido&#8230; p\u00e1sate y seguro que repetir\u00e1s.<\/p>\n","protected":false},"featured_media":96106,"parent":0,"template":"","donde-aparcar":[],"etiquetas":[],"comprar":[],"comer":[606],"distritos":[850],"class_list":["post-79396","comercios","type-comercios","status-publish","has-post-thumbnail","hentry","comer-bares-cafeterias-fr","distritos-deusto-fr"],"_links":{"self":[{"href":"https:\/\/www.bilbaodendak.eus\/fr\/wp-json\/wp\/v2\/comercios\/79396","targetHints":{"allow":["GET"]}}],"collection":[{"href":"https:\/\/www.bilbaodendak.eus\/fr\/wp-json\/wp\/v2\/comercios"}],"about":[{"href":"https:\/\/www.bilbaodendak.eus\/fr\/wp-json\/wp\/v2\/types\/comercios"}],"version-history":[{"count":1,"href":"https:\/\/www.bilbaodendak.eus\/fr\/wp-json\/wp\/v2\/comercios\/79396\/revisions"}],"predecessor-version":[{"id":119310,"href":"https:\/\/www.bilbaodendak.eus\/fr\/wp-json\/wp\/v2\/comercios\/79396\/revisions\/119310"}],"wp:featuredmedia":[{"embeddable":true,"href":"https:\/\/www.bilbaodendak.eus\/fr\/wp-json\/wp\/v2\/media\/96106"}],"wp:attachment":[{"href":"https:\/\/www.bilbaodendak.eus\/fr\/wp-json\/wp\/v2\/media?parent=79396"}],"wp:term":[{"taxonomy":"donde-aparcar","embeddable":true,"href":"https:\/\/www.bilbaodendak.eus\/fr\/wp-json\/wp\/v2\/donde-aparcar?post=79396"},{"taxonomy":"etiquetas","embeddable":true,"href":"https:\/\/www.bilbaodendak.eus\/fr\/wp-json\/wp\/v2\/etiquetas?post=79396"},{"taxonomy":"comprar","embeddable":true,"href":"https:\/\/www.bilbaodendak.eus\/fr\/wp-json\/wp\/v2\/comprar?post=79396"},{"taxonomy":"comer","embeddable":true,"href":"https:\/\/www.bilbaodendak.eus\/fr\/wp-json\/wp\/v2\/comer?post=79396"},{"taxonomy":"distritos","embeddable":true,"href":"https:\/\/www.bilbaodendak.eus\/fr\/wp-json\/wp\/v2\/distritos?post=79396"}],"curies":[{"name":"wp","href":"https:\/\/api.w.org\/{rel}","templated":true}]}}

Café De Deusto

<h2 class="wp-block-heading">En la variedad está el gusto</h2>



<h4 class="wp-block-heading">Combinaciones que siempre triunfan</h4>



<p>Hay cosas en la vida que son sagradas. Como tomar un café y un pintxo de tortilla a media mañana en el Café de Deusto. O una gilda acompañada de una cerveza. O un cruasán relleno de jamón serrano y queso. O una de sus deliciosas mini hamburguesas. Y luego están los dilemas: ¿Con qué tarta me quedo? ¿La de tres chocolates, la de queso horneada, la de arroz o la de queso con galleta y mermelada de fresa? ¡Bendito problema! Acertarás sí o sí. Y por si fuera poco, son conocidos por servir “el mejor café de Deusto”. También lo puedes pedir para llevar. Y qué decir de sus cazuelitas, están riquísimas. Si después de todo esto todavía no te hemos convencido&#8230; pásate y seguro que repetirás.</p>
