{"id":79303,"date":"2020-12-23T13:03:55","date_gmt":"2020-12-23T12:03:55","guid":{"rendered":"https:\/\/www.bilbaodendak.eus\/comercios\/centro-de-dia-y-servicios-asistenciales-te-mimo\/"},"modified":"2020-12-23T13:03:55","modified_gmt":"2020-12-23T12:03:55","slug":"centro-de-dia-y-servicios-asistenciales-te-mimo","status":"publish","type":"comercios","link":"https:\/\/www.bilbaodendak.eus\/fr\/comercios\/centro-de-dia-y-servicios-asistenciales-te-mimo\/","title":{"rendered":"Centro De D\u00eda y Servicios Asistenciales Te Mimo"},"content":{"rendered":"\n<h2 class=\"wp-block-heading\">Cuidar y mimar a nuestros mayores<\/h2>\n\n\n\n<h4 class=\"wp-block-heading\">Para que est\u00e9s como en casa<\/h4>\n\n\n\n<p>La atenci\u00f3n y cuidado de personas mayores de 60 a\u00f1os, est\u00e9n o no en situaci\u00f3n de dependencia, es su prioridad. Centro pionero en Euskadi por sus actividades y talleres innovadores desarrollados en un ambiente l\u00fadico y familiar y dirigido por un grupo de profesionales con una clara vocaci\u00f3n: cuidar y mimar a nuestros mayores. Este grupo multidisciplinar est\u00e1 especializado en el trato con personas mayores y sacan lo mejor de s\u00ed mismos para que los protagonistas se sientan como en casa.<\/p>\n\n\n\n<p>Cuentan con un centro de d\u00eda (no residencial), complementario al hogar y una alternativa al internamiento. Tambi\u00e9n atienden a las personas que no quieren o no pueden estar solas el fin de semana y as\u00ed puedan pasar el d\u00eda en compa\u00f1\u00eda y buen ambiente. Ofrecen tambi\u00e9n servicios asistenciales de acompa\u00f1amiento y atenci\u00f3n en el hogar y centros hospitalarios, acompa\u00f1amiento para acudir a consultas m\u00e9dicas, realizaci\u00f3n de recados, papeleos en administraciones y men\u00fa a domicilio.<\/p>\n","protected":false},"featured_media":96106,"parent":0,"template":"","donde-aparcar":[],"etiquetas":[],"comprar":[765,747],"comer":[],"distritos":[850],"class_list":["post-79303","comercios","type-comercios","status-publish","has-post-thumbnail","hentry","comprar-autres-services","comprar-services-fr","distritos-deusto-fr"],"_links":{"self":[{"href":"https:\/\/www.bilbaodendak.eus\/fr\/wp-json\/wp\/v2\/comercios\/79303","targetHints":{"allow":["GET"]}}],"collection":[{"href":"https:\/\/www.bilbaodendak.eus\/fr\/wp-json\/wp\/v2\/comercios"}],"about":[{"href":"https:\/\/www.bilbaodendak.eus\/fr\/wp-json\/wp\/v2\/types\/comercios"}],"version-history":[{"count":0,"href":"https:\/\/www.bilbaodendak.eus\/fr\/wp-json\/wp\/v2\/comercios\/79303\/revisions"}],"wp:featuredmedia":[{"embeddable":true,"href":"https:\/\/www.bilbaodendak.eus\/fr\/wp-json\/wp\/v2\/media\/96106"}],"wp:attachment":[{"href":"https:\/\/www.bilbaodendak.eus\/fr\/wp-json\/wp\/v2\/media?parent=79303"}],"wp:term":[{"taxonomy":"donde-aparcar","embeddable":true,"href":"https:\/\/www.bilbaodendak.eus\/fr\/wp-json\/wp\/v2\/donde-aparcar?post=79303"},{"taxonomy":"etiquetas","embeddable":true,"href":"https:\/\/www.bilbaodendak.eus\/fr\/wp-json\/wp\/v2\/etiquetas?post=79303"},{"taxonomy":"comprar","embeddable":true,"href":"https:\/\/www.bilbaodendak.eus\/fr\/wp-json\/wp\/v2\/comprar?post=79303"},{"taxonomy":"comer","embeddable":true,"href":"https:\/\/www.bilbaodendak.eus\/fr\/wp-json\/wp\/v2\/comer?post=79303"},{"taxonomy":"distritos","embeddable":true,"href":"https:\/\/www.bilbaodendak.eus\/fr\/wp-json\/wp\/v2\/distritos?post=79303"}],"curies":[{"name":"wp","href":"https:\/\/api.w.org\/{rel}","templated":true}]}}

Centro De Día y Servicios Asistenciales Te Mimo

<h2 class="wp-block-heading">Cuidar y mimar a nuestros mayores</h2>



<h4 class="wp-block-heading">Para que estés como en casa</h4>



<p>La atención y cuidado de personas mayores de 60 años, estén o no en situación de dependencia, es su prioridad. Centro pionero en Euskadi por sus actividades y talleres innovadores desarrollados en un ambiente lúdico y familiar y dirigido por un grupo de profesionales con una clara vocación: cuidar y mimar a nuestros mayores. Este grupo multidisciplinar está especializado en el trato con personas mayores y sacan lo mejor de sí mismos para que los protagonistas se sientan como en casa.</p>



<p>Cuentan con un centro de día (no residencial), complementario al hogar y una alternativa al internamiento. También atienden a las personas que no quieren o no pueden estar solas el fin de semana y así puedan pasar el día en compañía y buen ambiente. Ofrecen también servicios asistenciales de acompañamiento y atención en el hogar y centros hospitalarios, acompañamiento para acudir a consultas médicas, realización de recados, papeleos en administraciones y menú a domicilio.</p>
