{"id":79301,"date":"2020-12-23T13:03:55","date_gmt":"2020-12-23T12:03:55","guid":{"rendered":"https:\/\/www.bilbaodendak.eus\/comercios\/centro-armengol\/"},"modified":"2020-12-23T13:03:55","modified_gmt":"2020-12-23T12:03:55","slug":"centro-armengol","status":"publish","type":"comercios","link":"https:\/\/www.bilbaodendak.eus\/fr\/comercios\/centro-armengol\/","title":{"rendered":"Centro Armengol"},"content":{"rendered":"\n<h2 class=\"wp-block-heading\">Maestros de la imagen<\/h2>\n\n\n\n<h4 class=\"wp-block-heading\">Escuela de peluquer\u00eda, est\u00e9tica y asesor\u00eda de imagen<\/h4>\n\n\n\n<p>El Centro Armengol es referente en formaci\u00f3n reglada de peluquer\u00eda y de est\u00e9tica en Bilbao, no en vano por su escuela han pasado miles de j\u00f3venes desde su fundaci\u00f3n en 1961. Ofrece una completa gama de ciclos formaticos en peluquer\u00eda y est\u00e9tica y es el \u00fanico centro privado y concertado de Euskadi en ofrecer el Ciclo Formativo de Grado Superior de Asesor\u00eda de Imagen Personal y Corporativa.<\/p>\n\n\n\n<p>El m\u00e9todo de ense\u00f1anza de Armengol tiene una clara orientaci\u00f3n pr\u00e1ctica, pues no solo se ense\u00f1a la t\u00e9cnica sino tambi\u00e9n una visi\u00f3n completa del mundo profesional, ofreciendo contenidos orientados a empleo, empresa y gesti\u00f3n de negocio. &nbsp;<\/p>\n","protected":false},"featured_media":96106,"parent":0,"template":"","donde-aparcar":[],"etiquetas":[],"comprar":[759,747],"comer":[],"distritos":[848],"class_list":["post-79301","comercios","type-comercios","status-publish","has-post-thumbnail","hentry","comprar-formation","comprar-services-fr","distritos-bilbao-la-vieja-s-fco-y-zabala-fr"],"_links":{"self":[{"href":"https:\/\/www.bilbaodendak.eus\/fr\/wp-json\/wp\/v2\/comercios\/79301","targetHints":{"allow":["GET"]}}],"collection":[{"href":"https:\/\/www.bilbaodendak.eus\/fr\/wp-json\/wp\/v2\/comercios"}],"about":[{"href":"https:\/\/www.bilbaodendak.eus\/fr\/wp-json\/wp\/v2\/types\/comercios"}],"version-history":[{"count":0,"href":"https:\/\/www.bilbaodendak.eus\/fr\/wp-json\/wp\/v2\/comercios\/79301\/revisions"}],"wp:featuredmedia":[{"embeddable":true,"href":"https:\/\/www.bilbaodendak.eus\/fr\/wp-json\/wp\/v2\/media\/96106"}],"wp:attachment":[{"href":"https:\/\/www.bilbaodendak.eus\/fr\/wp-json\/wp\/v2\/media?parent=79301"}],"wp:term":[{"taxonomy":"donde-aparcar","embeddable":true,"href":"https:\/\/www.bilbaodendak.eus\/fr\/wp-json\/wp\/v2\/donde-aparcar?post=79301"},{"taxonomy":"etiquetas","embeddable":true,"href":"https:\/\/www.bilbaodendak.eus\/fr\/wp-json\/wp\/v2\/etiquetas?post=79301"},{"taxonomy":"comprar","embeddable":true,"href":"https:\/\/www.bilbaodendak.eus\/fr\/wp-json\/wp\/v2\/comprar?post=79301"},{"taxonomy":"comer","embeddable":true,"href":"https:\/\/www.bilbaodendak.eus\/fr\/wp-json\/wp\/v2\/comer?post=79301"},{"taxonomy":"distritos","embeddable":true,"href":"https:\/\/www.bilbaodendak.eus\/fr\/wp-json\/wp\/v2\/distritos?post=79301"}],"curies":[{"name":"wp","href":"https:\/\/api.w.org\/{rel}","templated":true}]}}

<h2 class="wp-block-heading">Maestros de la imagen</h2>



<h4 class="wp-block-heading">Escuela de peluquería, estética y asesoría de imagen</h4>



<p>El Centro Armengol es referente en formación reglada de peluquería y de estética en Bilbao, no en vano por su escuela han pasado miles de jóvenes desde su fundación en 1961. Ofrece una completa gama de ciclos formaticos en peluquería y estética y es el único centro privado y concertado de Euskadi en ofrecer el Ciclo Formativo de Grado Superior de Asesoría de Imagen Personal y Corporativa.</p>



<p>El método de enseñanza de Armengol tiene una clara orientación práctica, pues no solo se enseña la técnica sino también una visión completa del mundo profesional, ofreciendo contenidos orientados a empleo, empresa y gestión de negocio. &nbsp;</p>
