{"id":79291,"date":"2020-12-23T13:03:55","date_gmt":"2020-12-23T12:03:55","guid":{"rendered":"https:\/\/www.bilbaodendak.eus\/comercios\/casa-del-cafe-te\/"},"modified":"2020-12-23T13:03:55","modified_gmt":"2020-12-23T12:03:55","slug":"casa-del-cafe-te","status":"publish","type":"comercios","link":"https:\/\/www.bilbaodendak.eus\/fr\/comercios\/casa-del-cafe-te\/","title":{"rendered":"Casa del Caf\u00e9 &#038; Te"},"content":{"rendered":"\n<h2 class=\"wp-block-heading\">El templo del caf\u00e9 y t\u00e9<\/h2>\n\n\n\n<h4 class=\"wp-block-heading\">Infinidad de variedades en un espacio acogedor<\/h4>\n\n\n\n<p>La Casa del Caf\u00e9 y el T\u00e9 es un coqueto establecimiento de Indautxu que es a la vez&nbsp;teter\u00eda y tienda. Adem\u00e1s de poner caf\u00e9s&nbsp;buen\u00edsimos, tienen una amplia gama de t\u00e9s e&nbsp;infusiones&nbsp;para elegir, as\u00ed como tazas y&nbsp;accesorios que har\u00e1n las delicias de los adictos al t\u00e9. Aqu\u00ed podr\u00e1s encontrar los mejores t\u00e9s del mundo con las m\u00e1s diversas procedencias, desde&nbsp;China a&nbsp;Sri Lanka. Entre los caf\u00e9s destacan tambi\u00e9n los originarios de&nbsp;Colombia, Hawai, Cachemira&nbsp;o Nicaragua. Puedes llev\u00e1rtelos a casa o degustarlos all\u00ed mismo, en un espacio de lo m\u00e1s coqueto y acogedor, con estanter\u00edas llenas de&nbsp;colorido&nbsp;e infinitas variedades de t\u00e9 para elegir. Con una decoraci\u00f3n bonita y tradicional, cuenta con una barra y un par de mesas perfectas para disfrutar de un buen t\u00e9 o caf\u00e9, especialmente en d\u00edas de fr\u00edo y lluvia.<\/p>\n","protected":false},"featured_media":96106,"parent":0,"template":"","donde-aparcar":[],"etiquetas":[],"comprar":[],"comer":[606],"distritos":[847],"class_list":["post-79291","comercios","type-comercios","status-publish","has-post-thumbnail","hentry","comer-bares-cafeterias-fr","distritos-bilbao-centro-fr"],"_links":{"self":[{"href":"https:\/\/www.bilbaodendak.eus\/fr\/wp-json\/wp\/v2\/comercios\/79291","targetHints":{"allow":["GET"]}}],"collection":[{"href":"https:\/\/www.bilbaodendak.eus\/fr\/wp-json\/wp\/v2\/comercios"}],"about":[{"href":"https:\/\/www.bilbaodendak.eus\/fr\/wp-json\/wp\/v2\/types\/comercios"}],"version-history":[{"count":0,"href":"https:\/\/www.bilbaodendak.eus\/fr\/wp-json\/wp\/v2\/comercios\/79291\/revisions"}],"wp:featuredmedia":[{"embeddable":true,"href":"https:\/\/www.bilbaodendak.eus\/fr\/wp-json\/wp\/v2\/media\/96106"}],"wp:attachment":[{"href":"https:\/\/www.bilbaodendak.eus\/fr\/wp-json\/wp\/v2\/media?parent=79291"}],"wp:term":[{"taxonomy":"donde-aparcar","embeddable":true,"href":"https:\/\/www.bilbaodendak.eus\/fr\/wp-json\/wp\/v2\/donde-aparcar?post=79291"},{"taxonomy":"etiquetas","embeddable":true,"href":"https:\/\/www.bilbaodendak.eus\/fr\/wp-json\/wp\/v2\/etiquetas?post=79291"},{"taxonomy":"comprar","embeddable":true,"href":"https:\/\/www.bilbaodendak.eus\/fr\/wp-json\/wp\/v2\/comprar?post=79291"},{"taxonomy":"comer","embeddable":true,"href":"https:\/\/www.bilbaodendak.eus\/fr\/wp-json\/wp\/v2\/comer?post=79291"},{"taxonomy":"distritos","embeddable":true,"href":"https:\/\/www.bilbaodendak.eus\/fr\/wp-json\/wp\/v2\/distritos?post=79291"}],"curies":[{"name":"wp","href":"https:\/\/api.w.org\/{rel}","templated":true}]}}

Casa del Café &#038; Te

<h2 class="wp-block-heading">El templo del café y té</h2>



<h4 class="wp-block-heading">Infinidad de variedades en un espacio acogedor</h4>



<p>La Casa del Café y el Té es un coqueto establecimiento de Indautxu que es a la vez&nbsp;tetería y tienda. Además de poner cafés&nbsp;buenísimos, tienen una amplia gama de tés e&nbsp;infusiones&nbsp;para elegir, así como tazas y&nbsp;accesorios que harán las delicias de los adictos al té. Aquí podrás encontrar los mejores tés del mundo con las más diversas procedencias, desde&nbsp;China a&nbsp;Sri Lanka. Entre los cafés destacan también los originarios de&nbsp;Colombia, Hawai, Cachemira&nbsp;o Nicaragua. Puedes llevártelos a casa o degustarlos allí mismo, en un espacio de lo más coqueto y acogedor, con estanterías llenas de&nbsp;colorido&nbsp;e infinitas variedades de té para elegir. Con una decoración bonita y tradicional, cuenta con una barra y un par de mesas perfectas para disfrutar de un buen té o café, especialmente en días de frío y lluvia.</p>
