{"id":79212,"date":"2020-12-23T13:04:05","date_gmt":"2020-12-23T12:04:05","guid":{"rendered":"https:\/\/www.bilbaodendak.eus\/comercios\/charcuteria-alemana-la-moderna\/"},"modified":"2025-03-05T16:51:13","modified_gmt":"2025-03-05T15:51:13","slug":"charcuteria-alemana-la-moderna","status":"publish","type":"comercios","link":"https:\/\/www.bilbaodendak.eus\/fr\/comercios\/charcuteria-alemana-la-moderna\/","title":{"rendered":"Charcuter\u00eda Alemana La Moderna"},"content":{"rendered":"<h2>Un alem\u00e1n que vino a Bilbao.<\/h2>\n<h4>Una tradici\u00f3n alemana convertida en tradici\u00f3n bilba\u00edna.<\/h4>\n<p>Desde 1932, la Charcuter\u00eda alemana La Moderna de Hermann Thate elabora artesanalmente y a diario los mejores embutidos alemanes. Hoy es la tercera generaci\u00f3n de un alem\u00e1n que vino a Bilbao, la que sigue al frente del comercio gracias a que todos los productos que venden est\u00e1n riqu\u00edsimos.<\/p>\n<p>Las especialidades son muchas. Desde todo tipo de salchichas, hasta los embutidos alemanes m\u00e1s deliciosos. Sin duda, un cl\u00e1sico de la villa. On egin! O como dicen aqu\u00ed: Guten appetit!<br \/>\nDesde 1932<\/p>\n","protected":false},"featured_media":96106,"parent":0,"template":"","donde-aparcar":[],"etiquetas":[],"comprar":[588,619,625],"comer":[],"distritos":[847],"class_list":["post-79212","comercios","type-comercios","status-publish","has-post-thumbnail","hentry","comprar-alimentacion-fr","comprar-boucheries-et-charcuteries","comprar-epicerie-fine-traiteurs-produits-specifiques","distritos-bilbao-centro-fr"],"_links":{"self":[{"href":"https:\/\/www.bilbaodendak.eus\/fr\/wp-json\/wp\/v2\/comercios\/79212","targetHints":{"allow":["GET"]}}],"collection":[{"href":"https:\/\/www.bilbaodendak.eus\/fr\/wp-json\/wp\/v2\/comercios"}],"about":[{"href":"https:\/\/www.bilbaodendak.eus\/fr\/wp-json\/wp\/v2\/types\/comercios"}],"version-history":[{"count":1,"href":"https:\/\/www.bilbaodendak.eus\/fr\/wp-json\/wp\/v2\/comercios\/79212\/revisions"}],"predecessor-version":[{"id":110883,"href":"https:\/\/www.bilbaodendak.eus\/fr\/wp-json\/wp\/v2\/comercios\/79212\/revisions\/110883"}],"wp:featuredmedia":[{"embeddable":true,"href":"https:\/\/www.bilbaodendak.eus\/fr\/wp-json\/wp\/v2\/media\/96106"}],"wp:attachment":[{"href":"https:\/\/www.bilbaodendak.eus\/fr\/wp-json\/wp\/v2\/media?parent=79212"}],"wp:term":[{"taxonomy":"donde-aparcar","embeddable":true,"href":"https:\/\/www.bilbaodendak.eus\/fr\/wp-json\/wp\/v2\/donde-aparcar?post=79212"},{"taxonomy":"etiquetas","embeddable":true,"href":"https:\/\/www.bilbaodendak.eus\/fr\/wp-json\/wp\/v2\/etiquetas?post=79212"},{"taxonomy":"comprar","embeddable":true,"href":"https:\/\/www.bilbaodendak.eus\/fr\/wp-json\/wp\/v2\/comprar?post=79212"},{"taxonomy":"comer","embeddable":true,"href":"https:\/\/www.bilbaodendak.eus\/fr\/wp-json\/wp\/v2\/comer?post=79212"},{"taxonomy":"distritos","embeddable":true,"href":"https:\/\/www.bilbaodendak.eus\/fr\/wp-json\/wp\/v2\/distritos?post=79212"}],"curies":[{"name":"wp","href":"https:\/\/api.w.org\/{rel}","templated":true}]}}

Charcutería Alemana La Moderna

<h2>Un alemán que vino a Bilbao.</h2>
<h4>Una tradición alemana convertida en tradición bilbaína.</h4>
<p>Desde 1932, la Charcutería alemana La Moderna de Hermann Thate elabora artesanalmente y a diario los mejores embutidos alemanes. Hoy es la tercera generación de un alemán que vino a Bilbao, la que sigue al frente del comercio gracias a que todos los productos que venden están riquísimos.</p>
<p>Las especialidades son muchas. Desde todo tipo de salchichas, hasta los embutidos alemanes más deliciosos. Sin duda, un clásico de la villa. On egin! O como dicen aquí: Guten appetit!<br />
Desde 1932</p>
