{"id":78965,"date":"2020-12-23T13:04:45","date_gmt":"2020-12-23T12:04:45","guid":{"rendered":"https:\/\/www.bilbaodendak.eus\/comercios\/elexpe-photoart\/"},"modified":"2025-02-24T16:56:24","modified_gmt":"2025-02-24T15:56:24","slug":"elexpe-photoart","status":"publish","type":"comercios","link":"https:\/\/www.bilbaodendak.eus\/fr\/comercios\/elexpe-photoart\/","title":{"rendered":"Elexpe Photoart"},"content":{"rendered":"\n<h2 class=\"wp-block-heading\">La fotograf\u00eda como estilo de vida<\/h2>\n\n\n\n<h4 class=\"wp-block-heading\">Con su obra Bego Elexpe retrata la vida y busca emocionarnos<\/h4>\n\n\n\n<p>Retratista por antonomasia, Bego Elexpe descubre la vida a trav\u00e9s de su c\u00e1mara. Se declara so\u00f1adora, pasional y amante de las personas y de los sentimientos, y en su fotograf\u00eda muestra todo aquello que le estimula y le hace sentir mariposas en el est\u00f3mago. Huye de las im\u00e1genes fr\u00edas y vac\u00edas, con sus instant\u00e1neas busca emocionarnos, que sintamos alegr\u00eda, tristeza, angustia, dolor, euforia\u2026 Esta artista, cuyo estudio est\u00e1 en San Francisco, es la autora de la exposici\u00f3n \u2018Retratos de un barrio\u2019 que nos aproxima a las personas que viven, trabajan y disfrutan de esta zona tan carism\u00e1tica de nuestra ciudad, y promovida por la Asociaci\u00f3n de Comercios y Empresas de San Francisco, Bilbao la Vieja y Zabala y Bilbao Historiko.<\/p>\n","protected":false},"featured_media":96106,"parent":0,"template":"","donde-aparcar":[],"etiquetas":[],"comprar":[715,721],"comer":[],"distritos":[848],"class_list":["post-78965","comercios","type-comercios","status-publish","has-post-thumbnail","hentry","comprar-autres-secteurs","comprar-photographes","distritos-bilbao-la-vieja-s-fco-y-zabala-fr"],"_links":{"self":[{"href":"https:\/\/www.bilbaodendak.eus\/fr\/wp-json\/wp\/v2\/comercios\/78965","targetHints":{"allow":["GET"]}}],"collection":[{"href":"https:\/\/www.bilbaodendak.eus\/fr\/wp-json\/wp\/v2\/comercios"}],"about":[{"href":"https:\/\/www.bilbaodendak.eus\/fr\/wp-json\/wp\/v2\/types\/comercios"}],"version-history":[{"count":1,"href":"https:\/\/www.bilbaodendak.eus\/fr\/wp-json\/wp\/v2\/comercios\/78965\/revisions"}],"predecessor-version":[{"id":110645,"href":"https:\/\/www.bilbaodendak.eus\/fr\/wp-json\/wp\/v2\/comercios\/78965\/revisions\/110645"}],"wp:featuredmedia":[{"embeddable":true,"href":"https:\/\/www.bilbaodendak.eus\/fr\/wp-json\/wp\/v2\/media\/96106"}],"wp:attachment":[{"href":"https:\/\/www.bilbaodendak.eus\/fr\/wp-json\/wp\/v2\/media?parent=78965"}],"wp:term":[{"taxonomy":"donde-aparcar","embeddable":true,"href":"https:\/\/www.bilbaodendak.eus\/fr\/wp-json\/wp\/v2\/donde-aparcar?post=78965"},{"taxonomy":"etiquetas","embeddable":true,"href":"https:\/\/www.bilbaodendak.eus\/fr\/wp-json\/wp\/v2\/etiquetas?post=78965"},{"taxonomy":"comprar","embeddable":true,"href":"https:\/\/www.bilbaodendak.eus\/fr\/wp-json\/wp\/v2\/comprar?post=78965"},{"taxonomy":"comer","embeddable":true,"href":"https:\/\/www.bilbaodendak.eus\/fr\/wp-json\/wp\/v2\/comer?post=78965"},{"taxonomy":"distritos","embeddable":true,"href":"https:\/\/www.bilbaodendak.eus\/fr\/wp-json\/wp\/v2\/distritos?post=78965"}],"curies":[{"name":"wp","href":"https:\/\/api.w.org\/{rel}","templated":true}]}}

<h2 class="wp-block-heading">La fotografía como estilo de vida</h2>



<h4 class="wp-block-heading">Con su obra Bego Elexpe retrata la vida y busca emocionarnos</h4>



<p>Retratista por antonomasia, Bego Elexpe descubre la vida a través de su cámara. Se declara soñadora, pasional y amante de las personas y de los sentimientos, y en su fotografía muestra todo aquello que le estimula y le hace sentir mariposas en el estómago. Huye de las imágenes frías y vacías, con sus instantáneas busca emocionarnos, que sintamos alegría, tristeza, angustia, dolor, euforia… Esta artista, cuyo estudio está en San Francisco, es la autora de la exposición ‘Retratos de un barrio’ que nos aproxima a las personas que viven, trabajan y disfrutan de esta zona tan carismática de nuestra ciudad, y promovida por la Asociación de Comercios y Empresas de San Francisco, Bilbao la Vieja y Zabala y Bilbao Historiko.</p>
