{"id":78814,"date":"2020-12-23T13:05:04","date_gmt":"2020-12-23T12:05:04","guid":{"rendered":"https:\/\/www.bilbaodendak.eus\/comercios\/farmacia-jimenez-hernandez\/"},"modified":"2025-09-12T09:31:45","modified_gmt":"2025-09-12T07:31:45","slug":"farmacia-jimenez-hernandez","status":"publish","type":"comercios","link":"https:\/\/www.bilbaodendak.eus\/fr\/comercios\/farmacia-jimenez-hernandez\/","title":{"rendered":"Farmacia Jim\u00e9nez Hern\u00e1ndez"},"content":{"rendered":"\n<h2 class=\"wp-block-heading\">M\u00e1s de un siglo cuidando de tu salud<\/h2>\n\n\n\n<h4 class=\"wp-block-heading\">Un gran equipo de profesionales que vela por tu bienestar y la de tu familia cada d\u00eda<\/h4>\n\n\n\n<p>Con m\u00e1s de 100 a\u00f1os de experiencia ininterrumpida, la Farmacia Jim\u00e9nez Hern\u00e1ndez es una de las boticas con m\u00e1s solera de Bilbao. Araceli Jim\u00e9nez lidera un equipo cercano y comprometido con tu bienestar. M\u00e1s all\u00e1 de la dispensaci\u00f3n de medicamentos, brinda un acompa\u00f1amiento integral para resolver cualquier duda sobre tratamientos, efectos secundarios o pautas de uso, adem\u00e1s de ofrecer servicios especializados como la formulaci\u00f3n magistral y la preparaci\u00f3n de bl\u00edsters para pacientes polimedicados. Asimismo, presta asesoramiento en nutrici\u00f3n y alimentaci\u00f3n infantil, siempre con un trato personal y profesional para que te sientas seguro en cada decisi\u00f3n relacionada con tu salud, confiando en una farmacia que escucha y se preocupa por ti.<\/p>\n\n\n\n<p>Principio del formulario<\/p>\n\n\n\n<p>C\/ Dos de mayo, 28 entrada por San Francisco 34<\/p>\n\n\n\n<p><br><br><\/p>\n","protected":false},"featured_media":60915,"parent":0,"template":"","donde-aparcar":[],"etiquetas":[],"comprar":[614,615],"comer":[],"distritos":[848],"class_list":["post-78814","comercios","type-comercios","status-publish","has-post-thumbnail","hentry","comprar-farmacias-y-parafarmacias-fr","comprar-salud-fr","distritos-bilbao-la-vieja-s-fco-y-zabala-fr"],"_links":{"self":[{"href":"https:\/\/www.bilbaodendak.eus\/fr\/wp-json\/wp\/v2\/comercios\/78814","targetHints":{"allow":["GET"]}}],"collection":[{"href":"https:\/\/www.bilbaodendak.eus\/fr\/wp-json\/wp\/v2\/comercios"}],"about":[{"href":"https:\/\/www.bilbaodendak.eus\/fr\/wp-json\/wp\/v2\/types\/comercios"}],"version-history":[{"count":1,"href":"https:\/\/www.bilbaodendak.eus\/fr\/wp-json\/wp\/v2\/comercios\/78814\/revisions"}],"predecessor-version":[{"id":116541,"href":"https:\/\/www.bilbaodendak.eus\/fr\/wp-json\/wp\/v2\/comercios\/78814\/revisions\/116541"}],"wp:featuredmedia":[{"embeddable":true,"href":"https:\/\/www.bilbaodendak.eus\/fr\/wp-json\/wp\/v2\/media\/60915"}],"wp:attachment":[{"href":"https:\/\/www.bilbaodendak.eus\/fr\/wp-json\/wp\/v2\/media?parent=78814"}],"wp:term":[{"taxonomy":"donde-aparcar","embeddable":true,"href":"https:\/\/www.bilbaodendak.eus\/fr\/wp-json\/wp\/v2\/donde-aparcar?post=78814"},{"taxonomy":"etiquetas","embeddable":true,"href":"https:\/\/www.bilbaodendak.eus\/fr\/wp-json\/wp\/v2\/etiquetas?post=78814"},{"taxonomy":"comprar","embeddable":true,"href":"https:\/\/www.bilbaodendak.eus\/fr\/wp-json\/wp\/v2\/comprar?post=78814"},{"taxonomy":"comer","embeddable":true,"href":"https:\/\/www.bilbaodendak.eus\/fr\/wp-json\/wp\/v2\/comer?post=78814"},{"taxonomy":"distritos","embeddable":true,"href":"https:\/\/www.bilbaodendak.eus\/fr\/wp-json\/wp\/v2\/distritos?post=78814"}],"curies":[{"name":"wp","href":"https:\/\/api.w.org\/{rel}","templated":true}]}}

Farmacia Jiménez Hernández

<h2 class="wp-block-heading">Más de un siglo cuidando de tu salud</h2>



<h4 class="wp-block-heading">Un gran equipo de profesionales que vela por tu bienestar y la de tu familia cada día</h4>



<p>Con más de 100 años de experiencia ininterrumpida, la Farmacia Jiménez Hernández es una de las boticas con más solera de Bilbao. Araceli Jiménez lidera un equipo cercano y comprometido con tu bienestar. Más allá de la dispensación de medicamentos, brinda un acompañamiento integral para resolver cualquier duda sobre tratamientos, efectos secundarios o pautas de uso, además de ofrecer servicios especializados como la formulación magistral y la preparación de blísters para pacientes polimedicados. Asimismo, presta asesoramiento en nutrición y alimentación infantil, siempre con un trato personal y profesional para que te sientas seguro en cada decisión relacionada con tu salud, confiando en una farmacia que escucha y se preocupa por ti.</p>



<p>Principio del formulario</p>



<p>C/ Dos de mayo, 28 entrada por San Francisco 34</p>



<p><br><br></p>
