{"id":78644,"date":"2020-12-23T13:05:29","date_gmt":"2020-12-23T12:05:29","guid":{"rendered":"https:\/\/www.bilbaodendak.eus\/comercios\/general-optica-3\/"},"modified":"2020-12-23T13:05:29","modified_gmt":"2020-12-23T12:05:29","slug":"general-optica-3","status":"publish","type":"comercios","link":"https:\/\/www.bilbaodendak.eus\/fr\/comercios\/general-optica-3\/","title":{"rendered":"General \u00d3ptica (Astarloa)"},"content":{"rendered":"\n<h2 class=\"wp-block-heading\"> Cuidando de tu mirada <\/h2>\n\n\n\n<h4 class=\"wp-block-heading\">  Disfruta de la vida con todos los sentidos <\/h4>\n\n\n\n<p>En General \u00d3ptica disponen de una amplia variedad de gafas de marca y estilos, productos de contactolog\u00eda y la tecnolog\u00eda m\u00e1s avanzada en aud\u00edfonos que se adaptan a la mejor soluci\u00f3n visual y auditiva para cada cliente. Y siempre con los mejores descuentos y garant\u00edas.<\/p>\n\n\n\n<p>Porque no todos los ojos son iguales ni todos los problemas oculares son los mismos. En General \u00d3ptica saben c\u00f3mo corregirlos para disfrutar de una buena salud visual. Y con la salud auditiva el trato es igual de bueno. Saben que detr\u00e1s de cada sonido hay una emoci\u00f3n y cuidan de tus o\u00eddos para que disfrutes de la vida con todos los sentidos.<\/p>\n\n\n\n<p>Desde 1955<\/p>\n","protected":false},"featured_media":96106,"parent":0,"template":"","donde-aparcar":[],"etiquetas":[],"comprar":[741,615],"comer":[],"distritos":[847],"class_list":["post-78644","comercios","type-comercios","status-publish","has-post-thumbnail","hentry","comprar-optique-et-audition","comprar-salud-fr","distritos-bilbao-centro-fr"],"_links":{"self":[{"href":"https:\/\/www.bilbaodendak.eus\/fr\/wp-json\/wp\/v2\/comercios\/78644","targetHints":{"allow":["GET"]}}],"collection":[{"href":"https:\/\/www.bilbaodendak.eus\/fr\/wp-json\/wp\/v2\/comercios"}],"about":[{"href":"https:\/\/www.bilbaodendak.eus\/fr\/wp-json\/wp\/v2\/types\/comercios"}],"version-history":[{"count":0,"href":"https:\/\/www.bilbaodendak.eus\/fr\/wp-json\/wp\/v2\/comercios\/78644\/revisions"}],"wp:featuredmedia":[{"embeddable":true,"href":"https:\/\/www.bilbaodendak.eus\/fr\/wp-json\/wp\/v2\/media\/96106"}],"wp:attachment":[{"href":"https:\/\/www.bilbaodendak.eus\/fr\/wp-json\/wp\/v2\/media?parent=78644"}],"wp:term":[{"taxonomy":"donde-aparcar","embeddable":true,"href":"https:\/\/www.bilbaodendak.eus\/fr\/wp-json\/wp\/v2\/donde-aparcar?post=78644"},{"taxonomy":"etiquetas","embeddable":true,"href":"https:\/\/www.bilbaodendak.eus\/fr\/wp-json\/wp\/v2\/etiquetas?post=78644"},{"taxonomy":"comprar","embeddable":true,"href":"https:\/\/www.bilbaodendak.eus\/fr\/wp-json\/wp\/v2\/comprar?post=78644"},{"taxonomy":"comer","embeddable":true,"href":"https:\/\/www.bilbaodendak.eus\/fr\/wp-json\/wp\/v2\/comer?post=78644"},{"taxonomy":"distritos","embeddable":true,"href":"https:\/\/www.bilbaodendak.eus\/fr\/wp-json\/wp\/v2\/distritos?post=78644"}],"curies":[{"name":"wp","href":"https:\/\/api.w.org\/{rel}","templated":true}]}}

General Óptica (Astarloa)

<h2 class="wp-block-heading"> Cuidando de tu mirada </h2>



<h4 class="wp-block-heading">  Disfruta de la vida con todos los sentidos </h4>



<p>En General Óptica disponen de una amplia variedad de gafas de marca y estilos, productos de contactología y la tecnología más avanzada en audífonos que se adaptan a la mejor solución visual y auditiva para cada cliente. Y siempre con los mejores descuentos y garantías.</p>



<p>Porque no todos los ojos son iguales ni todos los problemas oculares son los mismos. En General Óptica saben cómo corregirlos para disfrutar de una buena salud visual. Y con la salud auditiva el trato es igual de bueno. Saben que detrás de cada sonido hay una emoción y cuidan de tus oídos para que disfrutes de la vida con todos los sentidos.</p>



<p>Desde 1955</p>
