{"id":78094,"date":"2020-12-23T13:06:56","date_gmt":"2020-12-23T12:06:56","guid":{"rendered":"https:\/\/www.bilbaodendak.eus\/comercios\/mayoral\/"},"modified":"2020-12-23T13:06:56","modified_gmt":"2020-12-23T12:06:56","slug":"mayoral","status":"publish","type":"comercios","link":"https:\/\/www.bilbaodendak.eus\/fr\/comercios\/mayoral\/","title":{"rendered":"Mayoral"},"content":{"rendered":"\n<h2 class=\"wp-block-heading\">Personalidad y estilo propio<\/h2>\n\n\n\n<h4 class=\"wp-block-heading\">Moda infantil de calidad y m\u00e1ximo confort<\/h4>\n\n\n\n<p>En Mayoral encontrar\u00e1s la moda infantil m\u00e1s actual, que sigue las \u00faltimas tendencias del sector, y con unos dise\u00f1os \u00fanicos. Su objetivo es crear prendas y calzado de moda de buena calidad, con personalidad y estilo propio y al mejor precio posible. Apostando siempre por la calidad m\u00e1s alta, los dise\u00f1os se confeccionan con los tejidos m\u00e1s exclusivos para m\u00e1ximo confort de los m\u00e1s peque\u00f1os.<\/p>\n\n\n\n<p>En Mayoral desean acompa\u00f1ar a los m\u00e1s peque\u00f1os durante toda su infancia, por eso su colecci\u00f3n de ropa infantil abarca desde la ropa de primera puesta hasta la talla 16. Tendr\u00e1s a tu disposici\u00f3n una amplia gama de complementos y calzado para completar el look de los m\u00e1s peque\u00f1os, optimizado a su edad y a su crecimiento.<\/p>\n\n\n\n<p>Mayoral confecciona m\u00e1s de 30 millones de prendas al a\u00f1o o, como a ellos les gusta pensar, 30 millones de sonrisas.<\/p>\n","protected":false},"featured_media":96106,"parent":0,"template":"","donde-aparcar":[],"etiquetas":[],"comprar":[675,683],"comer":[],"distritos":[849],"class_list":["post-78094","comercios","type-comercios","status-publish","has-post-thumbnail","hentry","comprar-enfance","comprar-mode-enfants","distritos-casco-viejo-fr"],"_links":{"self":[{"href":"https:\/\/www.bilbaodendak.eus\/fr\/wp-json\/wp\/v2\/comercios\/78094","targetHints":{"allow":["GET"]}}],"collection":[{"href":"https:\/\/www.bilbaodendak.eus\/fr\/wp-json\/wp\/v2\/comercios"}],"about":[{"href":"https:\/\/www.bilbaodendak.eus\/fr\/wp-json\/wp\/v2\/types\/comercios"}],"version-history":[{"count":0,"href":"https:\/\/www.bilbaodendak.eus\/fr\/wp-json\/wp\/v2\/comercios\/78094\/revisions"}],"wp:featuredmedia":[{"embeddable":true,"href":"https:\/\/www.bilbaodendak.eus\/fr\/wp-json\/wp\/v2\/media\/96106"}],"wp:attachment":[{"href":"https:\/\/www.bilbaodendak.eus\/fr\/wp-json\/wp\/v2\/media?parent=78094"}],"wp:term":[{"taxonomy":"donde-aparcar","embeddable":true,"href":"https:\/\/www.bilbaodendak.eus\/fr\/wp-json\/wp\/v2\/donde-aparcar?post=78094"},{"taxonomy":"etiquetas","embeddable":true,"href":"https:\/\/www.bilbaodendak.eus\/fr\/wp-json\/wp\/v2\/etiquetas?post=78094"},{"taxonomy":"comprar","embeddable":true,"href":"https:\/\/www.bilbaodendak.eus\/fr\/wp-json\/wp\/v2\/comprar?post=78094"},{"taxonomy":"comer","embeddable":true,"href":"https:\/\/www.bilbaodendak.eus\/fr\/wp-json\/wp\/v2\/comer?post=78094"},{"taxonomy":"distritos","embeddable":true,"href":"https:\/\/www.bilbaodendak.eus\/fr\/wp-json\/wp\/v2\/distritos?post=78094"}],"curies":[{"name":"wp","href":"https:\/\/api.w.org\/{rel}","templated":true}]}}

<h2 class="wp-block-heading">Personalidad y estilo propio</h2>



<h4 class="wp-block-heading">Moda infantil de calidad y máximo confort</h4>



<p>En Mayoral encontrarás la moda infantil más actual, que sigue las últimas tendencias del sector, y con unos diseños únicos. Su objetivo es crear prendas y calzado de moda de buena calidad, con personalidad y estilo propio y al mejor precio posible. Apostando siempre por la calidad más alta, los diseños se confeccionan con los tejidos más exclusivos para máximo confort de los más pequeños.</p>



<p>En Mayoral desean acompañar a los más pequeños durante toda su infancia, por eso su colección de ropa infantil abarca desde la ropa de primera puesta hasta la talla 16. Tendrás a tu disposición una amplia gama de complementos y calzado para completar el look de los más pequeños, optimizado a su edad y a su crecimiento.</p>



<p>Mayoral confecciona más de 30 millones de prendas al año o, como a ellos les gusta pensar, 30 millones de sonrisas.</p>
