{"id":78092,"date":"2020-12-23T13:06:56","date_gmt":"2020-12-23T12:06:56","guid":{"rendered":"https:\/\/www.bilbaodendak.eus\/comercios\/maura-fotografos\/"},"modified":"2020-12-23T13:06:56","modified_gmt":"2020-12-23T12:06:56","slug":"maura-fotografos","status":"publish","type":"comercios","link":"https:\/\/www.bilbaodendak.eus\/fr\/comercios\/maura-fotografos\/","title":{"rendered":"Maura Fotografos"},"content":{"rendered":"\n<h2 class=\"wp-block-heading\">Sensibilidad y buen gusto<\/h2>\n\n\n\n<h4 class=\"wp-block-heading\">Reportajes sociales, de estudio, industriales o publicitarios<\/h4>\n\n\n\n<p>Maura fot\u00f3grafos son profesionales de la fotograf\u00eda con m\u00e1s de 50 a\u00f1os de experiencia tanto en el \u00e1mbito del reportaje social como de estudio, industrial o publicitario. Dos generaciones de fot\u00f3grafos con una visi\u00f3n clara de la fotograf\u00eda en todos los campos profesionales. Seriedad, prestigio y adaptaci\u00f3n a las tendencias actuales, exigencias de un mercado en constante evoluci\u00f3n.<\/p>\n\n\n\n<p>Garant\u00eda de ejecuci\u00f3n y la m\u00e1s alta calidad son sus fundamentos.&nbsp;Sensibilidad y buen gusto marcan la pauta<strong>.<\/strong>&nbsp;Todo ello acompa\u00f1ado de los mejores equipos t\u00e9cnicos y humanos, para ofrecer a sus clientes calidad y buen hacer.<\/p>\n","protected":false},"featured_media":96106,"parent":0,"template":"","donde-aparcar":[],"etiquetas":[],"comprar":[715,721],"comer":[],"distritos":[847],"class_list":["post-78092","comercios","type-comercios","status-publish","has-post-thumbnail","hentry","comprar-autres-secteurs","comprar-photographes","distritos-bilbao-centro-fr"],"_links":{"self":[{"href":"https:\/\/www.bilbaodendak.eus\/fr\/wp-json\/wp\/v2\/comercios\/78092","targetHints":{"allow":["GET"]}}],"collection":[{"href":"https:\/\/www.bilbaodendak.eus\/fr\/wp-json\/wp\/v2\/comercios"}],"about":[{"href":"https:\/\/www.bilbaodendak.eus\/fr\/wp-json\/wp\/v2\/types\/comercios"}],"version-history":[{"count":0,"href":"https:\/\/www.bilbaodendak.eus\/fr\/wp-json\/wp\/v2\/comercios\/78092\/revisions"}],"wp:featuredmedia":[{"embeddable":true,"href":"https:\/\/www.bilbaodendak.eus\/fr\/wp-json\/wp\/v2\/media\/96106"}],"wp:attachment":[{"href":"https:\/\/www.bilbaodendak.eus\/fr\/wp-json\/wp\/v2\/media?parent=78092"}],"wp:term":[{"taxonomy":"donde-aparcar","embeddable":true,"href":"https:\/\/www.bilbaodendak.eus\/fr\/wp-json\/wp\/v2\/donde-aparcar?post=78092"},{"taxonomy":"etiquetas","embeddable":true,"href":"https:\/\/www.bilbaodendak.eus\/fr\/wp-json\/wp\/v2\/etiquetas?post=78092"},{"taxonomy":"comprar","embeddable":true,"href":"https:\/\/www.bilbaodendak.eus\/fr\/wp-json\/wp\/v2\/comprar?post=78092"},{"taxonomy":"comer","embeddable":true,"href":"https:\/\/www.bilbaodendak.eus\/fr\/wp-json\/wp\/v2\/comer?post=78092"},{"taxonomy":"distritos","embeddable":true,"href":"https:\/\/www.bilbaodendak.eus\/fr\/wp-json\/wp\/v2\/distritos?post=78092"}],"curies":[{"name":"wp","href":"https:\/\/api.w.org\/{rel}","templated":true}]}}

<h2 class="wp-block-heading">Sensibilidad y buen gusto</h2>



<h4 class="wp-block-heading">Reportajes sociales, de estudio, industriales o publicitarios</h4>



<p>Maura fotógrafos son profesionales de la fotografía con más de 50 años de experiencia tanto en el ámbito del reportaje social como de estudio, industrial o publicitario. Dos generaciones de fotógrafos con una visión clara de la fotografía en todos los campos profesionales. Seriedad, prestigio y adaptación a las tendencias actuales, exigencias de un mercado en constante evolución.</p>



<p>Garantía de ejecución y la más alta calidad son sus fundamentos.&nbsp;Sensibilidad y buen gusto marcan la pauta<strong>.</strong>&nbsp;Todo ello acompañado de los mejores equipos técnicos y humanos, para ofrecer a sus clientes calidad y buen hacer.</p>
