{"id":77976,"date":"2020-12-23T13:07:18","date_gmt":"2020-12-23T12:07:18","guid":{"rendered":"https:\/\/www.bilbaodendak.eus\/comercios\/opticalia-ilarte\/"},"modified":"2025-03-06T09:23:36","modified_gmt":"2025-03-06T08:23:36","slug":"opticalia-ilarte","status":"publish","type":"comercios","link":"https:\/\/www.bilbaodendak.eus\/fr\/comercios\/opticalia-ilarte\/","title":{"rendered":"\u00d3ptica Ilarte Audici\u00f3n"},"content":{"rendered":"\n<h2 class=\"wp-block-heading\">Especialistas en\u00a0ortoqueratolog\u00eda<\/h2>\n\n\n\n<h4 class=\"wp-block-heading\">Orto-k, m\u00e9todo de correcci\u00f3n de visi\u00f3n sin cirug\u00eda ni necesidad de usar gafas ni lentillas<\/h4>\n\n\n\n<p>En el coraz\u00f3n de Rekalde, \u00d3ptica Ilarte Audici\u00f3n brinda soluciones personalizadas para mejorar la salud visual y auditiva: lentes de contacto, gafas graduadas, deportivas, de sol y aud\u00edfonos de \u00faltima generaci\u00f3n que ofrecen la m\u00e1xima comodidad, calidad y est\u00e9tica. Pero sobre todo destaca por ser pioneros en el uso de t\u00e9cnicas novedosas para mejorar la visibilidad como es la Orto-k.<\/p>\n\n\n\n<p>La ortoqueratolog\u00eda trata la miop\u00eda, hipermetrop\u00eda y el astigmatismo y logra el 100% de la visi\u00f3n durante el d\u00eda sin la necesidad de usar gafas ni lentillas ni pasar por el quir\u00f3fano. \u00bfQuieres saber m\u00e1s? Ll\u00e1males.<\/p>\n\n\n\n<p>Desde 1997<\/p>\n\n\n\n<p><\/p>\n","protected":false},"featured_media":96106,"parent":0,"template":"","donde-aparcar":[],"etiquetas":[],"comprar":[741,615],"comer":[],"distritos":[590],"class_list":["post-77976","comercios","type-comercios","status-publish","has-post-thumbnail","hentry","comprar-optique-et-audition","comprar-salud-fr","distritos-rekalde-fr"],"_links":{"self":[{"href":"https:\/\/www.bilbaodendak.eus\/fr\/wp-json\/wp\/v2\/comercios\/77976","targetHints":{"allow":["GET"]}}],"collection":[{"href":"https:\/\/www.bilbaodendak.eus\/fr\/wp-json\/wp\/v2\/comercios"}],"about":[{"href":"https:\/\/www.bilbaodendak.eus\/fr\/wp-json\/wp\/v2\/types\/comercios"}],"version-history":[{"count":1,"href":"https:\/\/www.bilbaodendak.eus\/fr\/wp-json\/wp\/v2\/comercios\/77976\/revisions"}],"predecessor-version":[{"id":103034,"href":"https:\/\/www.bilbaodendak.eus\/fr\/wp-json\/wp\/v2\/comercios\/77976\/revisions\/103034"}],"wp:featuredmedia":[{"embeddable":true,"href":"https:\/\/www.bilbaodendak.eus\/fr\/wp-json\/wp\/v2\/media\/96106"}],"wp:attachment":[{"href":"https:\/\/www.bilbaodendak.eus\/fr\/wp-json\/wp\/v2\/media?parent=77976"}],"wp:term":[{"taxonomy":"donde-aparcar","embeddable":true,"href":"https:\/\/www.bilbaodendak.eus\/fr\/wp-json\/wp\/v2\/donde-aparcar?post=77976"},{"taxonomy":"etiquetas","embeddable":true,"href":"https:\/\/www.bilbaodendak.eus\/fr\/wp-json\/wp\/v2\/etiquetas?post=77976"},{"taxonomy":"comprar","embeddable":true,"href":"https:\/\/www.bilbaodendak.eus\/fr\/wp-json\/wp\/v2\/comprar?post=77976"},{"taxonomy":"comer","embeddable":true,"href":"https:\/\/www.bilbaodendak.eus\/fr\/wp-json\/wp\/v2\/comer?post=77976"},{"taxonomy":"distritos","embeddable":true,"href":"https:\/\/www.bilbaodendak.eus\/fr\/wp-json\/wp\/v2\/distritos?post=77976"}],"curies":[{"name":"wp","href":"https:\/\/api.w.org\/{rel}","templated":true}]}}

Óptica Ilarte Audición

<h2 class="wp-block-heading">Especialistas en ortoqueratología</h2>



<h4 class="wp-block-heading">Orto-k, método de corrección de visión sin cirugía ni necesidad de usar gafas ni lentillas</h4>



<p>En el corazón de Rekalde, Óptica Ilarte Audición brinda soluciones personalizadas para mejorar la salud visual y auditiva: lentes de contacto, gafas graduadas, deportivas, de sol y audífonos de última generación que ofrecen la máxima comodidad, calidad y estética. Pero sobre todo destaca por ser pioneros en el uso de técnicas novedosas para mejorar la visibilidad como es la Orto-k.</p>



<p>La ortoqueratología trata la miopía, hipermetropía y el astigmatismo y logra el 100% de la visión durante el día sin la necesidad de usar gafas ni lentillas ni pasar por el quirófano. ¿Quieres saber más? Llámales.</p>



<p>Desde 1997</p>



<p></p>
