{"id":77603,"date":"2020-12-23T13:08:17","date_gmt":"2020-12-23T12:08:17","guid":{"rendered":"https:\/\/www.bilbaodendak.eus\/comercios\/r-evoluciona-taller-de-cueros\/"},"modified":"2025-07-22T13:21:18","modified_gmt":"2025-07-22T11:21:18","slug":"r-evoluciona-taller-de-cueros","status":"publish","type":"comercios","link":"https:\/\/www.bilbaodendak.eus\/fr\/comercios\/r-evoluciona-taller-de-cueros\/","title":{"rendered":"R-Evoluciona Taller de Cuero"},"content":{"rendered":"\n<h2 class=\"wp-block-heading\">Una tienda taller de cuero.<\/h2>\n\n\n\n<h4 class=\"wp-block-heading\">El lugar para iniciarte en el mundo de la marroquiner\u00eda<\/h4>\n\n\n\n<p>R-evoluciona es una tienda taller donde podr\u00e1s encontrar cualquier art\u00edculo relacionado con el cuero y la marroquiner\u00eda. Todo empez\u00f3 cuando Fernando mont\u00f3 su propio taller y comenz\u00f3 a dar clases. Ainhoa fue alumna suya y desde entonces trabajan juntos. Se complementan: \u00e9l es m\u00e1s t\u00e9cnico y ella m\u00e1s creativa. Dedican parte del d\u00eda a la fabricaci\u00f3n propia y el resto a impartir talleres. No hay ning\u00fan otro espacio en la ciudad que cuente con tanto material para hacer tus propias creaciones.<\/p>\n\n\n\n<p><\/p>\n","protected":false},"featured_media":60984,"parent":0,"template":"","donde-aparcar":[],"etiquetas":[],"comprar":[705,707],"comer":[],"distritos":[848],"class_list":["post-77603","comercios","type-comercios","status-publish","has-post-thumbnail","hentry","comprar-mode-et-accessoires","comprar-sacs-et-accessoires","distritos-bilbao-la-vieja-s-fco-y-zabala-fr"],"_links":{"self":[{"href":"https:\/\/www.bilbaodendak.eus\/fr\/wp-json\/wp\/v2\/comercios\/77603","targetHints":{"allow":["GET"]}}],"collection":[{"href":"https:\/\/www.bilbaodendak.eus\/fr\/wp-json\/wp\/v2\/comercios"}],"about":[{"href":"https:\/\/www.bilbaodendak.eus\/fr\/wp-json\/wp\/v2\/types\/comercios"}],"version-history":[{"count":1,"href":"https:\/\/www.bilbaodendak.eus\/fr\/wp-json\/wp\/v2\/comercios\/77603\/revisions"}],"predecessor-version":[{"id":110975,"href":"https:\/\/www.bilbaodendak.eus\/fr\/wp-json\/wp\/v2\/comercios\/77603\/revisions\/110975"}],"wp:featuredmedia":[{"embeddable":true,"href":"https:\/\/www.bilbaodendak.eus\/fr\/wp-json\/wp\/v2\/media\/60984"}],"wp:attachment":[{"href":"https:\/\/www.bilbaodendak.eus\/fr\/wp-json\/wp\/v2\/media?parent=77603"}],"wp:term":[{"taxonomy":"donde-aparcar","embeddable":true,"href":"https:\/\/www.bilbaodendak.eus\/fr\/wp-json\/wp\/v2\/donde-aparcar?post=77603"},{"taxonomy":"etiquetas","embeddable":true,"href":"https:\/\/www.bilbaodendak.eus\/fr\/wp-json\/wp\/v2\/etiquetas?post=77603"},{"taxonomy":"comprar","embeddable":true,"href":"https:\/\/www.bilbaodendak.eus\/fr\/wp-json\/wp\/v2\/comprar?post=77603"},{"taxonomy":"comer","embeddable":true,"href":"https:\/\/www.bilbaodendak.eus\/fr\/wp-json\/wp\/v2\/comer?post=77603"},{"taxonomy":"distritos","embeddable":true,"href":"https:\/\/www.bilbaodendak.eus\/fr\/wp-json\/wp\/v2\/distritos?post=77603"}],"curies":[{"name":"wp","href":"https:\/\/api.w.org\/{rel}","templated":true}]}}

<h2 class="wp-block-heading">Una tienda taller de cuero.</h2>



<h4 class="wp-block-heading">El lugar para iniciarte en el mundo de la marroquinería</h4>



<p>R-evoluciona es una tienda taller donde podrás encontrar cualquier artículo relacionado con el cuero y la marroquinería. Todo empezó cuando Fernando montó su propio taller y comenzó a dar clases. Ainhoa fue alumna suya y desde entonces trabajan juntos. Se complementan: él es más técnico y ella más creativa. Dedican parte del día a la fabricación propia y el resto a impartir talleres. No hay ningún otro espacio en la ciudad que cuente con tanto material para hacer tus propias creaciones.</p>



<p></p>
