{"id":76594,"date":"2022-05-02T15:38:34","date_gmt":"2022-05-02T13:38:34","guid":{"rendered":"https:\/\/www.bilbaodendak.eus\/comercios\/centro-de-estetica-f-gordillo\/"},"modified":"2022-05-02T15:38:34","modified_gmt":"2022-05-02T13:38:34","slug":"centro-de-estetica-f-gordillo","status":"publish","type":"comercios","link":"https:\/\/www.bilbaodendak.eus\/fr\/comercios\/centro-de-estetica-f-gordillo\/","title":{"rendered":"Centro de est\u00e9tica F. Gordillo"},"content":{"rendered":"\n<h2 class=\"wp-block-heading\">Profesionales en belleza<\/h2>\n\n\n\n<h4 class=\"wp-block-heading\">Sentirse bien por dentro y por fuera<\/h4>\n\n\n\n<p>Profesionalidad, amabilidad, atenci\u00f3n pormenorizada al cliente, calidad y excelentes resultados. Esto es, en pocas palabras, lo que te ofrece el centro de Est\u00e9tica F. Gordillo. \u00bfPor qu\u00e9 ir a este sal\u00f3n de belleza? Porque las esteticistas saben perfectamente lo que quieres y c\u00f3mo lo quieres. Por lo bien que te tratan. Y por lo bien que te sientes, tanto por dentro como por fuera. Por eso siempre vuelves.<\/p>\n\n\n\n<p>Te ofrece thermolipolisis, tratamientos corporales y faciales, masajes, depilaci\u00f3n el\u00e9ctrica, cera y l\u00e1ser, manicura y pedicura, micropigmentaci\u00f3n, presoterapia y cavitaci\u00f3n. Pide cita y ponte en manos de sus expertos profesionales.<\/p>\n","protected":false},"featured_media":96106,"parent":0,"template":"","donde-aparcar":[],"etiquetas":[],"comprar":[643,639],"comer":[],"distritos":[845],"class_list":["post-76594","comercios","type-comercios","status-publish","has-post-thumbnail","hentry","comprar-coiffure-et-esthetique-fr","comprar-instituts-de-beaute","distritos-abusu-la-pena-fr"],"_links":{"self":[{"href":"https:\/\/www.bilbaodendak.eus\/fr\/wp-json\/wp\/v2\/comercios\/76594","targetHints":{"allow":["GET"]}}],"collection":[{"href":"https:\/\/www.bilbaodendak.eus\/fr\/wp-json\/wp\/v2\/comercios"}],"about":[{"href":"https:\/\/www.bilbaodendak.eus\/fr\/wp-json\/wp\/v2\/types\/comercios"}],"version-history":[{"count":0,"href":"https:\/\/www.bilbaodendak.eus\/fr\/wp-json\/wp\/v2\/comercios\/76594\/revisions"}],"wp:featuredmedia":[{"embeddable":true,"href":"https:\/\/www.bilbaodendak.eus\/fr\/wp-json\/wp\/v2\/media\/96106"}],"wp:attachment":[{"href":"https:\/\/www.bilbaodendak.eus\/fr\/wp-json\/wp\/v2\/media?parent=76594"}],"wp:term":[{"taxonomy":"donde-aparcar","embeddable":true,"href":"https:\/\/www.bilbaodendak.eus\/fr\/wp-json\/wp\/v2\/donde-aparcar?post=76594"},{"taxonomy":"etiquetas","embeddable":true,"href":"https:\/\/www.bilbaodendak.eus\/fr\/wp-json\/wp\/v2\/etiquetas?post=76594"},{"taxonomy":"comprar","embeddable":true,"href":"https:\/\/www.bilbaodendak.eus\/fr\/wp-json\/wp\/v2\/comprar?post=76594"},{"taxonomy":"comer","embeddable":true,"href":"https:\/\/www.bilbaodendak.eus\/fr\/wp-json\/wp\/v2\/comer?post=76594"},{"taxonomy":"distritos","embeddable":true,"href":"https:\/\/www.bilbaodendak.eus\/fr\/wp-json\/wp\/v2\/distritos?post=76594"}],"curies":[{"name":"wp","href":"https:\/\/api.w.org\/{rel}","templated":true}]}}

Centro de estética F. Gordillo

<h2 class="wp-block-heading">Profesionales en belleza</h2>



<h4 class="wp-block-heading">Sentirse bien por dentro y por fuera</h4>



<p>Profesionalidad, amabilidad, atención pormenorizada al cliente, calidad y excelentes resultados. Esto es, en pocas palabras, lo que te ofrece el centro de Estética F. Gordillo. ¿Por qué ir a este salón de belleza? Porque las esteticistas saben perfectamente lo que quieres y cómo lo quieres. Por lo bien que te tratan. Y por lo bien que te sientes, tanto por dentro como por fuera. Por eso siempre vuelves.</p>



<p>Te ofrece thermolipolisis, tratamientos corporales y faciales, masajes, depilación eléctrica, cera y láser, manicura y pedicura, micropigmentación, presoterapia y cavitación. Pide cita y ponte en manos de sus expertos profesionales.</p>
