{"id":76484,"date":"2022-06-07T15:04:20","date_gmt":"2022-06-07T13:04:20","guid":{"rendered":"https:\/\/www.bilbaodendak.eus\/comercios\/minimil\/"},"modified":"2024-09-10T14:15:58","modified_gmt":"2024-09-10T12:15:58","slug":"minimil","status":"publish","type":"comercios","link":"https:\/\/www.bilbaodendak.eus\/fr\/comercios\/minimil\/","title":{"rendered":"Minimil"},"content":{"rendered":"\n<h2 class=\"wp-block-heading\">Bajo la influencia de Balenciaga<\/h2>\n\n\n\n<h4 class=\"wp-block-heading\">Expertas en feminidad<\/h4>\n\n\n\n<p>Minimil es una empresa familiar formada por Contxu Uzkudun y sus dos hijas, Ana y Beatriz. Creada en Donostia a finales de los ochenta, Minimil se ha convertido en una de las firmas de referencia de la alta costura en el Pa\u00eds Vasco. Una empresa que desde su fundaci\u00f3n ha sido dirigida y gestionada exclusivamente por mujeres, convirti\u00e9ndose en un referente de la defensa de los derechos y la autonom\u00eda de la mujer en el trabajo.<\/p>\n\n\n\n<p>Balenciaga es su mayor influencia, presente en la simplicidad de las formas, la calidad de los tejidos y la buena factura de la prenda. Minimil saca lo mejor de cada mujer, con piezas que ponen de relieve la sensualidad y la feminidad, combina lo cl\u00e1sico con lo innovador y juega con dise\u00f1os austeros y exquisitos detalles de aire m\u00e1s festivo.<\/p>\n\n\n\n<p>Desde 1987<\/p>\n","protected":false},"featured_media":73612,"parent":0,"template":"","donde-aparcar":[],"etiquetas":[],"comprar":[705],"comer":[],"distritos":[847],"class_list":["post-76484","comercios","type-comercios","status-publish","has-post-thumbnail","hentry","comprar-mode-et-accessoires","distritos-bilbao-centro-fr"],"_links":{"self":[{"href":"https:\/\/www.bilbaodendak.eus\/fr\/wp-json\/wp\/v2\/comercios\/76484","targetHints":{"allow":["GET"]}}],"collection":[{"href":"https:\/\/www.bilbaodendak.eus\/fr\/wp-json\/wp\/v2\/comercios"}],"about":[{"href":"https:\/\/www.bilbaodendak.eus\/fr\/wp-json\/wp\/v2\/types\/comercios"}],"version-history":[{"count":1,"href":"https:\/\/www.bilbaodendak.eus\/fr\/wp-json\/wp\/v2\/comercios\/76484\/revisions"}],"predecessor-version":[{"id":103551,"href":"https:\/\/www.bilbaodendak.eus\/fr\/wp-json\/wp\/v2\/comercios\/76484\/revisions\/103551"}],"wp:featuredmedia":[{"embeddable":true,"href":"https:\/\/www.bilbaodendak.eus\/fr\/wp-json\/wp\/v2\/media\/73612"}],"wp:attachment":[{"href":"https:\/\/www.bilbaodendak.eus\/fr\/wp-json\/wp\/v2\/media?parent=76484"}],"wp:term":[{"taxonomy":"donde-aparcar","embeddable":true,"href":"https:\/\/www.bilbaodendak.eus\/fr\/wp-json\/wp\/v2\/donde-aparcar?post=76484"},{"taxonomy":"etiquetas","embeddable":true,"href":"https:\/\/www.bilbaodendak.eus\/fr\/wp-json\/wp\/v2\/etiquetas?post=76484"},{"taxonomy":"comprar","embeddable":true,"href":"https:\/\/www.bilbaodendak.eus\/fr\/wp-json\/wp\/v2\/comprar?post=76484"},{"taxonomy":"comer","embeddable":true,"href":"https:\/\/www.bilbaodendak.eus\/fr\/wp-json\/wp\/v2\/comer?post=76484"},{"taxonomy":"distritos","embeddable":true,"href":"https:\/\/www.bilbaodendak.eus\/fr\/wp-json\/wp\/v2\/distritos?post=76484"}],"curies":[{"name":"wp","href":"https:\/\/api.w.org\/{rel}","templated":true}]}}

<h2 class="wp-block-heading">Bajo la influencia de Balenciaga</h2>



<h4 class="wp-block-heading">Expertas en feminidad</h4>



<p>Minimil es una empresa familiar formada por Contxu Uzkudun y sus dos hijas, Ana y Beatriz. Creada en Donostia a finales de los ochenta, Minimil se ha convertido en una de las firmas de referencia de la alta costura en el País Vasco. Una empresa que desde su fundación ha sido dirigida y gestionada exclusivamente por mujeres, convirtiéndose en un referente de la defensa de los derechos y la autonomía de la mujer en el trabajo.</p>



<p>Balenciaga es su mayor influencia, presente en la simplicidad de las formas, la calidad de los tejidos y la buena factura de la prenda. Minimil saca lo mejor de cada mujer, con piezas que ponen de relieve la sensualidad y la feminidad, combina lo clásico con lo innovador y juega con diseños austeros y exquisitos detalles de aire más festivo.</p>



<p>Desde 1987</p>
