{"id":76412,"date":"2022-10-26T13:44:39","date_gmt":"2022-10-26T11:44:39","guid":{"rendered":"https:\/\/www.bilbaodendak.eus\/comercios\/la-ventana-natural-deusto\/"},"modified":"2022-10-26T13:44:39","modified_gmt":"2022-10-26T11:44:39","slug":"la-ventana-natural-deusto","status":"publish","type":"comercios","link":"https:\/\/www.bilbaodendak.eus\/fr\/comercios\/la-ventana-natural-deusto\/","title":{"rendered":"La Ventana Natural Deusto"},"content":{"rendered":"\n<h2 class=\"wp-block-heading\">El herbolario del Siglo XXI<\/h2>\n\n\n\n<h4 class=\"wp-block-heading\">Un espacio imprescindible para la alimentaci\u00f3n saludable<\/h4>\n\n\n\n<p>La Ventana Natural es una franquicia de Laboratorios Ynsadiet creada hace m\u00e1s de 20 a\u00f1os para cubrir las necesidades de consumidores exigentes y entendidos en el mundo de la alimentaci\u00f3n saludable. Un establecimiento innovador y moderno que no ha perdido la esencia tradicional del concepto de vida natural. Es, adem\u00e1s de un referente para sus consumidores, el herbolario del Siglo XXI.<\/p>\n\n\n\n<p>Su garant\u00eda, l\u00edderes en la fabricaci\u00f3n de complementos diet\u00e9ticos, cosm\u00e9tica natural, alimentaci\u00f3n natural y ecol\u00f3gica durante cuatro d\u00e9cadas, unida a los revolucionarios servicios personalizados en control de peso hacen de La Ventana Natural un espacio imprescindible.<\/p>\n","protected":false},"featured_media":73556,"parent":0,"template":"","donde-aparcar":[],"etiquetas":[],"comprar":[588,621],"comer":[],"distritos":[850],"class_list":["post-76412","comercios","type-comercios","status-publish","has-post-thumbnail","hentry","comprar-alimentacion-fr","comprar-dietetique-et-herboristeries","distritos-deusto-fr"],"_links":{"self":[{"href":"https:\/\/www.bilbaodendak.eus\/fr\/wp-json\/wp\/v2\/comercios\/76412","targetHints":{"allow":["GET"]}}],"collection":[{"href":"https:\/\/www.bilbaodendak.eus\/fr\/wp-json\/wp\/v2\/comercios"}],"about":[{"href":"https:\/\/www.bilbaodendak.eus\/fr\/wp-json\/wp\/v2\/types\/comercios"}],"version-history":[{"count":0,"href":"https:\/\/www.bilbaodendak.eus\/fr\/wp-json\/wp\/v2\/comercios\/76412\/revisions"}],"wp:featuredmedia":[{"embeddable":true,"href":"https:\/\/www.bilbaodendak.eus\/fr\/wp-json\/wp\/v2\/media\/73556"}],"wp:attachment":[{"href":"https:\/\/www.bilbaodendak.eus\/fr\/wp-json\/wp\/v2\/media?parent=76412"}],"wp:term":[{"taxonomy":"donde-aparcar","embeddable":true,"href":"https:\/\/www.bilbaodendak.eus\/fr\/wp-json\/wp\/v2\/donde-aparcar?post=76412"},{"taxonomy":"etiquetas","embeddable":true,"href":"https:\/\/www.bilbaodendak.eus\/fr\/wp-json\/wp\/v2\/etiquetas?post=76412"},{"taxonomy":"comprar","embeddable":true,"href":"https:\/\/www.bilbaodendak.eus\/fr\/wp-json\/wp\/v2\/comprar?post=76412"},{"taxonomy":"comer","embeddable":true,"href":"https:\/\/www.bilbaodendak.eus\/fr\/wp-json\/wp\/v2\/comer?post=76412"},{"taxonomy":"distritos","embeddable":true,"href":"https:\/\/www.bilbaodendak.eus\/fr\/wp-json\/wp\/v2\/distritos?post=76412"}],"curies":[{"name":"wp","href":"https:\/\/api.w.org\/{rel}","templated":true}]}}

<h2 class="wp-block-heading">El herbolario del Siglo XXI</h2>



<h4 class="wp-block-heading">Un espacio imprescindible para la alimentación saludable</h4>



<p>La Ventana Natural es una franquicia de Laboratorios Ynsadiet creada hace más de 20 años para cubrir las necesidades de consumidores exigentes y entendidos en el mundo de la alimentación saludable. Un establecimiento innovador y moderno que no ha perdido la esencia tradicional del concepto de vida natural. Es, además de un referente para sus consumidores, el herbolario del Siglo XXI.</p>



<p>Su garantía, líderes en la fabricación de complementos dietéticos, cosmética natural, alimentación natural y ecológica durante cuatro décadas, unida a los revolucionarios servicios personalizados en control de peso hacen de La Ventana Natural un espacio imprescindible.</p>
