{"id":76234,"date":"2023-02-06T13:24:59","date_gmt":"2023-02-06T12:24:59","guid":{"rendered":"https:\/\/www.bilbaodendak.eus\/comercios\/peluqueria-gemma-vargas\/"},"modified":"2025-01-09T15:36:44","modified_gmt":"2025-01-09T14:36:44","slug":"peluqueria-gemma-vargas","status":"publish","type":"comercios","link":"https:\/\/www.bilbaodendak.eus\/fr\/comercios\/peluqueria-gemma-vargas\/","title":{"rendered":"Peluquer\u00eda Gemma Vargas"},"content":{"rendered":"\n<h2 class=\"wp-block-heading\">La magia est\u00e1 en sus manos<\/h2>\n\n\n\n<h4 class=\"wp-block-heading\">La peluquer\u00eda Gemma Vargas domina los cortes precisos y los colores radiantes<\/h4>\n\n\n\n<p>El sal\u00f3n de belleza Gemma Vargas realizan todo tipo de cortes, peinados y tratamientos con resultados espectaculares y colores radiantes. Dan luz a las melenas con brillos naturales, consiguen que tu cabello luzca sano e hidratado, incluso tienen el elixir de la juventud, tratamientos antiedad de col\u00e1geno, vitamina A y elastina para cuidarse desde dentro. P\u00e1sate por esta acogedora peluquer\u00eda y ponte en manos de Gemma, ella sabr\u00e1 poner la moda y las tendencias a tu servicio, te har\u00e1 cortes y peinados actuales, llenos de magia para el d\u00eda a d\u00eda o para celebraciones para que seas la novia m\u00e1s bonita o la invitada perfecta.<\/p>\n","protected":false},"featured_media":96106,"parent":0,"template":"","donde-aparcar":[],"etiquetas":[],"comprar":[643,639],"comer":[],"distritos":[849],"class_list":["post-76234","comercios","type-comercios","status-publish","has-post-thumbnail","hentry","comprar-coiffure-et-esthetique-fr","comprar-instituts-de-beaute","distritos-casco-viejo-fr"],"_links":{"self":[{"href":"https:\/\/www.bilbaodendak.eus\/fr\/wp-json\/wp\/v2\/comercios\/76234","targetHints":{"allow":["GET"]}}],"collection":[{"href":"https:\/\/www.bilbaodendak.eus\/fr\/wp-json\/wp\/v2\/comercios"}],"about":[{"href":"https:\/\/www.bilbaodendak.eus\/fr\/wp-json\/wp\/v2\/types\/comercios"}],"version-history":[{"count":1,"href":"https:\/\/www.bilbaodendak.eus\/fr\/wp-json\/wp\/v2\/comercios\/76234\/revisions"}],"predecessor-version":[{"id":108249,"href":"https:\/\/www.bilbaodendak.eus\/fr\/wp-json\/wp\/v2\/comercios\/76234\/revisions\/108249"}],"wp:featuredmedia":[{"embeddable":true,"href":"https:\/\/www.bilbaodendak.eus\/fr\/wp-json\/wp\/v2\/media\/96106"}],"wp:attachment":[{"href":"https:\/\/www.bilbaodendak.eus\/fr\/wp-json\/wp\/v2\/media?parent=76234"}],"wp:term":[{"taxonomy":"donde-aparcar","embeddable":true,"href":"https:\/\/www.bilbaodendak.eus\/fr\/wp-json\/wp\/v2\/donde-aparcar?post=76234"},{"taxonomy":"etiquetas","embeddable":true,"href":"https:\/\/www.bilbaodendak.eus\/fr\/wp-json\/wp\/v2\/etiquetas?post=76234"},{"taxonomy":"comprar","embeddable":true,"href":"https:\/\/www.bilbaodendak.eus\/fr\/wp-json\/wp\/v2\/comprar?post=76234"},{"taxonomy":"comer","embeddable":true,"href":"https:\/\/www.bilbaodendak.eus\/fr\/wp-json\/wp\/v2\/comer?post=76234"},{"taxonomy":"distritos","embeddable":true,"href":"https:\/\/www.bilbaodendak.eus\/fr\/wp-json\/wp\/v2\/distritos?post=76234"}],"curies":[{"name":"wp","href":"https:\/\/api.w.org\/{rel}","templated":true}]}}

Peluquería Gemma Vargas

<h2 class="wp-block-heading">La magia está en sus manos</h2>



<h4 class="wp-block-heading">La peluquería Gemma Vargas domina los cortes precisos y los colores radiantes</h4>



<p>El salón de belleza Gemma Vargas realizan todo tipo de cortes, peinados y tratamientos con resultados espectaculares y colores radiantes. Dan luz a las melenas con brillos naturales, consiguen que tu cabello luzca sano e hidratado, incluso tienen el elixir de la juventud, tratamientos antiedad de colágeno, vitamina A y elastina para cuidarse desde dentro. Pásate por esta acogedora peluquería y ponte en manos de Gemma, ella sabrá poner la moda y las tendencias a tu servicio, te hará cortes y peinados actuales, llenos de magia para el día a día o para celebraciones para que seas la novia más bonita o la invitada perfecta.</p>
