{"id":76220,"date":"2023-02-15T10:42:33","date_gmt":"2023-02-15T09:42:33","guid":{"rendered":"https:\/\/www.bilbaodendak.eus\/comercios\/colchoneria-del-norte\/"},"modified":"2025-01-09T15:38:52","modified_gmt":"2025-01-09T14:38:52","slug":"colchoneria-del-norte","status":"publish","type":"comercios","link":"https:\/\/www.bilbaodendak.eus\/fr\/comercios\/colchoneria-del-norte\/","title":{"rendered":"Colchoner\u00eda del Norte"},"content":{"rendered":"\n<h2 class=\"wp-block-heading\">El descanso como bandera<\/h2>\n\n\n\n<h4 class=\"wp-block-heading\">Todo en colchones y almohadas para cuidar tu sue\u00f1o<\/h4>\n\n\n\n<p>Son m\u00e1s de dos d\u00e9cadas cuidando el descanso de los vecinos y vecinas de Deusto. En Colchoner\u00eda del Norte encontrar\u00e1s una amplia gama de colchones, somiers y canap\u00e9s, as\u00ed como camas articuladas para geriatr\u00eda. Adem\u00e1s, cuentan con una selecci\u00f3n de almohadas de distintos materiales, durezas y alturas para que cada persona elija la que sea m\u00e1s confortable para ella, as\u00ed como fundas n\u00f3rdicas y cubrecolchones. En definitiva, encontrar\u00e1s todo lo que necesitas para tu cama, para que dormir a pierna suelta no sea una proeza sino el descanso merecido y reparador que todos requerimos.<\/p>\n","protected":false},"featured_media":96106,"parent":0,"template":"","donde-aparcar":[],"etiquetas":[],"comprar":[657,653],"comer":[],"distritos":[850],"class_list":["post-76220","comercios","type-comercios","status-publish","has-post-thumbnail","hentry","comprar-literie","comprar-maison-et-decoration","distritos-deusto-fr"],"_links":{"self":[{"href":"https:\/\/www.bilbaodendak.eus\/fr\/wp-json\/wp\/v2\/comercios\/76220","targetHints":{"allow":["GET"]}}],"collection":[{"href":"https:\/\/www.bilbaodendak.eus\/fr\/wp-json\/wp\/v2\/comercios"}],"about":[{"href":"https:\/\/www.bilbaodendak.eus\/fr\/wp-json\/wp\/v2\/types\/comercios"}],"version-history":[{"count":1,"href":"https:\/\/www.bilbaodendak.eus\/fr\/wp-json\/wp\/v2\/comercios\/76220\/revisions"}],"predecessor-version":[{"id":108256,"href":"https:\/\/www.bilbaodendak.eus\/fr\/wp-json\/wp\/v2\/comercios\/76220\/revisions\/108256"}],"wp:featuredmedia":[{"embeddable":true,"href":"https:\/\/www.bilbaodendak.eus\/fr\/wp-json\/wp\/v2\/media\/96106"}],"wp:attachment":[{"href":"https:\/\/www.bilbaodendak.eus\/fr\/wp-json\/wp\/v2\/media?parent=76220"}],"wp:term":[{"taxonomy":"donde-aparcar","embeddable":true,"href":"https:\/\/www.bilbaodendak.eus\/fr\/wp-json\/wp\/v2\/donde-aparcar?post=76220"},{"taxonomy":"etiquetas","embeddable":true,"href":"https:\/\/www.bilbaodendak.eus\/fr\/wp-json\/wp\/v2\/etiquetas?post=76220"},{"taxonomy":"comprar","embeddable":true,"href":"https:\/\/www.bilbaodendak.eus\/fr\/wp-json\/wp\/v2\/comprar?post=76220"},{"taxonomy":"comer","embeddable":true,"href":"https:\/\/www.bilbaodendak.eus\/fr\/wp-json\/wp\/v2\/comer?post=76220"},{"taxonomy":"distritos","embeddable":true,"href":"https:\/\/www.bilbaodendak.eus\/fr\/wp-json\/wp\/v2\/distritos?post=76220"}],"curies":[{"name":"wp","href":"https:\/\/api.w.org\/{rel}","templated":true}]}}

Colchonería del Norte

<h2 class="wp-block-heading">El descanso como bandera</h2>



<h4 class="wp-block-heading">Todo en colchones y almohadas para cuidar tu sueño</h4>



<p>Son más de dos décadas cuidando el descanso de los vecinos y vecinas de Deusto. En Colchonería del Norte encontrarás una amplia gama de colchones, somiers y canapés, así como camas articuladas para geriatría. Además, cuentan con una selección de almohadas de distintos materiales, durezas y alturas para que cada persona elija la que sea más confortable para ella, así como fundas nórdicas y cubrecolchones. En definitiva, encontrarás todo lo que necesitas para tu cama, para que dormir a pierna suelta no sea una proeza sino el descanso merecido y reparador que todos requerimos.</p>
