{"id":76174,"date":"2023-03-22T10:36:41","date_gmt":"2023-03-22T09:36:41","guid":{"rendered":"https:\/\/www.bilbaodendak.eus\/comercios\/merceria-la-costura\/"},"modified":"2025-01-16T12:26:14","modified_gmt":"2025-01-16T11:26:14","slug":"merceria-la-costura","status":"publish","type":"comercios","link":"https:\/\/www.bilbaodendak.eus\/fr\/comercios\/merceria-la-costura\/","title":{"rendered":"Mercer\u00eda La Costura"},"content":{"rendered":"\n<h2 class=\"wp-block-heading\">Tu mercer\u00eda de ahora y de siempre<\/h2>\n\n\n\n<h4 class=\"wp-block-heading\">Consejos, hilos y abalorios para crear y personalizar tus prendas<\/h4>\n\n\n\n<p>Mercer\u00eda La Costura es la historia de Esperanza y de su nuera Ana\u00efs, dos mujeres creativas y apasionadas por crear maravillas de la nada, el de cambiar los botones y tener un abrigo nuevo, el de customizar unos vaqueros o unas alpargatas, el de hacer el disfraz de Halloweed al peque de la familia\u2026<\/p>\n\n\n\n<p>Ellas y su equipo son expertas en reciclaje textil y en personalizar prendas b\u00e1sicas. Su creatividad no tiene l\u00edmites ni tampoco su disponibilidad para atender dudas y ofrecer consejos para lograr el resultado deseado. Y cuentan adem\u00e1s con un aut\u00e9ntico arsenal de botones, pasamaner\u00edas y todo tipo de abalorios para inspirarte.<\/p>\n\n\n\n<p>Mercer\u00eda La Costura representa muy bien el comercio tradicional que sabe adaptarse a los nuevos tiempos y necesidades de su clientela.<\/p>\n\n\n\n<p>Desde 1987<\/p>\n","protected":false},"featured_media":96106,"parent":0,"template":"","donde-aparcar":[],"etiquetas":[],"comprar":[711,705],"comer":[],"distritos":[859],"class_list":["post-76174","comercios","type-comercios","status-publish","has-post-thumbnail","hentry","comprar-lingerie-et-mercerie","comprar-mode-et-accessoires","distritos-santutxu-fr"],"_links":{"self":[{"href":"https:\/\/www.bilbaodendak.eus\/fr\/wp-json\/wp\/v2\/comercios\/76174","targetHints":{"allow":["GET"]}}],"collection":[{"href":"https:\/\/www.bilbaodendak.eus\/fr\/wp-json\/wp\/v2\/comercios"}],"about":[{"href":"https:\/\/www.bilbaodendak.eus\/fr\/wp-json\/wp\/v2\/types\/comercios"}],"version-history":[{"count":1,"href":"https:\/\/www.bilbaodendak.eus\/fr\/wp-json\/wp\/v2\/comercios\/76174\/revisions"}],"predecessor-version":[{"id":108996,"href":"https:\/\/www.bilbaodendak.eus\/fr\/wp-json\/wp\/v2\/comercios\/76174\/revisions\/108996"}],"wp:featuredmedia":[{"embeddable":true,"href":"https:\/\/www.bilbaodendak.eus\/fr\/wp-json\/wp\/v2\/media\/96106"}],"wp:attachment":[{"href":"https:\/\/www.bilbaodendak.eus\/fr\/wp-json\/wp\/v2\/media?parent=76174"}],"wp:term":[{"taxonomy":"donde-aparcar","embeddable":true,"href":"https:\/\/www.bilbaodendak.eus\/fr\/wp-json\/wp\/v2\/donde-aparcar?post=76174"},{"taxonomy":"etiquetas","embeddable":true,"href":"https:\/\/www.bilbaodendak.eus\/fr\/wp-json\/wp\/v2\/etiquetas?post=76174"},{"taxonomy":"comprar","embeddable":true,"href":"https:\/\/www.bilbaodendak.eus\/fr\/wp-json\/wp\/v2\/comprar?post=76174"},{"taxonomy":"comer","embeddable":true,"href":"https:\/\/www.bilbaodendak.eus\/fr\/wp-json\/wp\/v2\/comer?post=76174"},{"taxonomy":"distritos","embeddable":true,"href":"https:\/\/www.bilbaodendak.eus\/fr\/wp-json\/wp\/v2\/distritos?post=76174"}],"curies":[{"name":"wp","href":"https:\/\/api.w.org\/{rel}","templated":true}]}}

Mercería La Costura

<h2 class="wp-block-heading">Tu mercería de ahora y de siempre</h2>



<h4 class="wp-block-heading">Consejos, hilos y abalorios para crear y personalizar tus prendas</h4>



<p>Mercería La Costura es la historia de Esperanza y de su nuera Anaïs, dos mujeres creativas y apasionadas por crear maravillas de la nada, el de cambiar los botones y tener un abrigo nuevo, el de customizar unos vaqueros o unas alpargatas, el de hacer el disfraz de Halloweed al peque de la familia…</p>



<p>Ellas y su equipo son expertas en reciclaje textil y en personalizar prendas básicas. Su creatividad no tiene límites ni tampoco su disponibilidad para atender dudas y ofrecer consejos para lograr el resultado deseado. Y cuentan además con un auténtico arsenal de botones, pasamanerías y todo tipo de abalorios para inspirarte.</p>



<p>Mercería La Costura representa muy bien el comercio tradicional que sabe adaptarse a los nuevos tiempos y necesidades de su clientela.</p>



<p>Desde 1987</p>
