{"id":76136,"date":"2023-05-10T13:13:08","date_gmt":"2023-05-10T11:13:08","guid":{"rendered":"https:\/\/www.bilbaodendak.eus\/comercios\/yeral-wellness-salon\/"},"modified":"2025-01-22T10:27:52","modified_gmt":"2025-01-22T09:27:52","slug":"yeral-wellness-salon","status":"publish","type":"comercios","link":"https:\/\/www.bilbaodendak.eus\/fr\/comercios\/yeral-wellness-salon\/","title":{"rendered":"Yeral Wellness Sal\u00f3n"},"content":{"rendered":"\n<h2 class=\"wp-block-heading\">Melenas a la moda<\/h2>\n\n\n\n<h4 class=\"wp-block-heading\">Una joven peluquer\u00eda que domina los cortes y t\u00e9cnicas que son tendencia<\/h4>\n\n\n\n<p>En poco tiempo este sal\u00f3n de peluquer\u00eda se ha ganado la confianza de las personas m\u00e1s exigentes; su profesionalidad, buen hacer y excelente trato son los pilares de Yeral Wellness Sal\u00f3n. Su equipo de estilistas, joven y din\u00e1mico est\u00e1 en constante formaci\u00f3n y muy atento a las tendencias para ofrecer los looks m\u00e1s favorecedores y f\u00e1ciles de mantener. Son expertos en cortes de pelo wavy shaggy, mullet, bob\u2026 asimismo para el cabello rizado trabajan el m\u00e9todo curly a la perfecci\u00f3n. Ponen extensiones y rastas, y si quieres darle luz y color a tu cabello, tambi\u00e9n estar\u00e1s en muy buenas manos.<\/p>\n\n\n\n<p>Desde 2023<\/p>\n","protected":false},"featured_media":96106,"parent":0,"template":"","donde-aparcar":[],"etiquetas":[],"comprar":[643,639],"comer":[],"distritos":[850],"class_list":["post-76136","comercios","type-comercios","status-publish","has-post-thumbnail","hentry","comprar-coiffure-et-esthetique-fr","comprar-instituts-de-beaute","distritos-deusto-fr"],"_links":{"self":[{"href":"https:\/\/www.bilbaodendak.eus\/fr\/wp-json\/wp\/v2\/comercios\/76136","targetHints":{"allow":["GET"]}}],"collection":[{"href":"https:\/\/www.bilbaodendak.eus\/fr\/wp-json\/wp\/v2\/comercios"}],"about":[{"href":"https:\/\/www.bilbaodendak.eus\/fr\/wp-json\/wp\/v2\/types\/comercios"}],"version-history":[{"count":2,"href":"https:\/\/www.bilbaodendak.eus\/fr\/wp-json\/wp\/v2\/comercios\/76136\/revisions"}],"predecessor-version":[{"id":109245,"href":"https:\/\/www.bilbaodendak.eus\/fr\/wp-json\/wp\/v2\/comercios\/76136\/revisions\/109245"}],"wp:featuredmedia":[{"embeddable":true,"href":"https:\/\/www.bilbaodendak.eus\/fr\/wp-json\/wp\/v2\/media\/96106"}],"wp:attachment":[{"href":"https:\/\/www.bilbaodendak.eus\/fr\/wp-json\/wp\/v2\/media?parent=76136"}],"wp:term":[{"taxonomy":"donde-aparcar","embeddable":true,"href":"https:\/\/www.bilbaodendak.eus\/fr\/wp-json\/wp\/v2\/donde-aparcar?post=76136"},{"taxonomy":"etiquetas","embeddable":true,"href":"https:\/\/www.bilbaodendak.eus\/fr\/wp-json\/wp\/v2\/etiquetas?post=76136"},{"taxonomy":"comprar","embeddable":true,"href":"https:\/\/www.bilbaodendak.eus\/fr\/wp-json\/wp\/v2\/comprar?post=76136"},{"taxonomy":"comer","embeddable":true,"href":"https:\/\/www.bilbaodendak.eus\/fr\/wp-json\/wp\/v2\/comer?post=76136"},{"taxonomy":"distritos","embeddable":true,"href":"https:\/\/www.bilbaodendak.eus\/fr\/wp-json\/wp\/v2\/distritos?post=76136"}],"curies":[{"name":"wp","href":"https:\/\/api.w.org\/{rel}","templated":true}]}}

Yeral Wellness Salón

<h2 class="wp-block-heading">Melenas a la moda</h2>



<h4 class="wp-block-heading">Una joven peluquería que domina los cortes y técnicas que son tendencia</h4>



<p>En poco tiempo este salón de peluquería se ha ganado la confianza de las personas más exigentes; su profesionalidad, buen hacer y excelente trato son los pilares de Yeral Wellness Salón. Su equipo de estilistas, joven y dinámico está en constante formación y muy atento a las tendencias para ofrecer los looks más favorecedores y fáciles de mantener. Son expertos en cortes de pelo wavy shaggy, mullet, bob… asimismo para el cabello rizado trabajan el método curly a la perfección. Ponen extensiones y rastas, y si quieres darle luz y color a tu cabello, también estarás en muy buenas manos.</p>



<p>Desde 2023</p>
