{"id":110515,"date":"2023-10-25T10:17:40","date_gmt":"2023-10-25T08:17:40","guid":{"rendered":"https:\/\/www.bilbaodendak.eus\/comercios\/adonai-garay-estudio-de-belleza\/"},"modified":"2023-10-25T10:17:40","modified_gmt":"2023-10-25T08:17:40","slug":"adonai-garay-estudio-de-belleza","status":"publish","type":"comercios","link":"https:\/\/www.bilbaodendak.eus\/fr\/comercios\/adonai-garay-estudio-de-belleza\/","title":{"rendered":"Adonai Garay Estudio de Belleza"},"content":{"rendered":"\n<h2 class=\"wp-block-heading\">C\u00f3mplices de tu belleza<\/h2>\n\n\n\n<h4 class=\"wp-block-heading\">Una peluquer\u00eda que te har\u00e1n sentirte como la reina (o rey) que eres<\/h4>\n\n\n\n<p>Adonai Garay dirige este estudio de belleza deustotarra y quiere ser tu c\u00f3mplice de belleza, y para ello pone a tu servicio todo su saber como estilista, su arte para cortar y peinar, y maestr\u00eda con los tintes y mechas. Y, adem\u00e1s, te sentir\u00e1s muy a gusto y que est\u00e1s en buenas manos, porque su atenci\u00f3n y profesionalidad es destacada por toda su clientela, as\u00ed que saldr\u00e1s de su sal\u00f3n radiante, con la autoestima por las nubes y feliz. Por cierto, esta peluquer\u00eda est\u00e1 abierta tanto a mujeres como a hombres.<\/p>\n","protected":false},"featured_media":96109,"parent":0,"template":"","donde-aparcar":[],"etiquetas":[],"comprar":[643,639],"comer":[],"distritos":[850],"class_list":["post-110515","comercios","type-comercios","status-publish","has-post-thumbnail","hentry","comprar-coiffure-et-esthetique-fr","comprar-instituts-de-beaute","distritos-deusto-fr"],"_links":{"self":[{"href":"https:\/\/www.bilbaodendak.eus\/fr\/wp-json\/wp\/v2\/comercios\/110515","targetHints":{"allow":["GET"]}}],"collection":[{"href":"https:\/\/www.bilbaodendak.eus\/fr\/wp-json\/wp\/v2\/comercios"}],"about":[{"href":"https:\/\/www.bilbaodendak.eus\/fr\/wp-json\/wp\/v2\/types\/comercios"}],"version-history":[{"count":0,"href":"https:\/\/www.bilbaodendak.eus\/fr\/wp-json\/wp\/v2\/comercios\/110515\/revisions"}],"wp:featuredmedia":[{"embeddable":true,"href":"https:\/\/www.bilbaodendak.eus\/fr\/wp-json\/wp\/v2\/media\/96109"}],"wp:attachment":[{"href":"https:\/\/www.bilbaodendak.eus\/fr\/wp-json\/wp\/v2\/media?parent=110515"}],"wp:term":[{"taxonomy":"donde-aparcar","embeddable":true,"href":"https:\/\/www.bilbaodendak.eus\/fr\/wp-json\/wp\/v2\/donde-aparcar?post=110515"},{"taxonomy":"etiquetas","embeddable":true,"href":"https:\/\/www.bilbaodendak.eus\/fr\/wp-json\/wp\/v2\/etiquetas?post=110515"},{"taxonomy":"comprar","embeddable":true,"href":"https:\/\/www.bilbaodendak.eus\/fr\/wp-json\/wp\/v2\/comprar?post=110515"},{"taxonomy":"comer","embeddable":true,"href":"https:\/\/www.bilbaodendak.eus\/fr\/wp-json\/wp\/v2\/comer?post=110515"},{"taxonomy":"distritos","embeddable":true,"href":"https:\/\/www.bilbaodendak.eus\/fr\/wp-json\/wp\/v2\/distritos?post=110515"}],"curies":[{"name":"wp","href":"https:\/\/api.w.org\/{rel}","templated":true}]}}

<h2 class="wp-block-heading">Cómplices de tu belleza</h2>



<h4 class="wp-block-heading">Una peluquería que te harán sentirte como la reina (o rey) que eres</h4>



<p>Adonai Garay dirige este estudio de belleza deustotarra y quiere ser tu cómplice de belleza, y para ello pone a tu servicio todo su saber como estilista, su arte para cortar y peinar, y maestría con los tintes y mechas. Y, además, te sentirás muy a gusto y que estás en buenas manos, porque su atención y profesionalidad es destacada por toda su clientela, así que saldrás de su salón radiante, con la autoestima por las nubes y feliz. Por cierto, esta peluquería está abierta tanto a mujeres como a hombres.</p>
