{"id":52251,"date":"2022-10-21T13:40:37","date_gmt":"2022-10-21T11:40:37","guid":{"rendered":"https:\/\/www.bilbaodendak.eus\/comercios\/peluqueria-olala\/"},"modified":"2025-01-09T15:10:05","modified_gmt":"2025-01-09T14:10:05","slug":"peluqueria-olala","status":"publish","type":"comercios","link":"https:\/\/www.bilbaodendak.eus\/eu\/dendak\/peluqueria-olala\/","title":{"rendered":"Peluquer\u00eda Olal\u00e1"},"content":{"rendered":"\n<h2 class=\"wp-block-heading\">Ohlal\u00e1 qu\u00e9 guapa est\u00e1s<\/h2>\n\n\n\n<h4 class=\"wp-block-heading\">Esta peluquer\u00eda deustoarra te ayuda a buscar tu look m\u00e1s favorecedor<\/h4>\n\n\n\n<p>Ponte en buenas manos para presumir de melena y de un corte moderno y favorecedor. Desde Peluquer\u00eda Ohlal\u00e1 te ayudan a encontrar tu estilo y a cuidar de tu cabello para que luzca sano y bonito siempre gracias a sus tratamientos. Si quieres cambiar de color o realizar unas mechas son expertas en colorimetr\u00eda; asimismo, si quieres convertir tu pelo natural en una melena rizada o lisa pueden realizarte una permanente o un alisando con keratina, todo lo que sea necesario para dar con el <em>look<\/em> m\u00e1s favorecedor y facilitarte su manteniento.<\/p>\n","protected":false},"featured_media":96106,"parent":0,"template":"","donde-aparcar":[],"etiquetas":[],"comprar":[307,235],"comer":[],"distritos":[104],"class_list":["post-52251","comercios","type-comercios","status-publish","has-post-thumbnail","hentry","comprar-ile-apaindegiak-eta-estetika","comprar-irudi-pertsonala","distritos-deustu"],"_links":{"self":[{"href":"https:\/\/www.bilbaodendak.eus\/eu\/wp-json\/wp\/v2\/comercios\/52251","targetHints":{"allow":["GET"]}}],"collection":[{"href":"https:\/\/www.bilbaodendak.eus\/eu\/wp-json\/wp\/v2\/comercios"}],"about":[{"href":"https:\/\/www.bilbaodendak.eus\/eu\/wp-json\/wp\/v2\/types\/comercios"}],"version-history":[{"count":1,"href":"https:\/\/www.bilbaodendak.eus\/eu\/wp-json\/wp\/v2\/comercios\/52251\/revisions"}],"predecessor-version":[{"id":108223,"href":"https:\/\/www.bilbaodendak.eus\/eu\/wp-json\/wp\/v2\/comercios\/52251\/revisions\/108223"}],"wp:featuredmedia":[{"embeddable":true,"href":"https:\/\/www.bilbaodendak.eus\/eu\/wp-json\/wp\/v2\/media\/96106"}],"wp:attachment":[{"href":"https:\/\/www.bilbaodendak.eus\/eu\/wp-json\/wp\/v2\/media?parent=52251"}],"wp:term":[{"taxonomy":"donde-aparcar","embeddable":true,"href":"https:\/\/www.bilbaodendak.eus\/eu\/wp-json\/wp\/v2\/donde-aparcar?post=52251"},{"taxonomy":"etiquetas","embeddable":true,"href":"https:\/\/www.bilbaodendak.eus\/eu\/wp-json\/wp\/v2\/etiquetas?post=52251"},{"taxonomy":"comprar","embeddable":true,"href":"https:\/\/www.bilbaodendak.eus\/eu\/wp-json\/wp\/v2\/comprar?post=52251"},{"taxonomy":"comer","embeddable":true,"href":"https:\/\/www.bilbaodendak.eus\/eu\/wp-json\/wp\/v2\/comer?post=52251"},{"taxonomy":"distritos","embeddable":true,"href":"https:\/\/www.bilbaodendak.eus\/eu\/wp-json\/wp\/v2\/distritos?post=52251"}],"curies":[{"name":"wp","href":"https:\/\/api.w.org\/{rel}","templated":true}]}}

Peluquería Olalá

<h2 class="wp-block-heading">Ohlalá qué guapa estás</h2>



<h4 class="wp-block-heading">Esta peluquería deustoarra te ayuda a buscar tu look más favorecedor</h4>



<p>Ponte en buenas manos para presumir de melena y de un corte moderno y favorecedor. Desde Peluquería Ohlalá te ayudan a encontrar tu estilo y a cuidar de tu cabello para que luzca sano y bonito siempre gracias a sus tratamientos. Si quieres cambiar de color o realizar unas mechas son expertas en colorimetría; asimismo, si quieres convertir tu pelo natural en una melena rizada o lisa pueden realizarte una permanente o un alisando con keratina, todo lo que sea necesario para dar con el <em>look</em> más favorecedor y facilitarte su manteniento.</p>
