{"id":47798,"date":"2021-10-20T13:29:37","date_gmt":"2021-10-20T11:29:37","guid":{"rendered":"https:\/\/www.bilbaodendak.eus\/comercios\/libertad-avenue\/"},"modified":"2025-03-06T09:13:10","modified_gmt":"2025-03-06T08:13:10","slug":"libertad-avenue","status":"publish","type":"comercios","link":"https:\/\/www.bilbaodendak.eus\/eu\/dendak\/libertad-avenue\/","title":{"rendered":"Libertad Avenue"},"content":{"rendered":"\n<h2 class=\"wp-block-heading\"><strong>Calzado duradero, reparable, reciclable y reciclado con fabricaci\u00f3n Km 0:<\/strong><\/h2>\n\n\n\n<h4 class=\"wp-block-heading\"><strong>Bienvenidos a Libertad Avenue.<\/strong>\u00a0<\/h4>\n\n\n\n<p>Carla est\u00e1 detr\u00e1s de este calzado vivo y con personalidad creado especialmente para ciclistas urbanos, con detalles fundamentales como la utilizaci\u00f3n de reflectante para dar mayor seguridad al ciclista por la noche.&nbsp;<\/p>\n\n\n\n<p>Creado en junio de 2019&nbsp;<a href=\"https:\/\/libertadavenue.com\/es\/\" target=\"_blank\" rel=\"noreferrer noopener nofollow\"><strong>Libertad Avenue<\/strong><\/a>&nbsp;ahora aterriza con tienda f\u00edsica en Bilbao La Vieja para poder ofrecer a sus clientes un lugar a pie de calle donde probarse el calzado.<\/p>\n\n\n\n<p>En Libertad Avenue buscan siempre la forma m\u00e1s ecol\u00f3gica posible de hacer cada parte del proceso de fabricaci\u00f3n, desde la elecci\u00f3n de materiales hasta las personas que colaboran con ellos y el justo valor del trabajo. Carla tiene claro sus valores y los valores de la marca.&nbsp;<\/p>\n\n\n\n<p>Apuestan por productos hechos a mano que duran muchos a\u00f1os y que se pueden reparar y modificar cuantas veces quiera. Es la ventaja de trabajar con las manos y en talleres donde se manufactura con calma y gusto.<\/p>\n","protected":false},"featured_media":42156,"parent":0,"template":"","donde-aparcar":[],"etiquetas":[],"comprar":[267,50],"comer":[],"distritos":[103],"class_list":["post-47798","comercios","type-comercios","status-publish","has-post-thumbnail","hentry","comprar-emakume-eta-gizon-moda","comprar-moda-eta-osagarriak","distritos-bilbo-zaharra-san-frantzisko-eta-zabala"],"_links":{"self":[{"href":"https:\/\/www.bilbaodendak.eus\/eu\/wp-json\/wp\/v2\/comercios\/47798","targetHints":{"allow":["GET"]}}],"collection":[{"href":"https:\/\/www.bilbaodendak.eus\/eu\/wp-json\/wp\/v2\/comercios"}],"about":[{"href":"https:\/\/www.bilbaodendak.eus\/eu\/wp-json\/wp\/v2\/types\/comercios"}],"version-history":[{"count":1,"href":"https:\/\/www.bilbaodendak.eus\/eu\/wp-json\/wp\/v2\/comercios\/47798\/revisions"}],"predecessor-version":[{"id":110924,"href":"https:\/\/www.bilbaodendak.eus\/eu\/wp-json\/wp\/v2\/comercios\/47798\/revisions\/110924"}],"wp:featuredmedia":[{"embeddable":true,"href":"https:\/\/www.bilbaodendak.eus\/eu\/wp-json\/wp\/v2\/media\/42156"}],"wp:attachment":[{"href":"https:\/\/www.bilbaodendak.eus\/eu\/wp-json\/wp\/v2\/media?parent=47798"}],"wp:term":[{"taxonomy":"donde-aparcar","embeddable":true,"href":"https:\/\/www.bilbaodendak.eus\/eu\/wp-json\/wp\/v2\/donde-aparcar?post=47798"},{"taxonomy":"etiquetas","embeddable":true,"href":"https:\/\/www.bilbaodendak.eus\/eu\/wp-json\/wp\/v2\/etiquetas?post=47798"},{"taxonomy":"comprar","embeddable":true,"href":"https:\/\/www.bilbaodendak.eus\/eu\/wp-json\/wp\/v2\/comprar?post=47798"},{"taxonomy":"comer","embeddable":true,"href":"https:\/\/www.bilbaodendak.eus\/eu\/wp-json\/wp\/v2\/comer?post=47798"},{"taxonomy":"distritos","embeddable":true,"href":"https:\/\/www.bilbaodendak.eus\/eu\/wp-json\/wp\/v2\/distritos?post=47798"}],"curies":[{"name":"wp","href":"https:\/\/api.w.org\/{rel}","templated":true}]}}

<h2 class="wp-block-heading"><strong>Calzado duradero, reparable, reciclable y reciclado con fabricación Km 0:</strong></h2>



<h4 class="wp-block-heading"><strong>Bienvenidos a Libertad Avenue.</strong> </h4>



<p>Carla está detrás de este calzado vivo y con personalidad creado especialmente para ciclistas urbanos, con detalles fundamentales como la utilización de reflectante para dar mayor seguridad al ciclista por la noche.&nbsp;</p>



<p>Creado en junio de 2019&nbsp;<a href="https://libertadavenue.com/es/" target="_blank" rel="noreferrer noopener nofollow"><strong>Libertad Avenue</strong></a>&nbsp;ahora aterriza con tienda física en Bilbao La Vieja para poder ofrecer a sus clientes un lugar a pie de calle donde probarse el calzado.</p>



<p>En Libertad Avenue buscan siempre la forma más ecológica posible de hacer cada parte del proceso de fabricación, desde la elección de materiales hasta las personas que colaboran con ellos y el justo valor del trabajo. Carla tiene claro sus valores y los valores de la marca.&nbsp;</p>



<p>Apuestan por productos hechos a mano que duran muchos años y que se pueden reparar y modificar cuantas veces quiera. Es la ventaja de trabajar con las manos y en talleres donde se manufactura con calma y gusto.</p>
