{"id":36052,"date":"2021-05-17T12:33:30","date_gmt":"2021-05-17T10:33:30","guid":{"rendered":"https:\/\/www.bilbaodendak.eus\/comercios\/peluqueria-ana-munoz\/"},"modified":"2022-10-18T10:01:12","modified_gmt":"2022-10-18T08:01:12","slug":"peluqueria-ana-munoz","status":"publish","type":"comercios","link":"https:\/\/www.bilbaodendak.eus\/eu\/dendak\/peluqueria-ana-munoz\/","title":{"rendered":"Peluquer\u00eda Ana Mu\u00f1oz"},"content":{"rendered":"\n<h2 class=\"wp-block-heading\">Cuidan de tu cabello naturalmente<\/h2>\n\n\n\n<h4 class=\"wp-block-heading\">Tratamientos personalizados y alisados veganos<\/h4>\n\n\n\n<p>Si te acercas a la peluquer\u00eda Ana Mu\u00f1oz encontrar\u00e1s un buen servicio, excelente atenci\u00f3n y ambiente familiar. Y es que son m\u00e1s de 30 a\u00f1os haciendo lo que m\u00e1s les gusta, y eso se nota en los resultados. Trabajan con la firma Paul Mitchell, una marca vegana que cuida con especial mimo de tu pelo. Tratamientos personalizados, alisados veganos y un espectacular dise\u00f1o para u\u00f1as.<\/p>\n\n\n\n<p>Y al final, la satisfacci\u00f3n del trabajo bien hecho y la alegr\u00eda de ver a sus clientes felices cuando entran y salen de su sal\u00f3n. En Peluquer\u00eda Ana Mu\u00f1oz cuidan muy bien de tu cabello, naturalmente.<\/p>\n","protected":false},"featured_media":96106,"parent":0,"template":"","donde-aparcar":[],"etiquetas":[],"comprar":[307,235],"comer":[],"distritos":[104],"class_list":["post-36052","comercios","type-comercios","status-publish","has-post-thumbnail","hentry","comprar-ile-apaindegiak-eta-estetika","comprar-irudi-pertsonala","distritos-deustu"],"_links":{"self":[{"href":"https:\/\/www.bilbaodendak.eus\/eu\/wp-json\/wp\/v2\/comercios\/36052","targetHints":{"allow":["GET"]}}],"collection":[{"href":"https:\/\/www.bilbaodendak.eus\/eu\/wp-json\/wp\/v2\/comercios"}],"about":[{"href":"https:\/\/www.bilbaodendak.eus\/eu\/wp-json\/wp\/v2\/types\/comercios"}],"version-history":[{"count":0,"href":"https:\/\/www.bilbaodendak.eus\/eu\/wp-json\/wp\/v2\/comercios\/36052\/revisions"}],"wp:featuredmedia":[{"embeddable":true,"href":"https:\/\/www.bilbaodendak.eus\/eu\/wp-json\/wp\/v2\/media\/96106"}],"wp:attachment":[{"href":"https:\/\/www.bilbaodendak.eus\/eu\/wp-json\/wp\/v2\/media?parent=36052"}],"wp:term":[{"taxonomy":"donde-aparcar","embeddable":true,"href":"https:\/\/www.bilbaodendak.eus\/eu\/wp-json\/wp\/v2\/donde-aparcar?post=36052"},{"taxonomy":"etiquetas","embeddable":true,"href":"https:\/\/www.bilbaodendak.eus\/eu\/wp-json\/wp\/v2\/etiquetas?post=36052"},{"taxonomy":"comprar","embeddable":true,"href":"https:\/\/www.bilbaodendak.eus\/eu\/wp-json\/wp\/v2\/comprar?post=36052"},{"taxonomy":"comer","embeddable":true,"href":"https:\/\/www.bilbaodendak.eus\/eu\/wp-json\/wp\/v2\/comer?post=36052"},{"taxonomy":"distritos","embeddable":true,"href":"https:\/\/www.bilbaodendak.eus\/eu\/wp-json\/wp\/v2\/distritos?post=36052"}],"curies":[{"name":"wp","href":"https:\/\/api.w.org\/{rel}","templated":true}]}}

Peluquería Ana Muñoz

<h2 class="wp-block-heading">Cuidan de tu cabello naturalmente</h2>



<h4 class="wp-block-heading">Tratamientos personalizados y alisados veganos</h4>



<p>Si te acercas a la peluquería Ana Muñoz encontrarás un buen servicio, excelente atención y ambiente familiar. Y es que son más de 30 años haciendo lo que más les gusta, y eso se nota en los resultados. Trabajan con la firma Paul Mitchell, una marca vegana que cuida con especial mimo de tu pelo. Tratamientos personalizados, alisados veganos y un espectacular diseño para uñas.</p>



<p>Y al final, la satisfacción del trabajo bien hecho y la alegría de ver a sus clientes felices cuando entran y salen de su salón. En Peluquería Ana Muñoz cuidan muy bien de tu cabello, naturalmente.</p>
