{"id":27862,"date":"2021-02-08T09:23:36","date_gmt":"2021-02-08T08:23:36","guid":{"rendered":"https:\/\/www.bilbaodendak.eus\/comercios\/los-chicos-luis-power\/"},"modified":"2021-07-29T12:49:54","modified_gmt":"2021-07-29T10:49:54","slug":"los-chicos-luis-power","status":"publish","type":"comercios","link":"https:\/\/www.bilbaodendak.eus\/eu\/dendak\/los-chicos-luis-power\/","title":{"rendered":"Los Chicos (Luis Power)"},"content":{"rendered":"\n<h2 class=\"wp-block-heading\">M\u00e1s de 70 a\u00f1os vistiendo a la familia<\/h2>\n\n<h4 class=\"wp-block-heading\">Variedad, calidad y buen precio<\/h4>\n\n<p>\u00bfTienes que vestir a tus hijos pero no te convence lo que ves? Con Los Chicos saldr\u00e1s de dudas porque tienen variedad, calidad y muy buenos precios. Y es que llevan m\u00e1s de 70 a\u00f1os dedicados a traerte lo mejor en ropa interior, pijamas y ropa para beb\u00e9s. En sus tiendas encontrar\u00e1s conjuntos de ropa, pantalones, camisetas, camisas, sudaderas, conjuntos de ch\u00e1ndal y abrigos para ni\u00f1os y ni\u00f1as, ropa y complementos para beb\u00e9s, pijamas y batas para toda la familia, calceter\u00eda y medias, moda ba\u00f1o mujer, corseter\u00eda, etc.\u00a0 Y siempre trabajan con marcas de primer nivel: Visi, Mayoral, Babidu, Condor, Abanderado, Giulio, Privata, Marie Claire, Arabesco o Golden Lady. Toda una referencia convertida en cadena con siete establecimientos en Bizkaia.<\/p>\n\n<p><em>Desde 1946<\/em><\/p>\n","protected":false},"featured_media":96106,"parent":0,"template":"","donde-aparcar":[],"etiquetas":[],"comprar":[266,50],"comer":[],"distritos":[104],"class_list":["post-27862","comercios","type-comercios","status-publish","has-post-thumbnail","hentry","comprar-lentzeria-eta-mertzeriak","comprar-moda-eta-osagarriak","distritos-deustu"],"_links":{"self":[{"href":"https:\/\/www.bilbaodendak.eus\/eu\/wp-json\/wp\/v2\/comercios\/27862","targetHints":{"allow":["GET"]}}],"collection":[{"href":"https:\/\/www.bilbaodendak.eus\/eu\/wp-json\/wp\/v2\/comercios"}],"about":[{"href":"https:\/\/www.bilbaodendak.eus\/eu\/wp-json\/wp\/v2\/types\/comercios"}],"version-history":[{"count":0,"href":"https:\/\/www.bilbaodendak.eus\/eu\/wp-json\/wp\/v2\/comercios\/27862\/revisions"}],"wp:featuredmedia":[{"embeddable":true,"href":"https:\/\/www.bilbaodendak.eus\/eu\/wp-json\/wp\/v2\/media\/96106"}],"wp:attachment":[{"href":"https:\/\/www.bilbaodendak.eus\/eu\/wp-json\/wp\/v2\/media?parent=27862"}],"wp:term":[{"taxonomy":"donde-aparcar","embeddable":true,"href":"https:\/\/www.bilbaodendak.eus\/eu\/wp-json\/wp\/v2\/donde-aparcar?post=27862"},{"taxonomy":"etiquetas","embeddable":true,"href":"https:\/\/www.bilbaodendak.eus\/eu\/wp-json\/wp\/v2\/etiquetas?post=27862"},{"taxonomy":"comprar","embeddable":true,"href":"https:\/\/www.bilbaodendak.eus\/eu\/wp-json\/wp\/v2\/comprar?post=27862"},{"taxonomy":"comer","embeddable":true,"href":"https:\/\/www.bilbaodendak.eus\/eu\/wp-json\/wp\/v2\/comer?post=27862"},{"taxonomy":"distritos","embeddable":true,"href":"https:\/\/www.bilbaodendak.eus\/eu\/wp-json\/wp\/v2\/distritos?post=27862"}],"curies":[{"name":"wp","href":"https:\/\/api.w.org\/{rel}","templated":true}]}}

<h2 class="wp-block-heading">Más de 70 años vistiendo a la familia</h2>

<h4 class="wp-block-heading">Variedad, calidad y buen precio</h4>

<p>¿Tienes que vestir a tus hijos pero no te convence lo que ves? Con Los Chicos saldrás de dudas porque tienen variedad, calidad y muy buenos precios. Y es que llevan más de 70 años dedicados a traerte lo mejor en ropa interior, pijamas y ropa para bebés. En sus tiendas encontrarás conjuntos de ropa, pantalones, camisetas, camisas, sudaderas, conjuntos de chándal y abrigos para niños y niñas, ropa y complementos para bebés, pijamas y batas para toda la familia, calcetería y medias, moda baño mujer, corsetería, etc.  Y siempre trabajan con marcas de primer nivel: Visi, Mayoral, Babidu, Condor, Abanderado, Giulio, Privata, Marie Claire, Arabesco o Golden Lady. Toda una referencia convertida en cadena con siete establecimientos en Bizkaia.</p>

<p><em>Desde 1946</em></p>
