{"id":27754,"date":"2021-02-08T09:08:24","date_gmt":"2021-02-08T08:08:24","guid":{"rendered":"https:\/\/www.bilbaodendak.eus\/comercios\/charcuteria-la-suiza-deusto\/"},"modified":"2023-06-02T12:27:43","modified_gmt":"2023-06-02T10:27:43","slug":"charcuteria-la-suiza-deusto","status":"publish","type":"comercios","link":"https:\/\/www.bilbaodendak.eus\/eu\/dendak\/charcuteria-la-suiza-deusto\/","title":{"rendered":"Charcuter\u00eda La Suiza (Deusto)"},"content":{"rendered":"\n<h2 class=\"wp-block-heading\">Buen hacer que pasa de padres a hijos<\/h2>\n\n<h4 class=\"wp-block-heading\">M\u00e1s de medio siglo ofreciendo productos de la mejor calidad<\/h4>\n\n<p>La Suiza es una charcuter\u00eda familiar traspasada de padres a hijos desde 1956. Toda una familia de charcuteros y deshuesadores que han seguido la tradici\u00f3n y que han levantado establecimientos en Bilbao, Laredo, Santander y Getxo. Y no pod\u00eda faltar una charcuter\u00eda en el Mercado de Deusto. En ella, lo mejor en calidad y precio que podr\u00e1s encontrar: Ib\u00e9ricos (Jam\u00f3n, lomo de bellota, chorizo y salchich\u00f3n), paletilla ib\u00e9rica de cebo y de bellota, queso curado de oveja de Zamora, quesos Idiazabal y morcilla fresca artesana. \u00bfPor d\u00f3nde quieres empezar? Haz tu pedido online o por tel\u00e9fono. Lo puedes pasar a recoger o te lo entregan en tu domicilio sin coste alguno.<\/p>\n\n<p>Desde 1956<\/p>\n","protected":false},"featured_media":96106,"parent":0,"template":"","donde-aparcar":[],"etiquetas":[],"comprar":[47,224],"comer":[],"distritos":[104],"class_list":["post-27754","comercios","type-comercios","status-publish","has-post-thumbnail","hentry","comprar-elikadura","comprar-harategi-eta-urdaitegiak","distritos-deustu"],"_links":{"self":[{"href":"https:\/\/www.bilbaodendak.eus\/eu\/wp-json\/wp\/v2\/comercios\/27754","targetHints":{"allow":["GET"]}}],"collection":[{"href":"https:\/\/www.bilbaodendak.eus\/eu\/wp-json\/wp\/v2\/comercios"}],"about":[{"href":"https:\/\/www.bilbaodendak.eus\/eu\/wp-json\/wp\/v2\/types\/comercios"}],"version-history":[{"count":0,"href":"https:\/\/www.bilbaodendak.eus\/eu\/wp-json\/wp\/v2\/comercios\/27754\/revisions"}],"wp:featuredmedia":[{"embeddable":true,"href":"https:\/\/www.bilbaodendak.eus\/eu\/wp-json\/wp\/v2\/media\/96106"}],"wp:attachment":[{"href":"https:\/\/www.bilbaodendak.eus\/eu\/wp-json\/wp\/v2\/media?parent=27754"}],"wp:term":[{"taxonomy":"donde-aparcar","embeddable":true,"href":"https:\/\/www.bilbaodendak.eus\/eu\/wp-json\/wp\/v2\/donde-aparcar?post=27754"},{"taxonomy":"etiquetas","embeddable":true,"href":"https:\/\/www.bilbaodendak.eus\/eu\/wp-json\/wp\/v2\/etiquetas?post=27754"},{"taxonomy":"comprar","embeddable":true,"href":"https:\/\/www.bilbaodendak.eus\/eu\/wp-json\/wp\/v2\/comprar?post=27754"},{"taxonomy":"comer","embeddable":true,"href":"https:\/\/www.bilbaodendak.eus\/eu\/wp-json\/wp\/v2\/comer?post=27754"},{"taxonomy":"distritos","embeddable":true,"href":"https:\/\/www.bilbaodendak.eus\/eu\/wp-json\/wp\/v2\/distritos?post=27754"}],"curies":[{"name":"wp","href":"https:\/\/api.w.org\/{rel}","templated":true}]}}

Charcutería La Suiza (Deusto)

<h2 class="wp-block-heading">Buen hacer que pasa de padres a hijos</h2>

<h4 class="wp-block-heading">Más de medio siglo ofreciendo productos de la mejor calidad</h4>

<p>La Suiza es una charcutería familiar traspasada de padres a hijos desde 1956. Toda una familia de charcuteros y deshuesadores que han seguido la tradición y que han levantado establecimientos en Bilbao, Laredo, Santander y Getxo. Y no podía faltar una charcutería en el Mercado de Deusto. En ella, lo mejor en calidad y precio que podrás encontrar: Ibéricos (Jamón, lomo de bellota, chorizo y salchichón), paletilla ibérica de cebo y de bellota, queso curado de oveja de Zamora, quesos Idiazabal y morcilla fresca artesana. ¿Por dónde quieres empezar? Haz tu pedido online o por teléfono. Lo puedes pasar a recoger o te lo entregan en tu domicilio sin coste alguno.</p>

<p>Desde 1956</p>
