{"id":26488,"date":"2021-02-07T10:14:14","date_gmt":"2021-02-07T09:14:14","guid":{"rendered":"https:\/\/www.bilbaodendak.eus\/comercios\/quiron-prevencion\/"},"modified":"2021-07-30T11:42:24","modified_gmt":"2021-07-30T09:42:24","slug":"quiron-prevencion","status":"publish","type":"comercios","link":"https:\/\/www.bilbaodendak.eus\/eu\/dendak\/quiron-prevencion\/","title":{"rendered":"Quiron Prevenci\u00f3n"},"content":{"rendered":"\n<h2 class=\"wp-block-heading\">Cuidando de las empresas y sus trabajadores<\/h2>\n\n<h4 class=\"wp-block-heading\">El cuidado de las personas empieza con la prevenci\u00f3n<\/h4>\n\n<p>Quir\u00f3n Prevenci\u00f3n es una empresa de prevenci\u00f3n de riesgos laborales creada en el a\u00f1o 2017. Sus esfuerzos est\u00e1n orientados a cuidar de las empresas, velar por la seguridad en sus centros de trabajo y por la salud de las personas que trabajan en ellas. Sus valores son los pilares que sustentan su forma de actuar, trabajar y hacer las cosas. Tienen una manera diferente de entender la salud y la seguridad laboral y la relaci\u00f3n con las empresas y las personas. Ese enfoque particular y \u00fanico ha conseguido que Quir\u00f3n Prevenci\u00f3n sea empresa l\u00edder en seguridad y salud.<\/p>\n\n<p>Su prop\u00f3sito es impulsar la cultura preventiva \u00a0no solo dentro de las organizaciones, sino en la sociedad en general, porque una actitud preventiva va m\u00e1s all\u00e1 del entorno laboral. Y sus trabajadores comparten un denominador com\u00fan: excelencia en el servicio, apuesta por la tecnolog\u00eda, compromiso con la innovaci\u00f3n y la investigaci\u00f3n y trato personalizado. Un gran equipo de profesionales a la b\u00fasqueda de una gran meta: La salud de empresas y trabajadores.<\/p>\n","protected":false},"featured_media":96106,"parent":0,"template":"","donde-aparcar":[],"etiquetas":[],"comprar":[287,280],"comer":[],"distritos":[104],"class_list":["post-26488","comercios","type-comercios","status-publish","has-post-thumbnail","hentry","comprar-mediku-zerbitzuak","comprar-osasuna","distritos-deustu"],"_links":{"self":[{"href":"https:\/\/www.bilbaodendak.eus\/eu\/wp-json\/wp\/v2\/comercios\/26488","targetHints":{"allow":["GET"]}}],"collection":[{"href":"https:\/\/www.bilbaodendak.eus\/eu\/wp-json\/wp\/v2\/comercios"}],"about":[{"href":"https:\/\/www.bilbaodendak.eus\/eu\/wp-json\/wp\/v2\/types\/comercios"}],"version-history":[{"count":0,"href":"https:\/\/www.bilbaodendak.eus\/eu\/wp-json\/wp\/v2\/comercios\/26488\/revisions"}],"wp:featuredmedia":[{"embeddable":true,"href":"https:\/\/www.bilbaodendak.eus\/eu\/wp-json\/wp\/v2\/media\/96106"}],"wp:attachment":[{"href":"https:\/\/www.bilbaodendak.eus\/eu\/wp-json\/wp\/v2\/media?parent=26488"}],"wp:term":[{"taxonomy":"donde-aparcar","embeddable":true,"href":"https:\/\/www.bilbaodendak.eus\/eu\/wp-json\/wp\/v2\/donde-aparcar?post=26488"},{"taxonomy":"etiquetas","embeddable":true,"href":"https:\/\/www.bilbaodendak.eus\/eu\/wp-json\/wp\/v2\/etiquetas?post=26488"},{"taxonomy":"comprar","embeddable":true,"href":"https:\/\/www.bilbaodendak.eus\/eu\/wp-json\/wp\/v2\/comprar?post=26488"},{"taxonomy":"comer","embeddable":true,"href":"https:\/\/www.bilbaodendak.eus\/eu\/wp-json\/wp\/v2\/comer?post=26488"},{"taxonomy":"distritos","embeddable":true,"href":"https:\/\/www.bilbaodendak.eus\/eu\/wp-json\/wp\/v2\/distritos?post=26488"}],"curies":[{"name":"wp","href":"https:\/\/api.w.org\/{rel}","templated":true}]}}

Quiron Prevención

<h2 class="wp-block-heading">Cuidando de las empresas y sus trabajadores</h2>

<h4 class="wp-block-heading">El cuidado de las personas empieza con la prevención</h4>

<p>Quirón Prevención es una empresa de prevención de riesgos laborales creada en el año 2017. Sus esfuerzos están orientados a cuidar de las empresas, velar por la seguridad en sus centros de trabajo y por la salud de las personas que trabajan en ellas. Sus valores son los pilares que sustentan su forma de actuar, trabajar y hacer las cosas. Tienen una manera diferente de entender la salud y la seguridad laboral y la relación con las empresas y las personas. Ese enfoque particular y único ha conseguido que Quirón Prevención sea empresa líder en seguridad y salud.</p>

<p>Su propósito es impulsar la cultura preventiva  no solo dentro de las organizaciones, sino en la sociedad en general, porque una actitud preventiva va más allá del entorno laboral. Y sus trabajadores comparten un denominador común: excelencia en el servicio, apuesta por la tecnología, compromiso con la innovación y la investigación y trato personalizado. Un gran equipo de profesionales a la búsqueda de una gran meta: La salud de empresas y trabajadores.</p>
