{"id":80839,"date":"2023-03-20T08:56:54","date_gmt":"2023-03-20T07:56:54","guid":{"rendered":"https:\/\/www.bilbaodendak.eus\/listado-rutas-y-planes\/ruta-de-pintxos-por-rekalde\/"},"modified":"2025-03-20T12:27:04","modified_gmt":"2025-03-20T11:27:04","slug":"ruta-de-pintxos-por-rekalde","status":"publish","type":"rutas-y-planes","link":"https:\/\/www.bilbaodendak.eus\/en\/filtrado-rutas-y-planes\/ruta-de-pintxos-por-rekalde\/","title":{"rendered":"Los pintxos m\u00e1s t\u00edpicos de Rekalde"},"content":{"rendered":"\n<h2 class=\"wp-block-heading\" style=\"font-size:25px;font-style:normal;font-weight:700\">\u00bfConoces los pintxos m\u00e1s t\u00edpicos de Rekalde?<\/h2>\n\n\n\n<p>Rekalde es un barrio con personalidad y car\u00e1cter, con un gran ambiente, buen rollo, bares, terrazas y pintxos muy ricos, nos vamos hasta all\u00ed este fin de semana para descubrir algunos de los pintxos estrella de <a href=\"https:\/\/www.bilbaodendak.eus\/zonas-comerciales\/rekalde\/\" target=\"_blank\" rel=\"noreferrer noopener\">Rekalde<\/a>, m\u00e1s concretamente de la Plaza Rekalde, una plaza con historia y centro neur\u00e1lgico del barrio.<\/p>\n\n\n\n<p>Empezamos nuestra ruta en el <strong><mark style=\"background-color:rgba(0, 0, 0, 0)\" class=\"has-inline-color has-vivid-red-color\">Bar El Nuevo Punto<\/mark><\/strong> (Plaza Rekalde, 4), un punto de encuentro, poteo y buen rollo de este barrio. Un peque\u00f1o bar con una <strong>gran barra de gildas<\/strong>!<\/p>\n\n\n\n<p>Decantarnos por una es ardua tarea as\u00ed que decidimos probar unas cu\u00e1ntas diferentes sin olvidarnos de la Gilda de las gildas, la bestseller del bar, \u00a1la madre Gilda!\u2026 la de <strong>aceituna, jam\u00f3n, queso, anchoa y piperra<\/strong>. \u00a1Est\u00e1 buen\u00edsima!<\/p>\n\n\n\n<div class=\"wp-block-columns is-layout-flex wp-container-core-columns-is-layout-28f84493 wp-block-columns-is-layout-flex\">\n<div class=\"wp-block-column is-vertically-aligned-center is-layout-flow wp-block-column-is-layout-flow\">\n<figure class=\"wp-block-image size-large\"><img fetchpriority=\"high\" decoding=\"async\" width=\"768\" height=\"1024\" src=\"https:\/\/www.bilbaodendak.eus\/wp-content\/uploads\/2021\/06\/20210522_ok2_1-min-768x1024.jpg\" alt=\"\" class=\"wp-image-37339\" srcset=\"https:\/\/www.bilbaodendak.eus\/wp-content\/uploads\/2021\/06\/20210522_ok2_1-min-768x1024.jpg 768w, https:\/\/www.bilbaodendak.eus\/wp-content\/uploads\/2021\/06\/20210522_ok2_1-min-225x300.jpg 225w, https:\/\/www.bilbaodendak.eus\/wp-content\/uploads\/2021\/06\/20210522_ok2_1-min-1152x1536.jpg 1152w, https:\/\/www.bilbaodendak.eus\/wp-content\/uploads\/2021\/06\/20210522_ok2_1-min-1536x2048.jpg 1536w\" sizes=\"(max-width: 768px) 100vw, 768px\" \/><\/figure>\n<\/div>\n\n\n\n<div class=\"wp-block-column is-layout-flow wp-block-column-is-layout-flow\">\n<figure class=\"wp-block-image size-large\"><img decoding=\"async\" width=\"768\" height=\"1024\" src=\"https:\/\/www.bilbaodendak.eus\/wp-content\/uploads\/2021\/06\/20210522_ok1_1-min-768x1024.jpg\" alt=\"pintxos\" class=\"wp-image-37337\" srcset=\"https:\/\/www.bilbaodendak.eus\/wp-content\/uploads\/2021\/06\/20210522_ok1_1-min-768x1024.jpg 768w, https:\/\/www.bilbaodendak.eus\/wp-content\/uploads\/2021\/06\/20210522_ok1_1-min-225x300.jpg 225w, https:\/\/www.bilbaodendak.eus\/wp-content\/uploads\/2021\/06\/20210522_ok1_1-min-1152x1536.jpg 1152w, https:\/\/www.bilbaodendak.eus\/wp-content\/uploads\/2021\/06\/20210522_ok1_1-min-1536x2048.jpg 1536w\" sizes=\"(max-width: 768px) 100vw, 768px\" \/><\/figure>\n<\/div>\n<\/div>\n\n\n\n<p>Segunda parada: el champi del <strong><mark style=\"background-color:rgba(0, 0, 0, 0)\" class=\"has-inline-color has-vivid-red-color\">Bar R\u00edo<\/mark><\/strong> (Plaza Rekalde, 2), un champi que se lleva haciendo <strong>desde hace 45 a\u00f1os<\/strong>. Hecho al momento y buen\u00edsimo el champi es su se\u00f1a de identidad (las copas y vasos del bar tienen el dibujo de un champi\u00f1\u00f3n a modo de gui\u00f1o) y decidimos maridarlo con un marianito especial preparado de la casa que nos recomienda Susana, propietaria del R\u00edo desde hace 10 a\u00f1os.<\/p>\n\n\n\n<p>Nos cuenta que la gente viene expresamente a comer su champi, y no solo de <a href=\"https:\/\/rekaldebihotzean.com\/\" rel=\"nofollow noopener\" target=\"_blank\">Rekalde<\/a> sino de todas las partes de Bilbao. \u00a1Qu\u00e9 tendr\u00e1 este champi que a todxs nos enamora!<\/p>\n\n\n\n<figure class=\"wp-block-image aligncenter size-large is-resized\"><img decoding=\"async\" width=\"1024\" height=\"866\" src=\"https:\/\/www.bilbaodendak.eus\/wp-content\/uploads\/2021\/06\/20210522_ok3_1-1024x866.jpg\" alt=\"\" class=\"wp-image-37341\" style=\"width:673px;height:569px\" srcset=\"https:\/\/www.bilbaodendak.eus\/wp-content\/uploads\/2021\/06\/20210522_ok3_1-1024x866.jpg 1024w, https:\/\/www.bilbaodendak.eus\/wp-content\/uploads\/2021\/06\/20210522_ok3_1-300x254.jpg 300w, https:\/\/www.bilbaodendak.eus\/wp-content\/uploads\/2021\/06\/20210522_ok3_1-768x649.jpg 768w, https:\/\/www.bilbaodendak.eus\/wp-content\/uploads\/2021\/06\/20210522_ok3_1-1536x1299.jpg 1536w, https:\/\/www.bilbaodendak.eus\/wp-content\/uploads\/2021\/06\/20210522_ok3_1-2048x1732.jpg 2048w\" sizes=\"(max-width: 1024px) 100vw, 1024px\" \/><figcaption class=\"wp-element-caption\">Bar R\u00edo, Plaza Rekalde 2<\/figcaption><\/figure>\n\n\n\n<div class=\"wp-block-media-text alignwide is-stacked-on-mobile\" style=\"grid-template-columns:41% auto\"><figure class=\"wp-block-media-text__media\"><img loading=\"lazy\" decoding=\"async\" width=\"1024\" height=\"744\" src=\"https:\/\/www.bilbaodendak.eus\/wp-content\/uploads\/2021\/06\/20210522_okjpg-e1623919089404-1024x744.jpg\" alt=\"\" class=\"wp-image-37362 size-full\" srcset=\"https:\/\/www.bilbaodendak.eus\/wp-content\/uploads\/2021\/06\/20210522_okjpg-e1623919089404-1024x744.jpg 1024w, https:\/\/www.bilbaodendak.eus\/wp-content\/uploads\/2021\/06\/20210522_okjpg-e1623919089404-300x218.jpg 300w, https:\/\/www.bilbaodendak.eus\/wp-content\/uploads\/2021\/06\/20210522_okjpg-e1623919089404-768x558.jpg 768w, https:\/\/www.bilbaodendak.eus\/wp-content\/uploads\/2021\/06\/20210522_okjpg-e1623919089404-1536x1116.jpg 1536w, https:\/\/www.bilbaodendak.eus\/wp-content\/uploads\/2021\/06\/20210522_okjpg-e1623919089404-2048x1488.jpg 2048w\" sizes=\"(max-width: 1024px) 100vw, 1024px\" \/><\/figure><div class=\"wp-block-media-text__content\">\n<p>Acabamos nuestra ruta d\u00e1ndonos un gran homenaje\u2026 marchando una <strong>raci\u00f3n de pulpo<\/strong> del <strong><mark style=\"background-color:rgba(0, 0, 0, 0)\" class=\"has-inline-color has-vivid-red-color\">Bar Tobog\u00e1n<\/mark><\/strong>! El Bar Tobog\u00e1n lleva 22 a\u00f1os dando servicio en Rekalde. Una cafeter\u00eda de barrio especializada en caf\u00e9 donde la elaboraci\u00f3n de sus pintxos con <strong>producto local<\/strong> es la prioridad.<\/p>\n\n\n\n<p>Destacar una sola especialidad de este bar es complicado ya que podemos encontrar pintxos, raciones, paellas, bocadillos, pizzas\u2026 todo con producto local y de calidad.<\/p>\n\n\n\n<p>Nosotras nos decantamos por una raci\u00f3n de pulpo, una raci\u00f3n hermosa con la que finalizamos hoy nuestra <strong>ruta gastron\u00f3mica por Rekalde<\/strong>.<\/p>\n\n\n\n<p>\u00a1Hasta pronto!<\/p>\n<\/div><\/div>\n\n\n\n<div class=\"wp-block-buttons is-layout-flex wp-block-buttons-is-layout-flex\">\n<div class=\"wp-block-button is-style-outline is-style-outline--1\"><a class=\"wp-block-button__link wp-element-button\" href=\"https:\/\/www.bilbaodendak.eus\/filtrado-rutas-y-planes\/\" target=\"_blank\" rel=\"noreferrer noopener\">Descubre m\u00e1s rutas<\/a><\/div>\n<\/div>\n","protected":false},"excerpt":{"rendered":"<p>Gildas, pintxo moruno, txanpi\u2026 Descubrimos algunos de los pintxos estrella del barrio de Rekalde.<\/p>\n","protected":false},"featured_media":66610,"template":"","meta":[],"destacado":[1103],"tipo":[809],"tematica":[796],"class_list":["post-80839","rutas-y-planes","type-rutas-y-planes","status-publish","has-post-thumbnail","hentry","destacado-destacar-en-megamenu-en","tipo-route","tematica-gastro"],"_links":{"self":[{"href":"https:\/\/www.bilbaodendak.eus\/en\/wp-json\/wp\/v2\/rutas-y-planes\/80839","targetHints":{"allow":["GET"]}}],"collection":[{"href":"https:\/\/www.bilbaodendak.eus\/en\/wp-json\/wp\/v2\/rutas-y-planes"}],"about":[{"href":"https:\/\/www.bilbaodendak.eus\/en\/wp-json\/wp\/v2\/types\/rutas-y-planes"}],"wp:featuredmedia":[{"embeddable":true,"href":"https:\/\/www.bilbaodendak.eus\/en\/wp-json\/wp\/v2\/media\/66610"}],"wp:attachment":[{"href":"https:\/\/www.bilbaodendak.eus\/en\/wp-json\/wp\/v2\/media?parent=80839"}],"wp:term":[{"taxonomy":"destacado","embeddable":true,"href":"https:\/\/www.bilbaodendak.eus\/en\/wp-json\/wp\/v2\/destacado?post=80839"},{"taxonomy":"tipo","embeddable":true,"href":"https:\/\/www.bilbaodendak.eus\/en\/wp-json\/wp\/v2\/tipo?post=80839"},{"taxonomy":"tematica","embeddable":true,"href":"https:\/\/www.bilbaodendak.eus\/en\/wp-json\/wp\/v2\/tematica?post=80839"}],"curies":[{"name":"wp","href":"https:\/\/api.w.org\/{rel}","templated":true}]}}

Los pintxos más típicos de Rekalde

<h2 class="wp-block-heading" style="font-size:25px;font-style:normal;font-weight:700">¿Conoces los pintxos más típicos de Rekalde?</h2>



<p>Rekalde es un barrio con personalidad y carácter, con un gran ambiente, buen rollo, bares, terrazas y pintxos muy ricos, nos vamos hasta allí este fin de semana para descubrir algunos de los pintxos estrella de <a href="https://www.bilbaodendak.eus/zonas-comerciales/rekalde/" target="_blank" rel="noreferrer noopener">Rekalde</a>, más concretamente de la Plaza Rekalde, una plaza con historia y centro neurálgico del barrio.</p>



<p>Empezamos nuestra ruta en el <strong><mark style="background-color:rgba(0, 0, 0, 0)" class="has-inline-color has-vivid-red-color">Bar El Nuevo Punto</mark></strong> (Plaza Rekalde, 4), un punto de encuentro, poteo y buen rollo de este barrio. Un pequeño bar con una <strong>gran barra de gildas</strong>!</p>



<p>Decantarnos por una es ardua tarea así que decidimos probar unas cuántas diferentes sin olvidarnos de la Gilda de las gildas, la bestseller del bar, ¡la madre Gilda!… la de <strong>aceituna, jamón, queso, anchoa y piperra</strong>. ¡Está buenísima!</p>



<div class="wp-block-columns is-layout-flex wp-container-core-columns-is-layout-28f84493 wp-block-columns-is-layout-flex">
<div class="wp-block-column is-vertically-aligned-center is-layout-flow wp-block-column-is-layout-flow">
<figure class="wp-block-image size-large"><img fetchpriority="high" decoding="async" width="768" height="1024" src="https://www.bilbaodendak.eus/wp-content/uploads/2021/06/20210522_ok2_1-min-768x1024.jpg" alt="" class="wp-image-37339" srcset="https://www.bilbaodendak.eus/wp-content/uploads/2021/06/20210522_ok2_1-min-768x1024.jpg 768w, https://www.bilbaodendak.eus/wp-content/uploads/2021/06/20210522_ok2_1-min-225x300.jpg 225w, https://www.bilbaodendak.eus/wp-content/uploads/2021/06/20210522_ok2_1-min-1152x1536.jpg 1152w, https://www.bilbaodendak.eus/wp-content/uploads/2021/06/20210522_ok2_1-min-1536x2048.jpg 1536w" sizes="(max-width: 768px) 100vw, 768px" /></figure>
</div>



<div class="wp-block-column is-layout-flow wp-block-column-is-layout-flow">
<figure class="wp-block-image size-large"><img decoding="async" width="768" height="1024" src="https://www.bilbaodendak.eus/wp-content/uploads/2021/06/20210522_ok1_1-min-768x1024.jpg" alt="pintxos" class="wp-image-37337" srcset="https://www.bilbaodendak.eus/wp-content/uploads/2021/06/20210522_ok1_1-min-768x1024.jpg 768w, https://www.bilbaodendak.eus/wp-content/uploads/2021/06/20210522_ok1_1-min-225x300.jpg 225w, https://www.bilbaodendak.eus/wp-content/uploads/2021/06/20210522_ok1_1-min-1152x1536.jpg 1152w, https://www.bilbaodendak.eus/wp-content/uploads/2021/06/20210522_ok1_1-min-1536x2048.jpg 1536w" sizes="(max-width: 768px) 100vw, 768px" /></figure>
</div>
</div>



<p>Segunda parada: el champi del <strong><mark style="background-color:rgba(0, 0, 0, 0)" class="has-inline-color has-vivid-red-color">Bar Río</mark></strong> (Plaza Rekalde, 2), un champi que se lleva haciendo <strong>desde hace 45 años</strong>. Hecho al momento y buenísimo el champi es su seña de identidad (las copas y vasos del bar tienen el dibujo de un champiñón a modo de guiño) y decidimos maridarlo con un marianito especial preparado de la casa que nos recomienda Susana, propietaria del Río desde hace 10 años.</p>



<p>Nos cuenta que la gente viene expresamente a comer su champi, y no solo de <a href="https://rekaldebihotzean.com/" rel="nofollow noopener" target="_blank">Rekalde</a> sino de todas las partes de Bilbao. ¡Qué tendrá este champi que a todxs nos enamora!</p>



<figure class="wp-block-image aligncenter size-large is-resized"><img decoding="async" width="1024" height="866" src="https://www.bilbaodendak.eus/wp-content/uploads/2021/06/20210522_ok3_1-1024x866.jpg" alt="" class="wp-image-37341" style="width:673px;height:569px" srcset="https://www.bilbaodendak.eus/wp-content/uploads/2021/06/20210522_ok3_1-1024x866.jpg 1024w, https://www.bilbaodendak.eus/wp-content/uploads/2021/06/20210522_ok3_1-300x254.jpg 300w, https://www.bilbaodendak.eus/wp-content/uploads/2021/06/20210522_ok3_1-768x649.jpg 768w, https://www.bilbaodendak.eus/wp-content/uploads/2021/06/20210522_ok3_1-1536x1299.jpg 1536w, https://www.bilbaodendak.eus/wp-content/uploads/2021/06/20210522_ok3_1-2048x1732.jpg 2048w" sizes="(max-width: 1024px) 100vw, 1024px" /><figcaption class="wp-element-caption">Bar Río, Plaza Rekalde 2</figcaption></figure>



<div class="wp-block-media-text alignwide is-stacked-on-mobile" style="grid-template-columns:41% auto"><figure class="wp-block-media-text__media"><img loading="lazy" decoding="async" width="1024" height="744" src="https://www.bilbaodendak.eus/wp-content/uploads/2021/06/20210522_okjpg-e1623919089404-1024x744.jpg" alt="" class="wp-image-37362 size-full" srcset="https://www.bilbaodendak.eus/wp-content/uploads/2021/06/20210522_okjpg-e1623919089404-1024x744.jpg 1024w, https://www.bilbaodendak.eus/wp-content/uploads/2021/06/20210522_okjpg-e1623919089404-300x218.jpg 300w, https://www.bilbaodendak.eus/wp-content/uploads/2021/06/20210522_okjpg-e1623919089404-768x558.jpg 768w, https://www.bilbaodendak.eus/wp-content/uploads/2021/06/20210522_okjpg-e1623919089404-1536x1116.jpg 1536w, https://www.bilbaodendak.eus/wp-content/uploads/2021/06/20210522_okjpg-e1623919089404-2048x1488.jpg 2048w" sizes="(max-width: 1024px) 100vw, 1024px" /></figure><div class="wp-block-media-text__content">
<p>Acabamos nuestra ruta dándonos un gran homenaje… marchando una <strong>ración de pulpo</strong> del <strong><mark style="background-color:rgba(0, 0, 0, 0)" class="has-inline-color has-vivid-red-color">Bar Tobogán</mark></strong>! El Bar Tobogán lleva 22 años dando servicio en Rekalde. Una cafetería de barrio especializada en café donde la elaboración de sus pintxos con <strong>producto local</strong> es la prioridad.</p>



<p>Destacar una sola especialidad de este bar es complicado ya que podemos encontrar pintxos, raciones, paellas, bocadillos, pizzas… todo con producto local y de calidad.</p>



<p>Nosotras nos decantamos por una ración de pulpo, una ración hermosa con la que finalizamos hoy nuestra <strong>ruta gastronómica por Rekalde</strong>.</p>



<p>¡Hasta pronto!</p>
</div></div>



<div class="wp-block-buttons is-layout-flex wp-block-buttons-is-layout-flex">
<div class="wp-block-button is-style-outline is-style-outline--1"><a class="wp-block-button__link wp-element-button" href="https://www.bilbaodendak.eus/filtrado-rutas-y-planes/" target="_blank" rel="noreferrer noopener">Descubre más rutas</a></div>
</div>
