{"id":94422,"date":"2023-10-16T11:50:19","date_gmt":"2023-10-16T09:50:19","guid":{"rendered":"https:\/\/www.bilbaodendak.eus\/comercios\/floristeria-avi-flor\/"},"modified":"2025-03-06T12:07:20","modified_gmt":"2025-03-06T11:07:20","slug":"floristeria-avi-flor","status":"publish","type":"comercios","link":"https:\/\/www.bilbaodendak.eus\/en\/comercios\/floristeria-avi-flor\/","title":{"rendered":"Florister\u00eda Avi-Flor"},"content":{"rendered":"\n<h2 class=\"wp-block-heading\">El apasionante mundo del arte floral<\/h2>\n\n\n\n<h4 class=\"wp-block-heading\">Flor fresca, seca y preservada, plantas y todo lo necesario para sus cuidados<\/h4>\n\n\n\n<p>Florister\u00eda familiar con una larga trayectoria y formada en distintas escuelas de arte floral. Est\u00e1 especializada en bodas y eventos, ha creado los ramos de novias a varias generaciones. Tambi\u00e9n trabaja el arte funerario creando coronas y centros para homenajear al ser querido en su despedida.<\/p>\n\n\n\n<p>En su establecimiento podr\u00e1s encontrar amplia variedad de flor fresca, seca y preservada para crear ramos y centros florales para regalar en fechas se\u00f1aladas o autorregalarse. Tambi\u00e9n dispone de todo tipo de plantas de interior y exterior para decorar terrazas y jardines, as\u00ed como orqu\u00eddeas, bons\u00e1is o cactus, adem\u00e1s de todo lo necesario para que tus plantas crezcan sanas y felices.<\/p>\n\n\n\n<p>Premio a la innovaci\u00f3n comercial en los VI Premios al Comercio de bilbaoDendak<\/p>\n\n\n\n<p>Desde 1982<\/p>\n","protected":false},"featured_media":96106,"parent":0,"template":"","donde-aparcar":[],"etiquetas":[],"comprar":[718,714],"comer":[],"distritos":[840],"class_list":["post-94422","comercios","type-comercios","status-publish","has-post-thumbnail","hentry","comprar-florists","comprar-other-sectors","distritos-bilbao-centro-en"],"_links":{"self":[{"href":"https:\/\/www.bilbaodendak.eus\/en\/wp-json\/wp\/v2\/comercios\/94422","targetHints":{"allow":["GET"]}}],"collection":[{"href":"https:\/\/www.bilbaodendak.eus\/en\/wp-json\/wp\/v2\/comercios"}],"about":[{"href":"https:\/\/www.bilbaodendak.eus\/en\/wp-json\/wp\/v2\/types\/comercios"}],"version-history":[{"count":1,"href":"https:\/\/www.bilbaodendak.eus\/en\/wp-json\/wp\/v2\/comercios\/94422\/revisions"}],"predecessor-version":[{"id":111002,"href":"https:\/\/www.bilbaodendak.eus\/en\/wp-json\/wp\/v2\/comercios\/94422\/revisions\/111002"}],"wp:featuredmedia":[{"embeddable":true,"href":"https:\/\/www.bilbaodendak.eus\/en\/wp-json\/wp\/v2\/media\/96106"}],"wp:attachment":[{"href":"https:\/\/www.bilbaodendak.eus\/en\/wp-json\/wp\/v2\/media?parent=94422"}],"wp:term":[{"taxonomy":"donde-aparcar","embeddable":true,"href":"https:\/\/www.bilbaodendak.eus\/en\/wp-json\/wp\/v2\/donde-aparcar?post=94422"},{"taxonomy":"etiquetas","embeddable":true,"href":"https:\/\/www.bilbaodendak.eus\/en\/wp-json\/wp\/v2\/etiquetas?post=94422"},{"taxonomy":"comprar","embeddable":true,"href":"https:\/\/www.bilbaodendak.eus\/en\/wp-json\/wp\/v2\/comprar?post=94422"},{"taxonomy":"comer","embeddable":true,"href":"https:\/\/www.bilbaodendak.eus\/en\/wp-json\/wp\/v2\/comer?post=94422"},{"taxonomy":"distritos","embeddable":true,"href":"https:\/\/www.bilbaodendak.eus\/en\/wp-json\/wp\/v2\/distritos?post=94422"}],"curies":[{"name":"wp","href":"https:\/\/api.w.org\/{rel}","templated":true}]}}

Floristería Avi-Flor

<h2 class="wp-block-heading">El apasionante mundo del arte floral</h2>



<h4 class="wp-block-heading">Flor fresca, seca y preservada, plantas y todo lo necesario para sus cuidados</h4>



<p>Floristería familiar con una larga trayectoria y formada en distintas escuelas de arte floral. Está especializada en bodas y eventos, ha creado los ramos de novias a varias generaciones. También trabaja el arte funerario creando coronas y centros para homenajear al ser querido en su despedida.</p>



<p>En su establecimiento podrás encontrar amplia variedad de flor fresca, seca y preservada para crear ramos y centros florales para regalar en fechas señaladas o autorregalarse. También dispone de todo tipo de plantas de interior y exterior para decorar terrazas y jardines, así como orquídeas, bonsáis o cactus, además de todo lo necesario para que tus plantas crezcan sanas y felices.</p>



<p>Premio a la innovación comercial en los VI Premios al Comercio de bilbaoDendak</p>



<p>Desde 1982</p>
