{"id":79888,"date":"2020-12-23T13:02:24","date_gmt":"2020-12-23T12:02:24","guid":{"rendered":"https:\/\/www.bilbaodendak.eus\/comercios\/arreglos-y-merceria-ma-carmen\/"},"modified":"2020-12-23T13:02:24","modified_gmt":"2020-12-23T12:02:24","slug":"arreglos-y-merceria-ma-carmen","status":"publish","type":"comercios","link":"https:\/\/www.bilbaodendak.eus\/en\/comercios\/arreglos-y-merceria-ma-carmen\/","title":{"rendered":"Arreglos y Mercer\u00eda M\u00aa Carmen"},"content":{"rendered":"\n<h2 class=\"wp-block-heading\">El reino de la aguja e hilo<\/h2>\n\n\n\n<h4 class=\"wp-block-heading\">Arreglos y mercer\u00eda para hacer tus trabajos de costura<\/h4>\n\n\n\n<p>\u00bfNecesitas estrechar una chaqueta? \u00bfSe te ha roto la cremallera de tu pantal\u00f3n favorito y no sabes c\u00f3mo cambiarla? Si necesitas realizar cualquier ajuste en prendas nuevas o de otras temporadas, M\u00aa Carmen es tu salvadora, en un santiam\u00e9n har\u00e1 los arreglos oportunos para que la ropa te quede como un guante. Y en cambio, si est\u00e1s hecha toda una modistilla disfrutar\u00e1s con su secci\u00f3n de mercer\u00eda en donde encontrar\u00e1s un aut\u00e9ntico arsenal de hilos, botones, fornituras, corchetes, lazos&#8230; Tiene todo lo que necesitas para hacer tus trabajos de costura.<\/p>\n\n\n\n<p>Adem\u00e1s en Arreglos y Mercer\u00eda M\u00aa Carmen visten a ni\u00f1os y ni\u00f1as de 0 a 6 a\u00f1os, y cuenta con un amplio cat\u00e1logo de ropa interior, pijamas, calcetines\u2026 para toda la familia.<\/p>\n\n\n\n<p>Desde 2005.<\/p>\n","protected":false},"featured_media":59889,"parent":0,"template":"","donde-aparcar":[],"etiquetas":[1080,1081,1082],"comprar":[704,710,750,746],"comer":[],"distritos":[856],"class_list":["post-79888","comercios","type-comercios","status-publish","has-post-thumbnail","hentry","etiquetas-arreglos-de-ropa-en","etiquetas-pijamas-en","etiquetas-ropa-interior-en","comprar-fashion-and-accessories","comprar-lingerie-and-haberdashery","comprar-repairs-shoe-repairs","comprar-services","distritos-zorroza-en"],"_links":{"self":[{"href":"https:\/\/www.bilbaodendak.eus\/en\/wp-json\/wp\/v2\/comercios\/79888","targetHints":{"allow":["GET"]}}],"collection":[{"href":"https:\/\/www.bilbaodendak.eus\/en\/wp-json\/wp\/v2\/comercios"}],"about":[{"href":"https:\/\/www.bilbaodendak.eus\/en\/wp-json\/wp\/v2\/types\/comercios"}],"version-history":[{"count":0,"href":"https:\/\/www.bilbaodendak.eus\/en\/wp-json\/wp\/v2\/comercios\/79888\/revisions"}],"wp:featuredmedia":[{"embeddable":true,"href":"https:\/\/www.bilbaodendak.eus\/en\/wp-json\/wp\/v2\/media\/59889"}],"wp:attachment":[{"href":"https:\/\/www.bilbaodendak.eus\/en\/wp-json\/wp\/v2\/media?parent=79888"}],"wp:term":[{"taxonomy":"donde-aparcar","embeddable":true,"href":"https:\/\/www.bilbaodendak.eus\/en\/wp-json\/wp\/v2\/donde-aparcar?post=79888"},{"taxonomy":"etiquetas","embeddable":true,"href":"https:\/\/www.bilbaodendak.eus\/en\/wp-json\/wp\/v2\/etiquetas?post=79888"},{"taxonomy":"comprar","embeddable":true,"href":"https:\/\/www.bilbaodendak.eus\/en\/wp-json\/wp\/v2\/comprar?post=79888"},{"taxonomy":"comer","embeddable":true,"href":"https:\/\/www.bilbaodendak.eus\/en\/wp-json\/wp\/v2\/comer?post=79888"},{"taxonomy":"distritos","embeddable":true,"href":"https:\/\/www.bilbaodendak.eus\/en\/wp-json\/wp\/v2\/distritos?post=79888"}],"curies":[{"name":"wp","href":"https:\/\/api.w.org\/{rel}","templated":true}]}}

Arreglos y Mercería Mª Carmen

<h2 class="wp-block-heading">El reino de la aguja e hilo</h2>



<h4 class="wp-block-heading">Arreglos y mercería para hacer tus trabajos de costura</h4>



<p>¿Necesitas estrechar una chaqueta? ¿Se te ha roto la cremallera de tu pantalón favorito y no sabes cómo cambiarla? Si necesitas realizar cualquier ajuste en prendas nuevas o de otras temporadas, Mª Carmen es tu salvadora, en un santiamén hará los arreglos oportunos para que la ropa te quede como un guante. Y en cambio, si estás hecha toda una modistilla disfrutarás con su sección de mercería en donde encontrarás un auténtico arsenal de hilos, botones, fornituras, corchetes, lazos&#8230; Tiene todo lo que necesitas para hacer tus trabajos de costura.</p>



<p>Además en Arreglos y Mercería Mª Carmen visten a niños y niñas de 0 a 6 años, y cuenta con un amplio catálogo de ropa interior, pijamas, calcetines… para toda la familia.</p>



<p>Desde 2005.</p>
