{"id":79447,"date":"2020-12-23T13:03:32","date_gmt":"2020-12-23T12:03:32","guid":{"rendered":"https:\/\/www.bilbaodendak.eus\/comercios\/cafe-bar-bilbao\/"},"modified":"2025-03-17T13:58:37","modified_gmt":"2025-03-17T12:58:37","slug":"cafe-bar-bilbao","status":"publish","type":"comercios","link":"https:\/\/www.bilbaodendak.eus\/en\/comercios\/cafe-bar-bilbao\/","title":{"rendered":"Caf\u00e9 Bar Bilbao"},"content":{"rendered":"\n<h2 class=\"wp-block-heading\">Un caf\u00e9 de \u00e9poca puesto al d\u00eda<\/h2>\n\n\n\n<h4 class=\"wp-block-heading\">Su historia, la decoraci\u00f3n original y una espl\u00e9ndida barra de pintxos, tres de los muchos alicientes de este legendario caf\u00e9<\/h4>\n\n\n\n<p>El Caf\u00e9 Bar Bilbao ha compartido m\u00e1s de un siglo de historia de la ciudad: rep\u00fablicas y monarqu\u00edas, aparici\u00f3n y auge del nacionalismo, Guerra Civil, franquismo, transici\u00f3n, inundaciones, crisis econ\u00f3micas, reconversi\u00f3n de la ciudad, aparici\u00f3n del turismo\u2026 Y tambi\u00e9n ha sido, y es, centro neur\u00e1lgico de la vida social y cultural bilba\u00edna colaborando y organizando sus propios eventos como el \u201cPremio de Guiones Teatrales\u201d que se celebra anualmente; y entre sus m\u00edticas tertulias, tal vez la m\u00e1s famosa sea la que participaba Lauxeta durante la II Rep\u00fablica y la Guerra Civil.<\/p>\n\n\n\n<p>Por todo ello, el Caf\u00e9 Bilbao es uno de los espacios m\u00e1s queridos por los bilba\u00ednos y bilba\u00ednas, as\u00ed como visita obligada para los visitantes que podr\u00e1n disfrutar del esp\u00edritu y est\u00e9tica de un caf\u00e9 de \u00e9poca puesta al d\u00eda y de su espl\u00e9ndida terraza en el coraz\u00f3n de la ciudad, en la misma Plaza Nueva, adem\u00e1s claro, de su extraordinaria barra de pintxos y de su selecta carta de raciones.<\/p>\n\n\n\n<p>Premio Tradici\u00f3n con futuro 2014 de bilbaoDendak.<\/p>\n\n\n\n<p>Desde 1911<\/p>\n","protected":false},"featured_media":96106,"parent":0,"template":"","donde-aparcar":[],"etiquetas":[],"comprar":[],"comer":[604],"distritos":[842],"class_list":["post-79447","comercios","type-comercios","status-publish","has-post-thumbnail","hentry","comer-bares-cafeterias-en","distritos-casco-viejo-en"],"_links":{"self":[{"href":"https:\/\/www.bilbaodendak.eus\/en\/wp-json\/wp\/v2\/comercios\/79447","targetHints":{"allow":["GET"]}}],"collection":[{"href":"https:\/\/www.bilbaodendak.eus\/en\/wp-json\/wp\/v2\/comercios"}],"about":[{"href":"https:\/\/www.bilbaodendak.eus\/en\/wp-json\/wp\/v2\/types\/comercios"}],"version-history":[{"count":1,"href":"https:\/\/www.bilbaodendak.eus\/en\/wp-json\/wp\/v2\/comercios\/79447\/revisions"}],"predecessor-version":[{"id":111306,"href":"https:\/\/www.bilbaodendak.eus\/en\/wp-json\/wp\/v2\/comercios\/79447\/revisions\/111306"}],"wp:featuredmedia":[{"embeddable":true,"href":"https:\/\/www.bilbaodendak.eus\/en\/wp-json\/wp\/v2\/media\/96106"}],"wp:attachment":[{"href":"https:\/\/www.bilbaodendak.eus\/en\/wp-json\/wp\/v2\/media?parent=79447"}],"wp:term":[{"taxonomy":"donde-aparcar","embeddable":true,"href":"https:\/\/www.bilbaodendak.eus\/en\/wp-json\/wp\/v2\/donde-aparcar?post=79447"},{"taxonomy":"etiquetas","embeddable":true,"href":"https:\/\/www.bilbaodendak.eus\/en\/wp-json\/wp\/v2\/etiquetas?post=79447"},{"taxonomy":"comprar","embeddable":true,"href":"https:\/\/www.bilbaodendak.eus\/en\/wp-json\/wp\/v2\/comprar?post=79447"},{"taxonomy":"comer","embeddable":true,"href":"https:\/\/www.bilbaodendak.eus\/en\/wp-json\/wp\/v2\/comer?post=79447"},{"taxonomy":"distritos","embeddable":true,"href":"https:\/\/www.bilbaodendak.eus\/en\/wp-json\/wp\/v2\/distritos?post=79447"}],"curies":[{"name":"wp","href":"https:\/\/api.w.org\/{rel}","templated":true}]}}

Café Bar Bilbao

<h2 class="wp-block-heading">Un café de época puesto al día</h2>



<h4 class="wp-block-heading">Su historia, la decoración original y una espléndida barra de pintxos, tres de los muchos alicientes de este legendario café</h4>



<p>El Café Bar Bilbao ha compartido más de un siglo de historia de la ciudad: repúblicas y monarquías, aparición y auge del nacionalismo, Guerra Civil, franquismo, transición, inundaciones, crisis económicas, reconversión de la ciudad, aparición del turismo… Y también ha sido, y es, centro neurálgico de la vida social y cultural bilbaína colaborando y organizando sus propios eventos como el “Premio de Guiones Teatrales” que se celebra anualmente; y entre sus míticas tertulias, tal vez la más famosa sea la que participaba Lauxeta durante la II República y la Guerra Civil.</p>



<p>Por todo ello, el Café Bilbao es uno de los espacios más queridos por los bilbaínos y bilbaínas, así como visita obligada para los visitantes que podrán disfrutar del espíritu y estética de un café de época puesta al día y de su espléndida terraza en el corazón de la ciudad, en la misma Plaza Nueva, además claro, de su extraordinaria barra de pintxos y de su selecta carta de raciones.</p>



<p>Premio Tradición con futuro 2014 de bilbaoDendak.</p>



<p>Desde 1911</p>
