{"id":78843,"date":"2020-12-23T13:04:59","date_gmt":"2020-12-23T12:04:59","guid":{"rendered":"https:\/\/www.bilbaodendak.eus\/comercios\/f-ortega-ceramista\/"},"modified":"2025-02-24T16:12:32","modified_gmt":"2025-02-24T15:12:32","slug":"f-ortega-ceramista","status":"publish","type":"comercios","link":"https:\/\/www.bilbaodendak.eus\/en\/comercios\/f-ortega-ceramista\/","title":{"rendered":"F. Ortega  Ceramista"},"content":{"rendered":"\n<h2 class=\"wp-block-heading\">Cer\u00e1mica con euskal label<\/h2>\n\n\n\n<h4 class=\"wp-block-heading\">Taller del artista Fernando Ortega cuyas piezas giran en torno a la cultura vasca<\/h4>\n\n\n\n<p>Fernando Ortega es uno de los pocos modelistas y ceramistas de Bilbao. Trabajaba sobre todo el barro refractario, chamota cocido en alta temperatura con esmaltes y dando los acabados en hierro, \u00f3xidos, gres, engobes y vidriados. Sus figuras de gran belleza y expresi\u00f3n tienen un aspecto r\u00fastico que reflejan a la vez fuerza y ternura. La mayor\u00eda de sus obras est\u00e1n relacionadas con tem\u00e1tica vasca como arrantzales, mujeres rederas, piezas de herri kirolak\u2026<\/p>\n\n\n\n<p>Fernando Ortega es embajador de Rekalde y ejemplo de superaci\u00f3n. En 2005 con 40 a\u00f1os sufri\u00f3 un aneurisma e ictus con graves secuelas, pero con esfuerzo y tes\u00f3n retom\u00f3 su vida y su pasi\u00f3n por la cer\u00e1mica, reaprendiendo a hacerlo todo de nuevo.<\/p>\n","protected":false},"featured_media":96106,"parent":0,"template":"","donde-aparcar":[],"etiquetas":[],"comprar":[732,714],"comer":[],"distritos":[587],"class_list":["post-78843","comercios","type-comercios","status-publish","has-post-thumbnail","hentry","comprar-gifts","comprar-other-sectors","distritos-rekalde-en"],"_links":{"self":[{"href":"https:\/\/www.bilbaodendak.eus\/en\/wp-json\/wp\/v2\/comercios\/78843","targetHints":{"allow":["GET"]}}],"collection":[{"href":"https:\/\/www.bilbaodendak.eus\/en\/wp-json\/wp\/v2\/comercios"}],"about":[{"href":"https:\/\/www.bilbaodendak.eus\/en\/wp-json\/wp\/v2\/types\/comercios"}],"version-history":[{"count":1,"href":"https:\/\/www.bilbaodendak.eus\/en\/wp-json\/wp\/v2\/comercios\/78843\/revisions"}],"predecessor-version":[{"id":110568,"href":"https:\/\/www.bilbaodendak.eus\/en\/wp-json\/wp\/v2\/comercios\/78843\/revisions\/110568"}],"wp:featuredmedia":[{"embeddable":true,"href":"https:\/\/www.bilbaodendak.eus\/en\/wp-json\/wp\/v2\/media\/96106"}],"wp:attachment":[{"href":"https:\/\/www.bilbaodendak.eus\/en\/wp-json\/wp\/v2\/media?parent=78843"}],"wp:term":[{"taxonomy":"donde-aparcar","embeddable":true,"href":"https:\/\/www.bilbaodendak.eus\/en\/wp-json\/wp\/v2\/donde-aparcar?post=78843"},{"taxonomy":"etiquetas","embeddable":true,"href":"https:\/\/www.bilbaodendak.eus\/en\/wp-json\/wp\/v2\/etiquetas?post=78843"},{"taxonomy":"comprar","embeddable":true,"href":"https:\/\/www.bilbaodendak.eus\/en\/wp-json\/wp\/v2\/comprar?post=78843"},{"taxonomy":"comer","embeddable":true,"href":"https:\/\/www.bilbaodendak.eus\/en\/wp-json\/wp\/v2\/comer?post=78843"},{"taxonomy":"distritos","embeddable":true,"href":"https:\/\/www.bilbaodendak.eus\/en\/wp-json\/wp\/v2\/distritos?post=78843"}],"curies":[{"name":"wp","href":"https:\/\/api.w.org\/{rel}","templated":true}]}}

<h2 class="wp-block-heading">Cerámica con euskal label</h2>



<h4 class="wp-block-heading">Taller del artista Fernando Ortega cuyas piezas giran en torno a la cultura vasca</h4>



<p>Fernando Ortega es uno de los pocos modelistas y ceramistas de Bilbao. Trabajaba sobre todo el barro refractario, chamota cocido en alta temperatura con esmaltes y dando los acabados en hierro, óxidos, gres, engobes y vidriados. Sus figuras de gran belleza y expresión tienen un aspecto rústico que reflejan a la vez fuerza y ternura. La mayoría de sus obras están relacionadas con temática vasca como arrantzales, mujeres rederas, piezas de herri kirolak…</p>



<p>Fernando Ortega es embajador de Rekalde y ejemplo de superación. En 2005 con 40 años sufrió un aneurisma e ictus con graves secuelas, pero con esfuerzo y tesón retomó su vida y su pasión por la cerámica, reaprendiendo a hacerlo todo de nuevo.</p>
