{"id":78629,"date":"2020-12-23T13:05:29","date_gmt":"2020-12-23T12:05:29","guid":{"rendered":"https:\/\/www.bilbaodendak.eus\/comercios\/garcia-bilbao\/"},"modified":"2020-12-23T13:05:29","modified_gmt":"2020-12-23T12:05:29","slug":"garcia-bilbao","status":"publish","type":"comercios","link":"https:\/\/www.bilbaodendak.eus\/en\/comercios\/garcia-bilbao\/","title":{"rendered":"Garcia Bilbao"},"content":{"rendered":"\n<h2 class=\"wp-block-heading\">Jeans holandeses con esp\u00edritu italiano<\/h2>\n\n\n\n<h4 class=\"wp-block-heading\">Ropa casual, moderna y multicultural para toda la familia<\/h4>\n\n\n\n<p>Garc\u00eda Bilbao es un espacio de 200 metros cuadrados destinado a las colecciones de mujer, hombre y moda infantil que combina la marca Garc\u00eda con firmas locales de producci\u00f3n sostenible como Hika, o las famosas mochilas de Daniel Chong, entre otras.<\/p>\n\n\n\n<p>Fundada en Italia en 1977 por Maurizio e Isabel Garc\u00eda y adquirida m\u00e1s tarde por la empresa holandesa Eurobrooks, Garc\u00eda Bilbao opera en casi toda Europa, Norteam\u00e9rica y Asia. Esa empresa apuesta con pasi\u00f3n por la familia, con una visi\u00f3n diversa, moderna y multicultural, que se refleja en su estilo casual, la calidad de sus tejidos y su dise\u00f1o con esp\u00edritu italiano y coraz\u00f3n denim.<\/p>\n","protected":false},"featured_media":96106,"parent":0,"template":"","donde-aparcar":[],"etiquetas":[],"comprar":[704,712],"comer":[],"distritos":[840],"class_list":["post-78629","comercios","type-comercios","status-publish","has-post-thumbnail","hentry","comprar-fashion-and-accessories","comprar-womens-and-mens-fashion","distritos-bilbao-centro-en"],"_links":{"self":[{"href":"https:\/\/www.bilbaodendak.eus\/en\/wp-json\/wp\/v2\/comercios\/78629","targetHints":{"allow":["GET"]}}],"collection":[{"href":"https:\/\/www.bilbaodendak.eus\/en\/wp-json\/wp\/v2\/comercios"}],"about":[{"href":"https:\/\/www.bilbaodendak.eus\/en\/wp-json\/wp\/v2\/types\/comercios"}],"version-history":[{"count":0,"href":"https:\/\/www.bilbaodendak.eus\/en\/wp-json\/wp\/v2\/comercios\/78629\/revisions"}],"wp:featuredmedia":[{"embeddable":true,"href":"https:\/\/www.bilbaodendak.eus\/en\/wp-json\/wp\/v2\/media\/96106"}],"wp:attachment":[{"href":"https:\/\/www.bilbaodendak.eus\/en\/wp-json\/wp\/v2\/media?parent=78629"}],"wp:term":[{"taxonomy":"donde-aparcar","embeddable":true,"href":"https:\/\/www.bilbaodendak.eus\/en\/wp-json\/wp\/v2\/donde-aparcar?post=78629"},{"taxonomy":"etiquetas","embeddable":true,"href":"https:\/\/www.bilbaodendak.eus\/en\/wp-json\/wp\/v2\/etiquetas?post=78629"},{"taxonomy":"comprar","embeddable":true,"href":"https:\/\/www.bilbaodendak.eus\/en\/wp-json\/wp\/v2\/comprar?post=78629"},{"taxonomy":"comer","embeddable":true,"href":"https:\/\/www.bilbaodendak.eus\/en\/wp-json\/wp\/v2\/comer?post=78629"},{"taxonomy":"distritos","embeddable":true,"href":"https:\/\/www.bilbaodendak.eus\/en\/wp-json\/wp\/v2\/distritos?post=78629"}],"curies":[{"name":"wp","href":"https:\/\/api.w.org\/{rel}","templated":true}]}}

<h2 class="wp-block-heading">Jeans holandeses con espíritu italiano</h2>



<h4 class="wp-block-heading">Ropa casual, moderna y multicultural para toda la familia</h4>



<p>García Bilbao es un espacio de 200 metros cuadrados destinado a las colecciones de mujer, hombre y moda infantil que combina la marca García con firmas locales de producción sostenible como Hika, o las famosas mochilas de Daniel Chong, entre otras.</p>



<p>Fundada en Italia en 1977 por Maurizio e Isabel García y adquirida más tarde por la empresa holandesa Eurobrooks, García Bilbao opera en casi toda Europa, Norteamérica y Asia. Esa empresa apuesta con pasión por la familia, con una visión diversa, moderna y multicultural, que se refleja en su estilo casual, la calidad de sus tejidos y su diseño con espíritu italiano y corazón denim.</p>
