{"id":78540,"date":"2020-12-23T13:05:43","date_gmt":"2020-12-23T12:05:43","guid":{"rendered":"https:\/\/www.bilbaodendak.eus\/comercios\/hotel-carlton\/"},"modified":"2024-02-21T12:10:32","modified_gmt":"2024-02-21T11:10:32","slug":"hotel-carlton","status":"publish","type":"comercios","link":"https:\/\/www.bilbaodendak.eus\/en\/comercios\/hotel-carlton\/","title":{"rendered":"Hotel Carlton"},"content":{"rendered":"\n<h2 class=\"wp-block-heading\">El hotel m\u00e1s emblem\u00e1tico de Bilbao<\/h2>\n\n\n\n<h4 class=\"wp-block-heading\">El mejor punto de partida para iniciar tu recorrido por la ciudad<\/h4>\n\n\n\n<p>En el a\u00f1o 1926 el arquitecto Manuel Mar\u00eda Smith satisfac\u00eda una necesidad palpable para Bilbao desde hac\u00eda a\u00f1os: contar, al igual que otras capitales, con un gran hotel de lujo. En la actualidad, el Hotel Carlton es el establecimiento m\u00e1s emblem\u00e1tico de la Villa .<\/p>\n\n\n\n<p>Situado en la Plaza Moy\u00faa, en el centro neur\u00e1lgico de Bilbao, cuenta con 142 amplias habitaciones distribuidas en seis plantas. Pero es en el interior donde el hotel adquiere el esplendor que tan justa fama le ha dado. Un espacio amplio, un hall central, cubierto por una hermosa vidriera que se ha convertido en su s\u00edmbolo a lo largo del tiempo. La conjunci\u00f3n de todos estos valores llev\u00f3 a al Gobierno Vasco a declararlo Monumento arquitect\u00f3nico, hist\u00f3rico y cultural en el a\u00f1o 1995. Adem\u00e1s del inter\u00e9s arquitect\u00f3nico, el edificio del Hotel Carlton tiene un gran significado hist\u00f3rico y simb\u00f3lico, ya que fue sede del primer&nbsp;<a href=\"https:\/\/es.wikipedia.org\/wiki\/Gobierno_Vasco\" rel=\"nofollow noopener\" target=\"_blank\">Gobierno Vasco<\/a>, as\u00ed como lugar de celebraci\u00f3n de gran n\u00famero de actos oficiales y culturales de Bilbao<\/p>\n","protected":false},"featured_media":96106,"parent":0,"template":"","donde-aparcar":[],"etiquetas":[],"comprar":[],"comer":[786,782],"distritos":[840],"class_list":["post-78540","comercios","type-comercios","status-publish","has-post-thumbnail","hentry","comer-hotels","comer-hotels-and-other-accommodation","distritos-bilbao-centro-en"],"_links":{"self":[{"href":"https:\/\/www.bilbaodendak.eus\/en\/wp-json\/wp\/v2\/comercios\/78540","targetHints":{"allow":["GET"]}}],"collection":[{"href":"https:\/\/www.bilbaodendak.eus\/en\/wp-json\/wp\/v2\/comercios"}],"about":[{"href":"https:\/\/www.bilbaodendak.eus\/en\/wp-json\/wp\/v2\/types\/comercios"}],"version-history":[{"count":0,"href":"https:\/\/www.bilbaodendak.eus\/en\/wp-json\/wp\/v2\/comercios\/78540\/revisions"}],"wp:featuredmedia":[{"embeddable":true,"href":"https:\/\/www.bilbaodendak.eus\/en\/wp-json\/wp\/v2\/media\/96106"}],"wp:attachment":[{"href":"https:\/\/www.bilbaodendak.eus\/en\/wp-json\/wp\/v2\/media?parent=78540"}],"wp:term":[{"taxonomy":"donde-aparcar","embeddable":true,"href":"https:\/\/www.bilbaodendak.eus\/en\/wp-json\/wp\/v2\/donde-aparcar?post=78540"},{"taxonomy":"etiquetas","embeddable":true,"href":"https:\/\/www.bilbaodendak.eus\/en\/wp-json\/wp\/v2\/etiquetas?post=78540"},{"taxonomy":"comprar","embeddable":true,"href":"https:\/\/www.bilbaodendak.eus\/en\/wp-json\/wp\/v2\/comprar?post=78540"},{"taxonomy":"comer","embeddable":true,"href":"https:\/\/www.bilbaodendak.eus\/en\/wp-json\/wp\/v2\/comer?post=78540"},{"taxonomy":"distritos","embeddable":true,"href":"https:\/\/www.bilbaodendak.eus\/en\/wp-json\/wp\/v2\/distritos?post=78540"}],"curies":[{"name":"wp","href":"https:\/\/api.w.org\/{rel}","templated":true}]}}

<h2 class="wp-block-heading">El hotel más emblemático de Bilbao</h2>



<h4 class="wp-block-heading">El mejor punto de partida para iniciar tu recorrido por la ciudad</h4>



<p>En el año 1926 el arquitecto Manuel María Smith satisfacía una necesidad palpable para Bilbao desde hacía años: contar, al igual que otras capitales, con un gran hotel de lujo. En la actualidad, el Hotel Carlton es el establecimiento más emblemático de la Villa .</p>



<p>Situado en la Plaza Moyúa, en el centro neurálgico de Bilbao, cuenta con 142 amplias habitaciones distribuidas en seis plantas. Pero es en el interior donde el hotel adquiere el esplendor que tan justa fama le ha dado. Un espacio amplio, un hall central, cubierto por una hermosa vidriera que se ha convertido en su símbolo a lo largo del tiempo. La conjunción de todos estos valores llevó a al Gobierno Vasco a declararlo Monumento arquitectónico, histórico y cultural en el año 1995. Además del interés arquitectónico, el edificio del Hotel Carlton tiene un gran significado histórico y simbólico, ya que fue sede del primer&nbsp;<a href="https://es.wikipedia.org/wiki/Gobierno_Vasco" rel="nofollow noopener" target="_blank">Gobierno Vasco</a>, así como lugar de celebración de gran número de actos oficiales y culturales de Bilbao</p>
