{"id":78331,"date":"2020-12-23T13:06:19","date_gmt":"2020-12-23T12:06:19","guid":{"rendered":"https:\/\/www.bilbaodendak.eus\/comercios\/la-casa-del-cabello\/"},"modified":"2024-09-17T09:29:18","modified_gmt":"2024-09-17T07:29:18","slug":"la-casa-del-cabello","status":"publish","type":"comercios","link":"https:\/\/www.bilbaodendak.eus\/en\/comercios\/la-casa-del-cabello\/","title":{"rendered":"La Casa del Cabello"},"content":{"rendered":"\n<h2 class=\"wp-block-heading\">Todo para tu pelo<\/h2>\n\n\n\n<h4 class=\"wp-block-heading\">Desde secadores a tijeras pasando por champ\u00fas y coloraciones naturales<\/h4>\n\n\n\n<p>Cepillos, secadores, planchas y todo tipo de productos para el cuidado del cabello, trabaja con firmas de total confianza y reputaci\u00f3n en el sector garantizando siempre la calidad. Adem\u00e1s del utillaje para facilitar el corte, secado y peinado, ofrece champ\u00fas y todo tipo de acondicionadores para que su clientela pueda presumir de un cabello sano y bonito, as\u00ed como accesorios para el pelo como horquillas, pasadores, coleteros, diademas\u2026 Tambi\u00e9n destaca su amplia oferta en tintes y coloraciones naturales, y todo a disposici\u00f3n de particulares y profesionales. Y no podemos obviar sus propuestas de extensiones de pelo natural y artificial de calidad.<\/p>\n","protected":false},"featured_media":59821,"parent":0,"template":"","donde-aparcar":[],"etiquetas":[],"comprar":[638,644],"comer":[],"distritos":[856],"class_list":["post-78331","comercios","type-comercios","status-publish","has-post-thumbnail","hentry","comprar-beauty-centres","comprar-perfumery-and-cosmetics","distritos-zorroza-en"],"_links":{"self":[{"href":"https:\/\/www.bilbaodendak.eus\/en\/wp-json\/wp\/v2\/comercios\/78331","targetHints":{"allow":["GET"]}}],"collection":[{"href":"https:\/\/www.bilbaodendak.eus\/en\/wp-json\/wp\/v2\/comercios"}],"about":[{"href":"https:\/\/www.bilbaodendak.eus\/en\/wp-json\/wp\/v2\/types\/comercios"}],"version-history":[{"count":1,"href":"https:\/\/www.bilbaodendak.eus\/en\/wp-json\/wp\/v2\/comercios\/78331\/revisions"}],"predecessor-version":[{"id":103976,"href":"https:\/\/www.bilbaodendak.eus\/en\/wp-json\/wp\/v2\/comercios\/78331\/revisions\/103976"}],"wp:featuredmedia":[{"embeddable":true,"href":"https:\/\/www.bilbaodendak.eus\/en\/wp-json\/wp\/v2\/media\/59821"}],"wp:attachment":[{"href":"https:\/\/www.bilbaodendak.eus\/en\/wp-json\/wp\/v2\/media?parent=78331"}],"wp:term":[{"taxonomy":"donde-aparcar","embeddable":true,"href":"https:\/\/www.bilbaodendak.eus\/en\/wp-json\/wp\/v2\/donde-aparcar?post=78331"},{"taxonomy":"etiquetas","embeddable":true,"href":"https:\/\/www.bilbaodendak.eus\/en\/wp-json\/wp\/v2\/etiquetas?post=78331"},{"taxonomy":"comprar","embeddable":true,"href":"https:\/\/www.bilbaodendak.eus\/en\/wp-json\/wp\/v2\/comprar?post=78331"},{"taxonomy":"comer","embeddable":true,"href":"https:\/\/www.bilbaodendak.eus\/en\/wp-json\/wp\/v2\/comer?post=78331"},{"taxonomy":"distritos","embeddable":true,"href":"https:\/\/www.bilbaodendak.eus\/en\/wp-json\/wp\/v2\/distritos?post=78331"}],"curies":[{"name":"wp","href":"https:\/\/api.w.org\/{rel}","templated":true}]}}

<h2 class="wp-block-heading">Todo para tu pelo</h2>



<h4 class="wp-block-heading">Desde secadores a tijeras pasando por champús y coloraciones naturales</h4>



<p>Cepillos, secadores, planchas y todo tipo de productos para el cuidado del cabello, trabaja con firmas de total confianza y reputación en el sector garantizando siempre la calidad. Además del utillaje para facilitar el corte, secado y peinado, ofrece champús y todo tipo de acondicionadores para que su clientela pueda presumir de un cabello sano y bonito, así como accesorios para el pelo como horquillas, pasadores, coleteros, diademas… También destaca su amplia oferta en tintes y coloraciones naturales, y todo a disposición de particulares y profesionales. Y no podemos obviar sus propuestas de extensiones de pelo natural y artificial de calidad.</p>
