{"id":78014,"date":"2020-12-23T13:07:06","date_gmt":"2020-12-23T12:07:06","guid":{"rendered":"https:\/\/www.bilbaodendak.eus\/comercios\/moda-infantil-yoli\/"},"modified":"2024-01-10T15:15:30","modified_gmt":"2024-01-10T14:15:30","slug":"moda-infantil-yoli","status":"publish","type":"comercios","link":"https:\/\/www.bilbaodendak.eus\/en\/comercios\/moda-infantil-yoli\/","title":{"rendered":"Moda Infantil Yoli"},"content":{"rendered":"\n<h2 class=\"wp-block-heading\">Ni\u00f1os y ni\u00f1as con mucho estilo<\/h2>\n\n\n\n<h4 class=\"wp-block-heading\">Moda infantil de 0 a 12 a\u00f1os y secci\u00f3n de puericultura<\/h4>\n\n\n\n<p>Tienda multimarca para que nuestros peques luzcan estilo tanto con <em>outfits<\/em> sport como m\u00e1s elegantes, con propuestas para el d\u00eda a d\u00eda y tambi\u00e9n para las ocasiones m\u00e1s especiales. Cuenta con colecciones de moda para ni\u00f1os y ni\u00f1as desde 0 a 12 a\u00f1os, adem\u00e1s de tener una secci\u00f3n de art\u00edculos de puericultura para beb\u00e9s.<\/p>\n\n\n\n<p>Pero esta boutique de moda infantil es mucho m\u00e1s, pues Yolanda ha hecho espacio para seguir ofreciendo lanas y cursos de punto y ganchillo al jubilarse su ama y cerrar su tienda de lanas, heredando as\u00ed su poder de convocatoria entre todas aquellas personas amantes de las labores con lana.&nbsp;<\/p>\n\n\n\n<p>Desde 1993<\/p>\n","protected":false},"featured_media":96106,"parent":0,"template":"","donde-aparcar":[],"etiquetas":[],"comprar":[674,682],"comer":[],"distritos":[587],"class_list":["post-78014","comercios","type-comercios","status-publish","has-post-thumbnail","hentry","comprar-children","comprar-childrens-fashion","distritos-rekalde-en"],"_links":{"self":[{"href":"https:\/\/www.bilbaodendak.eus\/en\/wp-json\/wp\/v2\/comercios\/78014","targetHints":{"allow":["GET"]}}],"collection":[{"href":"https:\/\/www.bilbaodendak.eus\/en\/wp-json\/wp\/v2\/comercios"}],"about":[{"href":"https:\/\/www.bilbaodendak.eus\/en\/wp-json\/wp\/v2\/types\/comercios"}],"version-history":[{"count":0,"href":"https:\/\/www.bilbaodendak.eus\/en\/wp-json\/wp\/v2\/comercios\/78014\/revisions"}],"wp:featuredmedia":[{"embeddable":true,"href":"https:\/\/www.bilbaodendak.eus\/en\/wp-json\/wp\/v2\/media\/96106"}],"wp:attachment":[{"href":"https:\/\/www.bilbaodendak.eus\/en\/wp-json\/wp\/v2\/media?parent=78014"}],"wp:term":[{"taxonomy":"donde-aparcar","embeddable":true,"href":"https:\/\/www.bilbaodendak.eus\/en\/wp-json\/wp\/v2\/donde-aparcar?post=78014"},{"taxonomy":"etiquetas","embeddable":true,"href":"https:\/\/www.bilbaodendak.eus\/en\/wp-json\/wp\/v2\/etiquetas?post=78014"},{"taxonomy":"comprar","embeddable":true,"href":"https:\/\/www.bilbaodendak.eus\/en\/wp-json\/wp\/v2\/comprar?post=78014"},{"taxonomy":"comer","embeddable":true,"href":"https:\/\/www.bilbaodendak.eus\/en\/wp-json\/wp\/v2\/comer?post=78014"},{"taxonomy":"distritos","embeddable":true,"href":"https:\/\/www.bilbaodendak.eus\/en\/wp-json\/wp\/v2\/distritos?post=78014"}],"curies":[{"name":"wp","href":"https:\/\/api.w.org\/{rel}","templated":true}]}}

<h2 class="wp-block-heading">Niños y niñas con mucho estilo</h2>



<h4 class="wp-block-heading">Moda infantil de 0 a 12 años y sección de puericultura</h4>



<p>Tienda multimarca para que nuestros peques luzcan estilo tanto con <em>outfits</em> sport como más elegantes, con propuestas para el día a día y también para las ocasiones más especiales. Cuenta con colecciones de moda para niños y niñas desde 0 a 12 años, además de tener una sección de artículos de puericultura para bebés.</p>



<p>Pero esta boutique de moda infantil es mucho más, pues Yolanda ha hecho espacio para seguir ofreciendo lanas y cursos de punto y ganchillo al jubilarse su ama y cerrar su tienda de lanas, heredando así su poder de convocatoria entre todas aquellas personas amantes de las labores con lana.&nbsp;</p>



<p>Desde 1993</p>
