{"id":76829,"date":"2021-11-24T13:32:23","date_gmt":"2021-11-24T12:32:23","guid":{"rendered":"https:\/\/www.bilbaodendak.eus\/comercios\/idem-san-ignacio\/"},"modified":"2021-11-24T13:32:23","modified_gmt":"2021-11-24T12:32:23","slug":"idem-san-ignacio","status":"publish","type":"comercios","link":"https:\/\/www.bilbaodendak.eus\/en\/comercios\/idem-san-ignacio\/","title":{"rendered":"Idem Frangancias y Moda"},"content":{"rendered":"\n<h2 class=\"wp-block-heading\">Un referente en perfumer\u00eda<\/h2>\n\n\n\n<h4 class=\"wp-block-heading\">Las mejores fragancias y cosm\u00e9ticos naturales<\/h4>\n\n\n\n<p>Idem lleva desarrollando su actividad comercial desde la apertura de su primera tienda en el a\u00f1o 1998. Desde entonces ha comercializado las mejores fragancias y cosm\u00e9ticos naturales y farmac\u00e9uticos a trav\u00e9s de tiendas propias y franquiciadas. Idem fue la primera en abrir un comercio de estas caracter\u00edsticas en Bizkaia, despu\u00e9s de un a\u00f1o de b\u00fasqueda y selecci\u00f3n de la que es, probablemente, la mejor fragancia del pa\u00eds.<\/p>\n\n\n\n<p>Ofrece una l\u00ednea de fragancias y cosm\u00e9tica original y novedosa, basada en los mejores y m\u00e1s exitosos productos del mercado a unos precios muy competitivos. P\u00e1sate por su tienda en San Inazio, te atender\u00e1n &nbsp;&nbsp;de maravilla y te asesorar\u00e1n sobre las fragancias que mejor se adaptan a tus gustos.<\/p>\n\n\n\n<p>Desde 1998<\/p>\n","protected":false},"featured_media":96106,"parent":0,"template":"","donde-aparcar":[],"etiquetas":[],"comprar":[704,638,644,712],"comer":[],"distritos":[860],"class_list":["post-76829","comercios","type-comercios","status-publish","has-post-thumbnail","hentry","comprar-fashion-and-accessories","comprar-beauty-centres","comprar-perfumery-and-cosmetics","comprar-womens-and-mens-fashion","distritos-s-ignacio-ibarrekolanda-elorrieta-en"],"_links":{"self":[{"href":"https:\/\/www.bilbaodendak.eus\/en\/wp-json\/wp\/v2\/comercios\/76829","targetHints":{"allow":["GET"]}}],"collection":[{"href":"https:\/\/www.bilbaodendak.eus\/en\/wp-json\/wp\/v2\/comercios"}],"about":[{"href":"https:\/\/www.bilbaodendak.eus\/en\/wp-json\/wp\/v2\/types\/comercios"}],"version-history":[{"count":0,"href":"https:\/\/www.bilbaodendak.eus\/en\/wp-json\/wp\/v2\/comercios\/76829\/revisions"}],"wp:featuredmedia":[{"embeddable":true,"href":"https:\/\/www.bilbaodendak.eus\/en\/wp-json\/wp\/v2\/media\/96106"}],"wp:attachment":[{"href":"https:\/\/www.bilbaodendak.eus\/en\/wp-json\/wp\/v2\/media?parent=76829"}],"wp:term":[{"taxonomy":"donde-aparcar","embeddable":true,"href":"https:\/\/www.bilbaodendak.eus\/en\/wp-json\/wp\/v2\/donde-aparcar?post=76829"},{"taxonomy":"etiquetas","embeddable":true,"href":"https:\/\/www.bilbaodendak.eus\/en\/wp-json\/wp\/v2\/etiquetas?post=76829"},{"taxonomy":"comprar","embeddable":true,"href":"https:\/\/www.bilbaodendak.eus\/en\/wp-json\/wp\/v2\/comprar?post=76829"},{"taxonomy":"comer","embeddable":true,"href":"https:\/\/www.bilbaodendak.eus\/en\/wp-json\/wp\/v2\/comer?post=76829"},{"taxonomy":"distritos","embeddable":true,"href":"https:\/\/www.bilbaodendak.eus\/en\/wp-json\/wp\/v2\/distritos?post=76829"}],"curies":[{"name":"wp","href":"https:\/\/api.w.org\/{rel}","templated":true}]}}

<h2 class="wp-block-heading">Un referente en perfumería</h2>



<h4 class="wp-block-heading">Las mejores fragancias y cosméticos naturales</h4>



<p>Idem lleva desarrollando su actividad comercial desde la apertura de su primera tienda en el año 1998. Desde entonces ha comercializado las mejores fragancias y cosméticos naturales y farmacéuticos a través de tiendas propias y franquiciadas. Idem fue la primera en abrir un comercio de estas características en Bizkaia, después de un año de búsqueda y selección de la que es, probablemente, la mejor fragancia del país.</p>



<p>Ofrece una línea de fragancias y cosmética original y novedosa, basada en los mejores y más exitosos productos del mercado a unos precios muy competitivos. Pásate por su tienda en San Inazio, te atenderán &nbsp;&nbsp;de maravilla y te asesorarán sobre las fragancias que mejor se adaptan a tus gustos.</p>



<p>Desde 1998</p>
