{"id":110511,"date":"2023-11-23T13:48:52","date_gmt":"2023-11-23T12:48:52","guid":{"rendered":"https:\/\/www.bilbaodendak.eus\/comercios\/swansea-centro-medico-capilar\/"},"modified":"2023-11-23T13:48:52","modified_gmt":"2023-11-23T12:48:52","slug":"swansea-centro-medico-capilar","status":"publish","type":"comercios","link":"https:\/\/www.bilbaodendak.eus\/en\/comercios\/swansea-centro-medico-capilar\/","title":{"rendered":"Swansea Centro M\u00e9dico Capilar"},"content":{"rendered":"\n<h2 class=\"wp-block-heading\">Tu cabello en buenas manos<\/h2>\n\n\n\n<h4 class=\"wp-block-heading\">Centro m\u00e9dico capilar de referencia en Bilbao en evitar la ca\u00edda del cabello<\/h4>\n\n\n\n<p>Swansea Cl\u00ednica Capilar Bilbao ofrece exclusivamente tratamientos para mejorar la salud de tu pelo y cuero cabelludo. Son especialistas en soluciones capilares personalizadas para frenar la ca\u00edda del cabello que han sido contrastadas en cientos de personas. Su d\u00eda a d\u00eda est\u00e1 avalado por su larga experiencia, m\u00e1s de tres d\u00e9cadas, y un equipo de profesionales comandado por el Dr. Alberto Zabalegui y cirujanos especialistas en microinjertos capilares. Siempre buscan los mejores resultados ofreciendo soluciones personalizadas a cada problema y realizando el seguimiento de cada tratamiento individualizado. Emplean la tecnolog\u00eda de vanguardia HairWave de INDIBA\u00ae que consigue un cabello m\u00e1s fuerte, sano y atractivo, y equilibra el cuero cabelludo.<\/p>\n","protected":false},"featured_media":96108,"parent":0,"template":"","donde-aparcar":[],"etiquetas":[],"comprar":[613],"comer":[],"distritos":[840],"class_list":["post-110511","comercios","type-comercios","status-publish","has-post-thumbnail","hentry","comprar-salud-en","distritos-bilbao-centro-en"],"_links":{"self":[{"href":"https:\/\/www.bilbaodendak.eus\/en\/wp-json\/wp\/v2\/comercios\/110511","targetHints":{"allow":["GET"]}}],"collection":[{"href":"https:\/\/www.bilbaodendak.eus\/en\/wp-json\/wp\/v2\/comercios"}],"about":[{"href":"https:\/\/www.bilbaodendak.eus\/en\/wp-json\/wp\/v2\/types\/comercios"}],"version-history":[{"count":0,"href":"https:\/\/www.bilbaodendak.eus\/en\/wp-json\/wp\/v2\/comercios\/110511\/revisions"}],"wp:featuredmedia":[{"embeddable":true,"href":"https:\/\/www.bilbaodendak.eus\/en\/wp-json\/wp\/v2\/media\/96108"}],"wp:attachment":[{"href":"https:\/\/www.bilbaodendak.eus\/en\/wp-json\/wp\/v2\/media?parent=110511"}],"wp:term":[{"taxonomy":"donde-aparcar","embeddable":true,"href":"https:\/\/www.bilbaodendak.eus\/en\/wp-json\/wp\/v2\/donde-aparcar?post=110511"},{"taxonomy":"etiquetas","embeddable":true,"href":"https:\/\/www.bilbaodendak.eus\/en\/wp-json\/wp\/v2\/etiquetas?post=110511"},{"taxonomy":"comprar","embeddable":true,"href":"https:\/\/www.bilbaodendak.eus\/en\/wp-json\/wp\/v2\/comprar?post=110511"},{"taxonomy":"comer","embeddable":true,"href":"https:\/\/www.bilbaodendak.eus\/en\/wp-json\/wp\/v2\/comer?post=110511"},{"taxonomy":"distritos","embeddable":true,"href":"https:\/\/www.bilbaodendak.eus\/en\/wp-json\/wp\/v2\/distritos?post=110511"}],"curies":[{"name":"wp","href":"https:\/\/api.w.org\/{rel}","templated":true}]}}

Swansea Centro Médico Capilar

<h2 class="wp-block-heading">Tu cabello en buenas manos</h2>



<h4 class="wp-block-heading">Centro médico capilar de referencia en Bilbao en evitar la caída del cabello</h4>



<p>Swansea Clínica Capilar Bilbao ofrece exclusivamente tratamientos para mejorar la salud de tu pelo y cuero cabelludo. Son especialistas en soluciones capilares personalizadas para frenar la caída del cabello que han sido contrastadas en cientos de personas. Su día a día está avalado por su larga experiencia, más de tres décadas, y un equipo de profesionales comandado por el Dr. Alberto Zabalegui y cirujanos especialistas en microinjertos capilares. Siempre buscan los mejores resultados ofreciendo soluciones personalizadas a cada problema y realizando el seguimiento de cada tratamiento individualizado. Emplean la tecnología de vanguardia HairWave de INDIBA® que consigue un cabello más fuerte, sano y atractivo, y equilibra el cuero cabelludo.</p>
