{"id":110370,"date":"2024-04-09T13:53:41","date_gmt":"2024-04-09T11:53:41","guid":{"rendered":"https:\/\/www.bilbaodendak.eus\/comercios\/tapiceria-lamana\/"},"modified":"2025-12-02T13:59:47","modified_gmt":"2025-12-02T12:59:47","slug":"tapiceria-lamana","status":"publish","type":"comercios","link":"https:\/\/www.bilbaodendak.eus\/en\/comercios\/tapiceria-lamana\/","title":{"rendered":"Tapicer\u00eda Lamana"},"content":{"rendered":"\n<h2 class=\"wp-block-heading\">Oficio, detalle y renovaci\u00f3n con car\u00e1cter<\/h2>\n\n\n\n<h4 class=\"wp-block-heading\">Dan una segunda vida a sof\u00e1s, butacas, sillas y cabeceros, incluso restauran asientos de moto <\/h4>\n\n\n\n<p>Tapicer\u00eda Lamana es sin\u00f3nimo de artesan\u00eda y precisi\u00f3n en el mundo de la restauraci\u00f3n y confecci\u00f3n textil. Con una s\u00f3lida trayectoria, este taller destaca por su dominio de t\u00e9cnicas tradicionales y materiales de calidad, dando nueva vida a sof\u00e1s, butacas, sillas o cabeceros. Cada pieza se trabaja con mimo, cuidando los acabados y respetando la esencia del mueble original. Especialistas tanto en estilo cl\u00e1sico como contempor\u00e1neo, ofrecen soluciones a medida para hogares, comercios y proyectos de interiorismo, y como curiosidad te dir\u00e9 que tambi\u00e9n arreglan, restauran asientos de moto. Tapicer\u00eda Lamana no solo recupera el confort y la est\u00e9tica, sino que revaloriza cada objeto con personalidad y elegancia<\/p>\n\n\n\n<p><\/p>\n","protected":false},"featured_media":96108,"parent":0,"template":"","donde-aparcar":[],"etiquetas":[],"comprar":[652,666],"comer":[],"distritos":[841],"class_list":["post-110370","comercios","type-comercios","status-publish","has-post-thumbnail","hentry","comprar-home-and-decoration","comprar-tableware-textiles-and-homeware","distritos-bilbao-la-vieja-s-fco-y-zabala-en"],"_links":{"self":[{"href":"https:\/\/www.bilbaodendak.eus\/en\/wp-json\/wp\/v2\/comercios\/110370","targetHints":{"allow":["GET"]}}],"collection":[{"href":"https:\/\/www.bilbaodendak.eus\/en\/wp-json\/wp\/v2\/comercios"}],"about":[{"href":"https:\/\/www.bilbaodendak.eus\/en\/wp-json\/wp\/v2\/types\/comercios"}],"version-history":[{"count":1,"href":"https:\/\/www.bilbaodendak.eus\/en\/wp-json\/wp\/v2\/comercios\/110370\/revisions"}],"predecessor-version":[{"id":113773,"href":"https:\/\/www.bilbaodendak.eus\/en\/wp-json\/wp\/v2\/comercios\/110370\/revisions\/113773"}],"wp:featuredmedia":[{"embeddable":true,"href":"https:\/\/www.bilbaodendak.eus\/en\/wp-json\/wp\/v2\/media\/96108"}],"wp:attachment":[{"href":"https:\/\/www.bilbaodendak.eus\/en\/wp-json\/wp\/v2\/media?parent=110370"}],"wp:term":[{"taxonomy":"donde-aparcar","embeddable":true,"href":"https:\/\/www.bilbaodendak.eus\/en\/wp-json\/wp\/v2\/donde-aparcar?post=110370"},{"taxonomy":"etiquetas","embeddable":true,"href":"https:\/\/www.bilbaodendak.eus\/en\/wp-json\/wp\/v2\/etiquetas?post=110370"},{"taxonomy":"comprar","embeddable":true,"href":"https:\/\/www.bilbaodendak.eus\/en\/wp-json\/wp\/v2\/comprar?post=110370"},{"taxonomy":"comer","embeddable":true,"href":"https:\/\/www.bilbaodendak.eus\/en\/wp-json\/wp\/v2\/comer?post=110370"},{"taxonomy":"distritos","embeddable":true,"href":"https:\/\/www.bilbaodendak.eus\/en\/wp-json\/wp\/v2\/distritos?post=110370"}],"curies":[{"name":"wp","href":"https:\/\/api.w.org\/{rel}","templated":true}]}}

Tapicería Lamana

<h2 class="wp-block-heading">Oficio, detalle y renovación con carácter</h2>



<h4 class="wp-block-heading">Dan una segunda vida a sofás, butacas, sillas y cabeceros, incluso restauran asientos de moto </h4>



<p>Tapicería Lamana es sinónimo de artesanía y precisión en el mundo de la restauración y confección textil. Con una sólida trayectoria, este taller destaca por su dominio de técnicas tradicionales y materiales de calidad, dando nueva vida a sofás, butacas, sillas o cabeceros. Cada pieza se trabaja con mimo, cuidando los acabados y respetando la esencia del mueble original. Especialistas tanto en estilo clásico como contemporáneo, ofrecen soluciones a medida para hogares, comercios y proyectos de interiorismo, y como curiosidad te diré que también arreglan, restauran asientos de moto. Tapicería Lamana no solo recupera el confort y la estética, sino que revaloriza cada objeto con personalidad y elegancia</p>



<p></p>
