{"id":109985,"date":"2025-01-10T12:55:30","date_gmt":"2025-01-10T11:55:30","guid":{"rendered":"https:\/\/www.bilbaodendak.eus\/comercios\/fruteria-isabel\/"},"modified":"2025-08-04T11:02:09","modified_gmt":"2025-08-04T09:02:09","slug":"fruteria-isabel","status":"publish","type":"comercios","link":"https:\/\/www.bilbaodendak.eus\/en\/comercios\/fruteria-isabel\/","title":{"rendered":"Fruter\u00eda Isabel"},"content":{"rendered":"\n<h2 class=\"wp-block-heading\">Color y vitaminas<\/h2>\n\n\n\n<h4 class=\"wp-block-heading\">Selecci\u00f3n de frutas y verduras de primera calidad en el Mercado del Ensanche<\/h4>\n\n\n\n<p>El Puesto 4 del Mercado del Ensanche est\u00e1 ocupado por Fruter\u00eda Isabel, una aut\u00e9ntica fiesta de vitaminas, color y sabor. Su mostrador exhibe la mejor fruta y verduras de temporada, todo el g\u00e9nero es de calidad de primera; y es un reflejo de la dedicaci\u00f3n constante por ofrecer lo mejor de la huerta, con cercan\u00eda y honestidad en cada recomendaci\u00f3n. Su equipo no solo vende fruta, ha creado un v\u00ednculo con sus clientes quienes valoran lo aut\u00e9ntico, el producto selecto y el trato directo. Fruter\u00eda Isabel es un establecimiento con identidad propia, que apuesta por la autenticidad en todos los sentidos, tanto para su oferta comercial como su relaci\u00f3n con el cliente a quienes mima y les facilita la compra, ofreciendo el servicio a domicilio gratuito.<\/p>\n\n\n\n<p>Desde 2008<\/p>\n\n\n\n<p><\/p>\n","protected":false},"featured_media":96108,"parent":0,"template":"","donde-aparcar":[],"etiquetas":[],"comprar":[585,622],"comer":[],"distritos":[840],"class_list":["post-109985","comercios","type-comercios","status-publish","has-post-thumbnail","hentry","comprar-food-en","comprar-greengrocers","distritos-bilbao-centro-en"],"_links":{"self":[{"href":"https:\/\/www.bilbaodendak.eus\/en\/wp-json\/wp\/v2\/comercios\/109985","targetHints":{"allow":["GET"]}}],"collection":[{"href":"https:\/\/www.bilbaodendak.eus\/en\/wp-json\/wp\/v2\/comercios"}],"about":[{"href":"https:\/\/www.bilbaodendak.eus\/en\/wp-json\/wp\/v2\/types\/comercios"}],"version-history":[{"count":1,"href":"https:\/\/www.bilbaodendak.eus\/en\/wp-json\/wp\/v2\/comercios\/109985\/revisions"}],"predecessor-version":[{"id":115275,"href":"https:\/\/www.bilbaodendak.eus\/en\/wp-json\/wp\/v2\/comercios\/109985\/revisions\/115275"}],"wp:featuredmedia":[{"embeddable":true,"href":"https:\/\/www.bilbaodendak.eus\/en\/wp-json\/wp\/v2\/media\/96108"}],"wp:attachment":[{"href":"https:\/\/www.bilbaodendak.eus\/en\/wp-json\/wp\/v2\/media?parent=109985"}],"wp:term":[{"taxonomy":"donde-aparcar","embeddable":true,"href":"https:\/\/www.bilbaodendak.eus\/en\/wp-json\/wp\/v2\/donde-aparcar?post=109985"},{"taxonomy":"etiquetas","embeddable":true,"href":"https:\/\/www.bilbaodendak.eus\/en\/wp-json\/wp\/v2\/etiquetas?post=109985"},{"taxonomy":"comprar","embeddable":true,"href":"https:\/\/www.bilbaodendak.eus\/en\/wp-json\/wp\/v2\/comprar?post=109985"},{"taxonomy":"comer","embeddable":true,"href":"https:\/\/www.bilbaodendak.eus\/en\/wp-json\/wp\/v2\/comer?post=109985"},{"taxonomy":"distritos","embeddable":true,"href":"https:\/\/www.bilbaodendak.eus\/en\/wp-json\/wp\/v2\/distritos?post=109985"}],"curies":[{"name":"wp","href":"https:\/\/api.w.org\/{rel}","templated":true}]}}

Frutería Isabel

<h2 class="wp-block-heading">Color y vitaminas</h2>



<h4 class="wp-block-heading">Selección de frutas y verduras de primera calidad en el Mercado del Ensanche</h4>



<p>El Puesto 4 del Mercado del Ensanche está ocupado por Frutería Isabel, una auténtica fiesta de vitaminas, color y sabor. Su mostrador exhibe la mejor fruta y verduras de temporada, todo el género es de calidad de primera; y es un reflejo de la dedicación constante por ofrecer lo mejor de la huerta, con cercanía y honestidad en cada recomendación. Su equipo no solo vende fruta, ha creado un vínculo con sus clientes quienes valoran lo auténtico, el producto selecto y el trato directo. Frutería Isabel es un establecimiento con identidad propia, que apuesta por la autenticidad en todos los sentidos, tanto para su oferta comercial como su relación con el cliente a quienes mima y les facilita la compra, ofreciendo el servicio a domicilio gratuito.</p>



<p>Desde 2008</p>



<p></p>
